{"id":720412,"date":"2025-08-27T18:35:42","date_gmt":"2025-08-27T15:35:42","guid":{"rendered":"https:\/\/roveyayinevi.com.tr\/index.php\/urun\/islam-mecmuasi-ve-mallim-mecmuasi-yazilari\/"},"modified":"2026-04-16T02:28:36","modified_gmt":"2026-04-15T23:28:36","slug":"islam-mecmuasi-ve-mallim-mecmuasi-yazilari","status":"publish","type":"product","link":"https:\/\/roveyayinevi.com.tr\/index.php\/urun\/islam-mecmuasi-ve-mallim-mecmuasi-yazilari\/","title":{"rendered":"\u0130slam Mecmuas\u0131 ve Mallim Mecmuas\u0131 Yaz\u0131lar\u0131"},"content":{"rendered":"<p>Bu kitapta, Ziya G\u00f6kalp\u2019\u0131n, 1914-1918 y\u0131llar\u0131 aras\u0131nda, altm\u0131\u015f \u00fc\u00e7 say\u0131 olarak yay\u0131mlanm\u0131\u015f ve d\u00f6nemin en \u00f6nemli din sosyolojisi kaynaklar\u0131ndan birisi durumunda olan \u0130sl\u00e2m Mecmuas\u0131\u2019ndaki din, ahlak ve e\u011fitim konular\u0131n\u0131n yan\u0131nda \u0130sl\u00e2m hukukunu sosyal a\u00e7\u0131dan inceleyerek \u201ci\u00e7tim\u00e2\u00ee us\u00fbl-i f\u0131k\u0131h\u201d ad\u0131yla yeni bir metot geli\u015ftirmeye \u00e7al\u0131\u015ft\u0131\u011f\u0131 yaz\u0131lar\u0131, ayr\u0131ca \u0130ttihat ve Terakki Kongresi dolay\u0131s\u0131yla kaleme al\u0131p \u0130sl\u00e2m ve Avrupa medeniyetinin ba\u011fda\u015ft\u0131r\u0131labilece\u011fine, din ve hukuk h\u00fck\u00fcmlerinin tefrikine dair dikkat \u00e7ekici yaz\u0131lar\u0131yla 1916-1918 y\u0131llar\u0131 aras\u0131nda bir e\u011fitim dergisi olarak yirmi be\u015f say\u0131 halinde yay\u0131mlanan Muallim Mecmuas\u0131\u2019nda kaleme ald\u0131\u011f\u0131 mill\u00ee terbiye ve maarif meselelerine dair yaz\u0131lar\u0131 bir araya getirilmi\u015ftir. Din\u00ee, hukuki, sosyolojik, k\u00fclt\u00fcrel ve e\u011fitime dair konularda T\u00fcrk toplumunun modernle\u015fme s\u00fcrecine katk\u0131 sunacak her veriyi telife gayret ederek pek \u00e7ok alanda kalem oynatm\u0131\u015f olan Ziya G\u00f6kalp, iki m\u00fchim derginin yaz\u0131 k\u00fclliyat\u0131ndan eksiksiz olarak aktar\u0131l\u0131p bu kitapta toplanan \u00e7al\u0131\u015fmalar\u0131yla, sadece ya\u015fad\u0131\u011f\u0131 muhataral\u0131 d\u00f6nemde meselelerimize \u00e7\u00f6z\u00fcm bulmaya u\u011fra\u015fan bir fikir adam\u0131 olarak de\u011fil, bug\u00fcn de yazd\u0131klar\u0131na dikkat kesilmemiz gereken bir \u00e7a\u011fda\u015f\u0131m\u0131z olarak temay\u00fcz etmeyi s\u00fcrd\u00fcr\u00fcyor. <\/p>\n","protected":false},"excerpt":{"rendered":"<p>Bu kitapta, Ziya G\u00f6kalp\u2019\u0131n, 1914-1918 y\u0131llar\u0131 aras\u0131nda, altm\u0131\u015f \u00fc\u00e7 say\u0131 olarak yay\u0131mlanm\u0131\u015f ve d\u00f6nemin en \u00f6nemli din sosyolojisi kaynaklar\u0131ndan birisi durumunda olan \u0130sl\u00e2m Mecmuas\u0131\u2019ndaki din, ahlak<span class=\"excerpt-hellip\"> [\u2026]<\/span><\/p>\n","protected":false},"featured_media":0,"template":"","meta":{"_monsterinsights_skip_tracking":false,"_monsterinsights_sitenote_active":false,"_monsterinsights_sitenote_note":"","_monsterinsights_sitenote_category":0},"product_brand":[],"product_cat":[12325,12324],"product_tag":[],"class_list":{"0":"post-720412","1":"product","2":"type-product","3":"status-publish","5":"product_cat-diger-sosyoloji","6":"product_cat-sosyoloji","7":"pa_cilt-ciltsiz","8":"pa_tur-kitap","9":"pa_yayinevi-otuken-nesriyat","10":"pa_yazar-ziya-gokalp","12":"first","13":"instock","14":"sale","15":"shipping-taxable","16":"purchasable","17":"product-type-simple"},"_links":{"self":[{"href":"https:\/\/roveyayinevi.com.tr\/index.php\/wp-json\/wp\/v2\/product\/720412","targetHints":{"allow":["GET"]}}],"collection":[{"href":"https:\/\/roveyayinevi.com.tr\/index.php\/wp-json\/wp\/v2\/product"}],"about":[{"href":"https:\/\/roveyayinevi.com.tr\/index.php\/wp-json\/wp\/v2\/types\/product"}],"wp:attachment":[{"href":"https:\/\/roveyayinevi.com.tr\/index.php\/wp-json\/wp\/v2\/media?parent=720412"}],"wp:term":[{"taxonomy":"product_brand","embeddable":true,"href":"https:\/\/roveyayinevi.com.tr\/index.php\/wp-json\/wp\/v2\/product_brand?post=720412"},{"taxonomy":"product_cat","embeddable":true,"href":"https:\/\/roveyayinevi.com.tr\/index.php\/wp-json\/wp\/v2\/product_cat?post=720412"},{"taxonomy":"product_tag","embeddable":true,"href":"https:\/\/roveyayinevi.com.tr\/index.php\/wp-json\/wp\/v2\/product_tag?post=720412"}],"curies":[{"name":"wp","href":"https:\/\/api.w.org\/{rel}","templated":true}]}}