{"id":720400,"date":"2025-08-27T18:35:32","date_gmt":"2025-08-27T15:35:32","guid":{"rendered":"https:\/\/roveyayinevi.com.tr\/index.php\/urun\/guzel-olumun-oykusu\/"},"modified":"2026-04-16T02:28:36","modified_gmt":"2026-04-15T23:28:36","slug":"guzel-olumun-oykusu","status":"publish","type":"product","link":"https:\/\/roveyayinevi.com.tr\/index.php\/urun\/guzel-olumun-oykusu\/","title":{"rendered":"G\u00fczel \u00d6l\u00fcm\u00fcn \u00d6yk\u00fcs\u00fc"},"content":{"rendered":"<p>\u201cY\u00fcr\u00fcmeye devam ediyor. Hava eskisi kadar so\u011fuk de\u011fil, yak\u0131nda bahar gelecek, ard\u0131ndan yaz, d\u00fcnya d\u00f6nmeye devam edecek. Peki d\u00fcnya ne zaman duracak? Ya\u015fam\u0131n hep b\u00f6yle s\u00fcrece\u011fi bilgisi, karanl\u0131kla birlikte derisinden i\u00e7eri s\u0131z\u0131yor. D\u00fcnya d\u00f6nmeye devam edecek. Sabah, gece birbiri ard\u0131na, korna b\u00f6\u011f\u00fcrt\u00fcleri, kald\u0131r\u0131mlar, insanlar aras\u0131nda, bir de o k\u00fckreme, betonun, in\u015faat kep\u00e7esinin, polis arabas\u0131n\u0131n, kim bilir neyin.\u201d <\/p>\n","protected":false},"excerpt":{"rendered":"<p>\u201cY\u00fcr\u00fcmeye devam ediyor. Hava eskisi kadar so\u011fuk de\u011fil, yak\u0131nda bahar gelecek, ard\u0131ndan yaz, d\u00fcnya d\u00f6nmeye devam edecek. Peki d\u00fcnya ne zaman duracak? Ya\u015fam\u0131n hep b\u00f6yle s\u00fcrece\u011fi<span class=\"excerpt-hellip\"> [\u2026]<\/span><\/p>\n","protected":false},"featured_media":0,"template":"","meta":{"_monsterinsights_skip_tracking":false,"_monsterinsights_sitenote_active":false,"_monsterinsights_sitenote_note":"","_monsterinsights_sitenote_category":0},"product_brand":[],"product_cat":[12291,12711],"product_tag":[],"class_list":{"0":"post-720400","1":"product","2":"type-product","3":"status-publish","5":"product_cat-edebiyat","6":"product_cat-roman-oyku","7":"pa_cilt-ciltsiz","8":"pa_tur-kitap","9":"pa_yayinevi-metis-yayinlari","10":"pa_yazar-aysegul-devecioglu","12":"first","13":"instock","14":"sale","15":"shipping-taxable","16":"purchasable","17":"product-type-simple"},"_links":{"self":[{"href":"https:\/\/roveyayinevi.com.tr\/index.php\/wp-json\/wp\/v2\/product\/720400","targetHints":{"allow":["GET"]}}],"collection":[{"href":"https:\/\/roveyayinevi.com.tr\/index.php\/wp-json\/wp\/v2\/product"}],"about":[{"href":"https:\/\/roveyayinevi.com.tr\/index.php\/wp-json\/wp\/v2\/types\/product"}],"wp:attachment":[{"href":"https:\/\/roveyayinevi.com.tr\/index.php\/wp-json\/wp\/v2\/media?parent=720400"}],"wp:term":[{"taxonomy":"product_brand","embeddable":true,"href":"https:\/\/roveyayinevi.com.tr\/index.php\/wp-json\/wp\/v2\/product_brand?post=720400"},{"taxonomy":"product_cat","embeddable":true,"href":"https:\/\/roveyayinevi.com.tr\/index.php\/wp-json\/wp\/v2\/product_cat?post=720400"},{"taxonomy":"product_tag","embeddable":true,"href":"https:\/\/roveyayinevi.com.tr\/index.php\/wp-json\/wp\/v2\/product_tag?post=720400"}],"curies":[{"name":"wp","href":"https:\/\/api.w.org\/{rel}","templated":true}]}}