{"id":720387,"date":"2025-08-27T18:35:23","date_gmt":"2025-08-27T15:35:23","guid":{"rendered":"https:\/\/roveyayinevi.com.tr\/index.php\/urun\/hayat-gibi\/"},"modified":"2026-04-16T02:28:36","modified_gmt":"2026-04-15T23:28:36","slug":"hayat-gibi","status":"publish","type":"product","link":"https:\/\/roveyayinevi.com.tr\/index.php\/urun\/hayat-gibi\/","title":{"rendered":"Hayat Gibi"},"content":{"rendered":"<p>\u0130\u011fne, kendine ba\u011fl\u0131 olan ipi bamba\u015fka bir \u015fekille \u00f6d\u00fcllendirir ve ondan ayr\u0131l\u0131r. Ya\u011fmur, a\u011fz\u0131n\u0131 a\u00e7m\u0131\u015f koca bir canavar gibi onu bekleyen topra\u011f\u0131 sert darbelerle k\u0131rba\u00e7lar ve onu ye\u015fertir. Ate\u015f, bir zamanlar korkudan kendine secde eden insanlar\u0131 \u0131s\u0131t\u0131r ve ya\u015famalar\u0131na olanak sa\u011flar. Kelimeler de mahir bir el onlarla s\u0131ra d\u0131\u015f\u0131 bir \u00f6yk\u00fc evreni kurana dek devasa bir yapbozun da\u011f\u0131lm\u0131\u015f par\u00e7alar\u0131 gibi durur insan zihninde. Hayat Gibi, 2015 Ahmet Hamdi Tanp\u0131nar \u00d6d\u00fcl\u00fc sahibi olan Ercan Ba\u015fer\u2019in i\u011fne olup okuru yeniden \u015fekillendiren, yarat\u0131c\u0131l\u0131\u011f\u0131n bereketsizle\u015fen topra\u011f\u0131n\u0131 ya\u011fmur gibi ye\u015ferten ve keskin zek\u00e2n\u0131n ate\u015fi ile dilin ya\u015fam alan\u0131n\u0131 geni\u015fleten \u00f6yk\u00fclerinden olu\u015fuyor. \u201cHep \u00f6yle derler ya, bu senin hik\u00e2yen; evet diyorsun, benim. Ve \u015fimdiden sonunu merak ediyorsun. S\u0131rf sonu i\u00e7in ne k\u00f6t\u00fc filmler seyrettin, ne k\u00f6t\u00fc kitaplar okudun, ne k\u00f6t\u00fc insanlara katland\u0131n. \u015eimdi de seni havada bir yerde as\u0131l\u0131 tutan bu sandalyeden kalk\u0131p gitmiyorsun, \u00e7\u00fcnk\u00fc her \u015feye kar\u015f\u0131n, bu hik\u00e2yenin hi\u00e7 d\u00fc\u015f\u00fcnmedi\u011fin gibi bitece\u011fine dair i\u00e7inde \u00e7ocuk\u00e7a, belki de aptalca bir umut ta\u015f\u0131yorsun.\u201d <\/p>\n","protected":false},"excerpt":{"rendered":"<p>\u0130\u011fne, kendine ba\u011fl\u0131 olan ipi bamba\u015fka bir \u015fekille \u00f6d\u00fcllendirir ve ondan ayr\u0131l\u0131r. Ya\u011fmur, a\u011fz\u0131n\u0131 a\u00e7m\u0131\u015f koca bir canavar gibi onu bekleyen topra\u011f\u0131 sert darbelerle k\u0131rba\u00e7lar ve<span class=\"excerpt-hellip\"> [\u2026]<\/span><\/p>\n","protected":false},"featured_media":0,"template":"","meta":{"_monsterinsights_skip_tracking":false,"_monsterinsights_sitenote_active":false,"_monsterinsights_sitenote_note":"","_monsterinsights_sitenote_category":0},"product_brand":[],"product_cat":[12291,12711],"product_tag":[],"class_list":{"0":"post-720387","1":"product","2":"type-product","3":"status-publish","5":"product_cat-edebiyat","6":"product_cat-roman-oyku","7":"pa_cilt-ciltsiz","8":"pa_tur-kitap","9":"pa_yayinevi-ithaki-yayinlari","10":"pa_yazar-ercan-baser","12":"first","13":"instock","14":"sale","15":"shipping-taxable","16":"purchasable","17":"product-type-simple"},"_links":{"self":[{"href":"https:\/\/roveyayinevi.com.tr\/index.php\/wp-json\/wp\/v2\/product\/720387","targetHints":{"allow":["GET"]}}],"collection":[{"href":"https:\/\/roveyayinevi.com.tr\/index.php\/wp-json\/wp\/v2\/product"}],"about":[{"href":"https:\/\/roveyayinevi.com.tr\/index.php\/wp-json\/wp\/v2\/types\/product"}],"wp:attachment":[{"href":"https:\/\/roveyayinevi.com.tr\/index.php\/wp-json\/wp\/v2\/media?parent=720387"}],"wp:term":[{"taxonomy":"product_brand","embeddable":true,"href":"https:\/\/roveyayinevi.com.tr\/index.php\/wp-json\/wp\/v2\/product_brand?post=720387"},{"taxonomy":"product_cat","embeddable":true,"href":"https:\/\/roveyayinevi.com.tr\/index.php\/wp-json\/wp\/v2\/product_cat?post=720387"},{"taxonomy":"product_tag","embeddable":true,"href":"https:\/\/roveyayinevi.com.tr\/index.php\/wp-json\/wp\/v2\/product_tag?post=720387"}],"curies":[{"name":"wp","href":"https:\/\/api.w.org\/{rel}","templated":true}]}}