{"id":720376,"date":"2025-08-27T18:35:15","date_gmt":"2025-08-27T15:35:15","guid":{"rendered":"https:\/\/roveyayinevi.com.tr\/index.php\/urun\/yalom-seckisi\/"},"modified":"2025-11-21T05:34:52","modified_gmt":"2025-11-21T02:34:52","slug":"yalom-seckisi","status":"publish","type":"product","link":"https:\/\/roveyayinevi.com.tr\/index.php\/urun\/yalom-seckisi\/","title":{"rendered":"Yalom Se\u00e7kisi"},"content":{"rendered":"<p>Usta Terapist ve Hikaye Anlat\u0131c\u0131s\u0131n\u0131n \u00c7al\u0131\u015fmalar\u0131ndan Se\u00e7melerG\u00fcn\u00fcbirlik Hayatlar ve Bir Psikiyatristin An\u0131lar\u0131 gibi \u00e7oksatan kitaplar\u0131n yan\u0131 s\u0131ra psikoterapi alan\u0131nda klasikle\u015fen Varolu\u015f\u00e7u Psikoterapi ile Grup Psikoterapisinin Teori ve Prati\u011fi yap\u0131tlar\u0131n\u0131n da yazar\u0131 olan Yalom\u2019un d\u00f6nemsel \u00e7al\u0131\u015fmalar\u0131ndan \u00f6rnek se\u00e7kilerden olu\u015fan Yalom Se\u00e7kisi, yaz\u0131 ve psikoterapi sanat\u0131 \u00fczerine ba\u015f d\u00f6nd\u00fcr\u00fcc\u00fc yeni ki\u015fisel deneyimleri de payla\u015f\u0131yor.Irvin D. Yalom\u2019un kuramsal ve edebi \u00e7al\u0131\u015fmalar\u0131ndan m\u00fcstesna par\u00e7alar\u0131n incelendi\u011fi bu se\u00e7kide, Yalom\u2019un yaz\u0131lar\u0131n\u0131n \u00e7e\u015fitlili\u011fini, ayd\u0131nlat\u0131c\u0131 vaka \u00e7al\u0131\u015fmalar\u0131ndan kuramsal modellere ve tabii ki edebiyata kadar de\u011fi\u015fen par\u00e7alar halinde deneyimleyeceksiniz. Yalom\u2019un grup terapisi ile varolu\u015f\u00e7u terapi alanlar\u0131nda referans kitap haline gelen eserlerinden \u00f6zenle haz\u0131rlanm\u0131\u015f metinlerin yer ald\u0131\u011f\u0131 bu \u00e7al\u0131\u015fma, yazar\u0131n edebiyat ile psikoterapi aras\u0131ndaki ili\u015fkiyi sars\u0131c\u0131 bir \u015fekilde aktard\u0131\u011f\u0131 \u00f6rnekleri de i\u00e7eriyor. Dr. Yalom, Yalom Se\u00e7kisi i\u00e7in bir giri\u015f yaz\u0131s\u0131 kaleme alman\u0131n yan\u0131 s\u0131ra her b\u00f6l\u00fcme \u00f6zel k\u0131sa notlar ve anlat\u0131 \u00fczerine \u00fc\u00e7 yeni makale yazm\u0131\u015ft\u0131r.Gerek edebiyat gerekse edebiyat d\u0131\u015f\u0131 yaz\u0131lar\u0131nda Yalom, insan do\u011fas\u0131n\u0131 ke\u015ffetmek ve ger\u00e7ek ile hayal olan aras\u0131ndaki \u00e7izgiyi fark etmenin her zaman kolay olmad\u0131\u011f\u0131n\u0131 g\u00f6zler \u00f6n\u00fcne sermek i\u00e7in psikoterapi merce\u011finden yararlan\u0131yor. Yalom\u2019u, kariyerinin ba\u015f\u0131ndan beri bu minvalde ilerlemeye sevk eden \u015fey, anlat\u0131ya olan bitmez t\u00fckenmez ilgisidir ki Yalom Se\u00e7kisi\u2019ndeki metinleri birbirine ba\u011flayan da bu tutkudur. Pek \u00e7ok farkl\u0131 deneyimin bu kitab\u0131n n\u00fcvesini olu\u015fturmas\u0131 muhtemeldir. Asl\u0131nda bakarsan\u0131z Yalom Se\u00e7kisi\u2019nin zenginli\u011fi de buradad\u0131r. Yalom\u2019un daha ziyade klinik metinlerini okuyanlar, onun kurgusal \u00e7al\u0131\u015fmalar\u0131ndan kendini alamayacak; uzman olmayan okurlar ise psikoterapi uygulamalar\u0131 hakk\u0131nda daha fazla bilgi ve anlay\u0131\u015f kazanacakt\u0131r. Yap\u0131lmas\u0131 gereken tek \u015fey, bu ustay\u0131 takip etmek\u2026<\/p>\n","protected":false},"excerpt":{"rendered":"<p>Usta Terapist ve Hikaye Anlat\u0131c\u0131s\u0131n\u0131n \u00c7al\u0131\u015fmalar\u0131ndan Se\u00e7melerG\u00fcn\u00fcbirlik Hayatlar ve Bir Psikiyatristin An\u0131lar\u0131 gibi \u00e7oksatan kitaplar\u0131n yan\u0131 s\u0131ra psikoterapi alan\u0131nda klasikle\u015fen Varolu\u015f\u00e7u Psikoterapi ile Grup Psikoterapisinin Teori<span class=\"excerpt-hellip\"> [\u2026]<\/span><\/p>\n","protected":false},"featured_media":0,"template":"","meta":{"_monsterinsights_skip_tracking":false,"_monsterinsights_sitenote_active":false,"_monsterinsights_sitenote_note":"","_monsterinsights_sitenote_category":0},"product_brand":[],"product_cat":[20502,12357],"product_tag":[],"class_list":{"0":"post-720376","1":"product","2":"type-product","3":"status-publish","5":"product_cat-basvuru-kitaplari-psikoloji","6":"product_cat-psikoloji","7":"pa_cilt-ciltsiz","8":"pa_tur-kitap","9":"pa_yayinevi-pegasus-yayinlari","10":"pa_yazar-irvin-d-yalom","12":"first","13":"instock","14":"sale","15":"shipping-taxable","16":"purchasable","17":"product-type-simple"},"_links":{"self":[{"href":"https:\/\/roveyayinevi.com.tr\/index.php\/wp-json\/wp\/v2\/product\/720376","targetHints":{"allow":["GET"]}}],"collection":[{"href":"https:\/\/roveyayinevi.com.tr\/index.php\/wp-json\/wp\/v2\/product"}],"about":[{"href":"https:\/\/roveyayinevi.com.tr\/index.php\/wp-json\/wp\/v2\/types\/product"}],"wp:attachment":[{"href":"https:\/\/roveyayinevi.com.tr\/index.php\/wp-json\/wp\/v2\/media?parent=720376"}],"wp:term":[{"taxonomy":"product_brand","embeddable":true,"href":"https:\/\/roveyayinevi.com.tr\/index.php\/wp-json\/wp\/v2\/product_brand?post=720376"},{"taxonomy":"product_cat","embeddable":true,"href":"https:\/\/roveyayinevi.com.tr\/index.php\/wp-json\/wp\/v2\/product_cat?post=720376"},{"taxonomy":"product_tag","embeddable":true,"href":"https:\/\/roveyayinevi.com.tr\/index.php\/wp-json\/wp\/v2\/product_tag?post=720376"}],"curies":[{"name":"wp","href":"https:\/\/api.w.org\/{rel}","templated":true}]}}