{"id":720372,"date":"2025-08-27T18:35:13","date_gmt":"2025-08-27T15:35:13","guid":{"rendered":"https:\/\/roveyayinevi.com.tr\/index.php\/urun\/egoya-hayir\/"},"modified":"2026-04-16T02:28:35","modified_gmt":"2026-04-15T23:28:35","slug":"egoya-hayir","status":"publish","type":"product","link":"https:\/\/roveyayinevi.com.tr\/index.php\/urun\/egoya-hayir\/","title":{"rendered":"Egoya Hay\u0131r"},"content":{"rendered":"<p>Bu kitap ki\u015fileraras\u0131 \u00e7eki\u015fmeler ile kaybedilen saatleri telafi etmeye yard\u0131mc\u0131 olmak i\u00e7in hemen uygulanabilecek haz\u0131r ara\u00e7lar ve metotlar sunmakta, \u00e7al\u0131\u015fan kat\u0131l\u0131m\u0131 tekni\u011fini yeni bir yolla g\u00f6rmeyi \u00f6\u011fretmekte ve kurumlar\u0131n \u015fu ana kadar yapt\u0131klar\u0131 \u00e7al\u0131\u015fan kat\u0131l\u0131m \u00f6l\u00e7\u00fcmlerinin temelde hatal\u0131 oldu\u011funun fark\u0131na var\u0131lmas\u0131n\u0131 sa\u011flamaktad\u0131r. Ayn\u0131 zamanda bir\u00e7ok liderin de\u011fi\u015fimi y\u00f6netmeye \u00e7al\u0131\u015fma y\u00f6ntemlerinin \u015firketteki dram ortam\u0131n\u0131 art\u0131rd\u0131\u011f\u0131n\u0131 ve \u00e7al\u0131\u015fanlar\u0131n geli\u015fimlerini engelledi\u011fini de vurgulamaktad\u0131r. CY Wakeman\u2019\u0131n \u00e7ok satan kitab\u0131 Egoya Hay\u0131r okurlarla bulu\u015fuyor. <\/p>\n","protected":false},"excerpt":{"rendered":"<p>Bu kitap ki\u015fileraras\u0131 \u00e7eki\u015fmeler ile kaybedilen saatleri telafi etmeye yard\u0131mc\u0131 olmak i\u00e7in hemen uygulanabilecek haz\u0131r ara\u00e7lar ve metotlar sunmakta, \u00e7al\u0131\u015fan kat\u0131l\u0131m\u0131 tekni\u011fini yeni bir yolla g\u00f6rmeyi<span class=\"excerpt-hellip\"> [\u2026]<\/span><\/p>\n","protected":false},"featured_media":0,"template":"","meta":{"_monsterinsights_skip_tracking":false,"_monsterinsights_sitenote_active":false,"_monsterinsights_sitenote_note":"","_monsterinsights_sitenote_category":0},"product_brand":[],"product_cat":[13043,17647],"product_tag":[],"class_list":{"0":"post-720372","1":"product","2":"type-product","3":"status-publish","5":"product_cat-ekonomi","6":"product_cat-is-dunyasi","7":"pa_cilt-ciltsiz","8":"pa_tur-kitap","9":"pa_yayinevi-elma-yayinevi","10":"pa_yazar-cy-wakeman","12":"first","13":"instock","14":"sale","15":"shipping-taxable","16":"purchasable","17":"product-type-simple"},"_links":{"self":[{"href":"https:\/\/roveyayinevi.com.tr\/index.php\/wp-json\/wp\/v2\/product\/720372","targetHints":{"allow":["GET"]}}],"collection":[{"href":"https:\/\/roveyayinevi.com.tr\/index.php\/wp-json\/wp\/v2\/product"}],"about":[{"href":"https:\/\/roveyayinevi.com.tr\/index.php\/wp-json\/wp\/v2\/types\/product"}],"wp:attachment":[{"href":"https:\/\/roveyayinevi.com.tr\/index.php\/wp-json\/wp\/v2\/media?parent=720372"}],"wp:term":[{"taxonomy":"product_brand","embeddable":true,"href":"https:\/\/roveyayinevi.com.tr\/index.php\/wp-json\/wp\/v2\/product_brand?post=720372"},{"taxonomy":"product_cat","embeddable":true,"href":"https:\/\/roveyayinevi.com.tr\/index.php\/wp-json\/wp\/v2\/product_cat?post=720372"},{"taxonomy":"product_tag","embeddable":true,"href":"https:\/\/roveyayinevi.com.tr\/index.php\/wp-json\/wp\/v2\/product_tag?post=720372"}],"curies":[{"name":"wp","href":"https:\/\/api.w.org\/{rel}","templated":true}]}}