{"id":720371,"date":"2025-08-27T18:35:12","date_gmt":"2025-08-27T15:35:12","guid":{"rendered":"https:\/\/roveyayinevi.com.tr\/index.php\/urun\/alice-harikalar-diyari\/"},"modified":"2026-04-16T02:28:35","modified_gmt":"2026-04-15T23:28:35","slug":"alice-harikalar-diyari","status":"publish","type":"product","link":"https:\/\/roveyayinevi.com.tr\/index.php\/urun\/alice-harikalar-diyari\/","title":{"rendered":"Alice Harikalar Diyar\u0131"},"content":{"rendered":"<p>Y\u00fcz elli y\u0131l\u0131 a\u015fk\u0131n bir s\u00fcredir t\u00fcm d\u00fcnyada b\u00fcy\u00fck k\u00fc\u00e7\u00fck milyonlarca insan taraf\u0131ndan zevkle okunmu\u015f, edebiyattan sinemaya, resimden m\u00fczi\u011fe neredeyse t\u00fcm sanat dallar\u0131ndan sanat\u00e7\u0131lara ilham kayna\u011f\u0131 olmu\u015f Alice Harikalar Diyar\u0131nda, bug\u00fcn de d\u00fcn oldu\u011fu kadar seviliyor ve d\u00fcnya edebiyat\u0131ndaki hat\u0131r\u0131 say\u0131l\u0131r yerini koruyor. Tav\u015fan deli\u011finden a\u015fa\u011f\u0131 d\u00fc\u015fen Alice adl\u0131 zeki, k\u00fc\u00e7\u00fck bir k\u0131z\u0131n garip yarat\u0131klarla dolu fantastik bir d\u00fcnyadaki e\u011flenceli maceralar\u0131n\u0131n anlat\u0131ld\u0131\u011f\u0131, kelime oyunlar\u0131 ve komik \u015fiirlerle bezeli bu kitaba hangi \u00e7ocuk ya da yeti\u015fkin kay\u0131ts\u0131z kalabilir ki? Tela\u015fl\u0131 tela\u015fl\u0131 oradan oraya ko\u015fturan Beyaz Tav\u015fan, bir mantar\u0131n \u00fczerinde gams\u0131z gams\u0131z nargilesini t\u00fctt\u00fcren T\u0131rt\u0131l, olmayan sorunlar\u0131yla dertlenen Yalanc\u0131 Kaplumba\u011fa, kelle u\u00e7urtmaya merakl\u0131 Krali\u00e7e ve daha nice birbirinden tuhaf karakter ve binbir sa\u00e7mal\u0131k! Bu komik macerada Alice yaln\u0131z de\u011fil. Y\u00fcz elli y\u0131ld\u0131r bizler de onunla birlikte o tav\u015fan deli\u011finden a\u015fa\u011f\u0131 d\u00fc\u015f\u00fcyor, mantar yiyerek k\u00e2h uzay\u0131p k\u00e2h k\u0131sal\u0131yor, habire s\u0131r\u0131t\u0131p duran CheshireKedisi\u2019ni g\u00f6r\u00fcnce seviniyor ve ya\u015fad\u0131\u011f\u0131m\u0131z onca garipli\u011fe zerre kadar \u015fa\u015f\u0131rm\u0131yoruz. Carroll, bize t\u00fcm sa\u00e7mal\u0131\u011f\u0131 i\u00e7inde muhte\u015fem bir d\u00fcnya sunuyor ve bizler o d\u00fcnyaya hi\u00e7 teredd\u00fcts\u00fcz, b\u00fcy\u00fck bir zevkle dal\u0131yoruz.<\/p>\n","protected":false},"excerpt":{"rendered":"<p>Y\u00fcz elli y\u0131l\u0131 a\u015fk\u0131n bir s\u00fcredir t\u00fcm d\u00fcnyada b\u00fcy\u00fck k\u00fc\u00e7\u00fck milyonlarca insan taraf\u0131ndan zevkle okunmu\u015f, edebiyattan sinemaya, resimden m\u00fczi\u011fe neredeyse t\u00fcm sanat dallar\u0131ndan sanat\u00e7\u0131lara ilham kayna\u011f\u0131<span class=\"excerpt-hellip\"> [\u2026]<\/span><\/p>\n","protected":false},"featured_media":0,"template":"","meta":{"_monsterinsights_skip_tracking":false,"_monsterinsights_sitenote_active":false,"_monsterinsights_sitenote_note":"","_monsterinsights_sitenote_category":0},"product_brand":[],"product_cat":[12274,12284],"product_tag":[],"class_list":{"0":"post-720371","1":"product","2":"type-product","3":"status-publish","5":"product_cat-cocuk-ve-genclik-kitaplari","6":"product_cat-hikayeler","7":"pa_cilt-ciltsiz","8":"pa_tur-kitap","9":"pa_yayinevi-dinozor-cocuk","10":"pa_yazar-lewis-carroll","12":"first","13":"instock","14":"sale","15":"shipping-taxable","16":"purchasable","17":"product-type-simple"},"_links":{"self":[{"href":"https:\/\/roveyayinevi.com.tr\/index.php\/wp-json\/wp\/v2\/product\/720371","targetHints":{"allow":["GET"]}}],"collection":[{"href":"https:\/\/roveyayinevi.com.tr\/index.php\/wp-json\/wp\/v2\/product"}],"about":[{"href":"https:\/\/roveyayinevi.com.tr\/index.php\/wp-json\/wp\/v2\/types\/product"}],"wp:attachment":[{"href":"https:\/\/roveyayinevi.com.tr\/index.php\/wp-json\/wp\/v2\/media?parent=720371"}],"wp:term":[{"taxonomy":"product_brand","embeddable":true,"href":"https:\/\/roveyayinevi.com.tr\/index.php\/wp-json\/wp\/v2\/product_brand?post=720371"},{"taxonomy":"product_cat","embeddable":true,"href":"https:\/\/roveyayinevi.com.tr\/index.php\/wp-json\/wp\/v2\/product_cat?post=720371"},{"taxonomy":"product_tag","embeddable":true,"href":"https:\/\/roveyayinevi.com.tr\/index.php\/wp-json\/wp\/v2\/product_tag?post=720371"}],"curies":[{"name":"wp","href":"https:\/\/api.w.org\/{rel}","templated":true}]}}