{"id":720367,"date":"2025-08-27T18:35:09","date_gmt":"2025-08-27T15:35:09","guid":{"rendered":"https:\/\/roveyayinevi.com.tr\/index.php\/urun\/80-yilin-en-guzel-okul-sarkilari\/"},"modified":"2026-04-16T02:28:35","modified_gmt":"2026-04-15T23:28:35","slug":"80-yilin-en-guzel-okul-sarkilari","status":"publish","type":"product","link":"https:\/\/roveyayinevi.com.tr\/index.php\/urun\/80-yilin-en-guzel-okul-sarkilari\/","title":{"rendered":"80 Y\u0131l\u0131n En G\u00fczel Okul \u015eark\u0131lar\u0131"},"content":{"rendered":"<p>Bu kitapta, okul \u015fark\u0131lar\u0131ndan ve ulusal mar\u015flardan se\u00e7ilmi\u015f 80 par\u00e7a var. Kitab\u0131n ba\u015fl\u0131ca amac\u0131, de\u011ferli m\u00fczik \u00f6\u011fretmenlerine ve \u00f6\u011frencilere, en g\u00fczel okul \u015fark\u0131lar\u0131n\u0131 ve mar\u015flar\u0131 i\u00e7eren bir EL K\u0130TABI sunmakt\u0131r Bu kitap, &#8220;Elli Y\u0131l\u0131n En G\u00fczel Okul \u015eark\u0131lar\u0131n\u0131n (EYEGO\u015e) geni\u015fletilmi\u015f yeni bas\u0131m\u0131d\u0131r. EYEGO\u015e i\u00e7inde, Cumhuriyet d\u00f6neminin okul \u015fark\u0131lar\u0131ndan ve mar\u015flar\u0131ndan se\u00e7ilmi\u015f 50 par\u00e7a vard\u0131. Kitap 1981&#8217;den bug\u00fcnlere kadar pek \u00e7ok kez yay\u0131nland\u0131. M\u00fczik \u00f6\u011fretmenleri ve \u00f6\u011frenciler taraf\u0131ndan b\u00fcy\u00fck ilgiyle kar\u015f\u0131land\u0131. Bu ilgi bizi, kitab\u0131n geni\u015fletilmi\u015f yeni bas\u0131m\u0131n\u0131 yapmaya y\u00f6neltti. Yeni bas\u0131mda, EYEGO\u015e&#8217;un 50 par\u00e7as\u0131n\u0131 koruyarak onlara 30 par\u00e7a daha ekledik, kitapta 80 par\u00e7a oldu ve kitaba &#8220;Seksen Y\u0131l\u0131n En G\u00fczel Okul \u015eark\u0131lar\u0131&#8221; (SEYEGO\u015e) ad\u0131n\u0131 verdik. 1. SEYEGO\u015e, 80 y\u0131l\u0131n e\u011fitim m\u00fczi\u011fi \u015fark\u0131lar\u0131ndan ve mar\u015flar\u0131ndan se\u00e7ilmi\u015f 80 par\u00e7ay\u0131 i\u00e7eren En G\u00fczel Okul \u015eark\u0131lar\u0131 El Kitab\u0131&#8217;d\u0131r. 2. SEYEGO\u015e, derse haz\u0131rl\u0131k \u00e7al\u0131\u015fmalar\u0131nda &#8211; \u015fark\u0131 se\u00e7iminde &#8211; m\u00fczik \u00f6\u011fretmenine zaman kazand\u0131racakt\u0131r. (Eski &#8211; Yeni 25 &#8211; 30 kitap taranarak bulunabilecek 80 g\u00fczel par\u00e7a art\u0131k bir kitapta ve t\u00fcm\u00fc birden elinizde.) 3. SEYEGO\u015e, dersin i\u015flenmesi s\u0131ras\u0131nda da, \u00f6\u011fretmene ve \u00f6\u011frenciye kolayl\u0131k sa\u011flayacak, zaman kazand\u0131racakt\u0131r. (Her \u00f6\u011frencide bir SEYEGO\u015e bulunmas\u0131, m\u00fczik dersinin 15-20 dakikal\u0131k s\u00fcresini nota yazma yerine m\u00fczi\u011fe ay\u0131rmaya yard\u0131mc\u0131 olacakt\u0131r.) 4. Kitap, Cumhuriyet d\u00f6nemi boyunca e\u011fitim g\u00f6rm\u00fc\u015f ku\u015faklar\u0131n ortak \u015fark\u0131 &#8211; mar\u015f da\u011farc\u0131\u011f\u0131n\u0131 yeni ku\u015faklara aktarma olana\u011f\u0131n\u0131 sunmaktad\u0131r. (Dedemizin &#8211; ninemizin, babam\u0131z\u0131n &#8211; annemizin okulda \u00f6\u011frendi\u011fi \u015fark\u0131lar\u0131 &#8211; mar\u015flar\u0131 biz de \u00f6\u011frenece\u011fiz ve \u00f6\u011frenece\u011fimiz yeni \u015fark\u0131larla &#8211; mar\u015flarla da, geni\u015f bir ortak \u015fark\u0131 da\u011farc\u0131\u011f\u0131na sahip olaca\u011f\u0131z. ) Seksen Y\u0131l\u0131n En G\u00fczel Okul \u015eark\u0131lar\u0131&#8217;n\u0131 ulusal \u015fark\u0131 da\u011farc\u0131\u011f\u0131m\u0131z\u0131n olu\u015fturulmas\u0131nda yararl\u0131 olaca\u011f\u0131 inanc\u0131yla m\u00fczik \u00f6\u011fretmenlerinin ve onlar\u0131n sevgili \u00f6\u011frencilerinin hizmetine sunuyorum. <\/p>\n","protected":false},"excerpt":{"rendered":"<p>Bu kitapta, okul \u015fark\u0131lar\u0131ndan ve ulusal mar\u015flardan se\u00e7ilmi\u015f 80 par\u00e7a var. Kitab\u0131n ba\u015fl\u0131ca amac\u0131, de\u011ferli m\u00fczik \u00f6\u011fretmenlerine ve \u00f6\u011frencilere, en g\u00fczel okul \u015fark\u0131lar\u0131n\u0131 ve mar\u015flar\u0131 i\u00e7eren<span class=\"excerpt-hellip\"> [\u2026]<\/span><\/p>\n","protected":false},"featured_media":0,"template":"","meta":{"_monsterinsights_skip_tracking":false,"_monsterinsights_sitenote_active":false,"_monsterinsights_sitenote_note":"","_monsterinsights_sitenote_category":0},"product_brand":[],"product_cat":[12408,14197],"product_tag":[],"class_list":{"0":"post-720367","1":"product","2":"type-product","3":"status-publish","5":"product_cat-sanat","6":"product_cat-sanat-tarihi","7":"pa_cilt-ciltsiz","8":"pa_tur-kitap","9":"pa_yayinevi-sun-yayinevi","10":"pa_yazar-muammer-sun","12":"first","13":"instock","14":"sale","15":"shipping-taxable","16":"purchasable","17":"product-type-simple"},"_links":{"self":[{"href":"https:\/\/roveyayinevi.com.tr\/index.php\/wp-json\/wp\/v2\/product\/720367","targetHints":{"allow":["GET"]}}],"collection":[{"href":"https:\/\/roveyayinevi.com.tr\/index.php\/wp-json\/wp\/v2\/product"}],"about":[{"href":"https:\/\/roveyayinevi.com.tr\/index.php\/wp-json\/wp\/v2\/types\/product"}],"wp:attachment":[{"href":"https:\/\/roveyayinevi.com.tr\/index.php\/wp-json\/wp\/v2\/media?parent=720367"}],"wp:term":[{"taxonomy":"product_brand","embeddable":true,"href":"https:\/\/roveyayinevi.com.tr\/index.php\/wp-json\/wp\/v2\/product_brand?post=720367"},{"taxonomy":"product_cat","embeddable":true,"href":"https:\/\/roveyayinevi.com.tr\/index.php\/wp-json\/wp\/v2\/product_cat?post=720367"},{"taxonomy":"product_tag","embeddable":true,"href":"https:\/\/roveyayinevi.com.tr\/index.php\/wp-json\/wp\/v2\/product_tag?post=720367"}],"curies":[{"name":"wp","href":"https:\/\/api.w.org\/{rel}","templated":true}]}}