{"id":720350,"date":"2025-08-27T18:34:56","date_gmt":"2025-08-27T15:34:56","guid":{"rendered":"https:\/\/roveyayinevi.com.tr\/index.php\/urun\/kerem-ile-minik-canavarlar-canavarlar-muzede\/"},"modified":"2026-04-16T02:28:35","modified_gmt":"2026-04-15T23:28:35","slug":"kerem-ile-minik-canavarlar-canavarlar-muzede","status":"publish","type":"product","link":"https:\/\/roveyayinevi.com.tr\/index.php\/urun\/kerem-ile-minik-canavarlar-canavarlar-muzede\/","title":{"rendered":"Kerem ile Minik Canavarlar &#8211; Canavarlar M\u00fczede"},"content":{"rendered":"<p>Kerem \u0130LK KEZ bir okul gezisine kat\u0131laca\u011f\u0131 i\u00e7in endi\u015feliydi. Bu y\u00fczden M\u0130N\u0130K CANAVARLAR da onunla gitmeye karar verdiler. Hi\u00e7 sorun \u00e7\u0131karmayacaklar\u0131n\u0131 iddia ediyorlard\u0131. Peki, m\u00fczedeki b\u00f6cekler b\u00f6l\u00fcm\u00fcnde karga\u015faya kim yol a\u00e7\u0131yor? T-Rexiskeleti neden k\u00fckreyip duruyor? Kerem, bir taraftan da minik M\u0131s\u0131r mumyalar\u0131n\u0131 d\u00fc\u015f\u00fcnmeden edemiyor\u2026 Bu, bir canavar maceras\u0131! \u00c7ILGIN \u00c7\u0130ZG\u0130 ROMANLAR SER\u0130S\u0130 E\u011flenceli resimler, kolay okunan metinler ve birbirinden komik maceralar!.. <\/p>\n","protected":false},"excerpt":{"rendered":"<p>Kerem \u0130LK KEZ bir okul gezisine kat\u0131laca\u011f\u0131 i\u00e7in endi\u015feliydi. Bu y\u00fczden M\u0130N\u0130K CANAVARLAR da onunla gitmeye karar verdiler. Hi\u00e7 sorun \u00e7\u0131karmayacaklar\u0131n\u0131 iddia ediyorlard\u0131. Peki, m\u00fczedeki b\u00f6cekler<span class=\"excerpt-hellip\"> [\u2026]<\/span><\/p>\n","protected":false},"featured_media":0,"template":"","meta":{"_monsterinsights_skip_tracking":false,"_monsterinsights_sitenote_active":false,"_monsterinsights_sitenote_note":"","_monsterinsights_sitenote_category":0},"product_brand":[],"product_cat":[12689,12274],"product_tag":[],"class_list":{"0":"post-720350","1":"product","2":"type-product","3":"status-publish","5":"product_cat-cizgi-roman-cocuk-ve-genclik-kitaplari","6":"product_cat-cocuk-ve-genclik-kitaplari","7":"pa_cilt-ciltsiz","8":"pa_tur-kitap","9":"pa_yayinevi-is-bankasi-kultur-yayinlari","10":"pa_yazar-zanna-davidson","12":"first","13":"instock","14":"sale","15":"shipping-taxable","16":"purchasable","17":"product-type-simple"},"_links":{"self":[{"href":"https:\/\/roveyayinevi.com.tr\/index.php\/wp-json\/wp\/v2\/product\/720350","targetHints":{"allow":["GET"]}}],"collection":[{"href":"https:\/\/roveyayinevi.com.tr\/index.php\/wp-json\/wp\/v2\/product"}],"about":[{"href":"https:\/\/roveyayinevi.com.tr\/index.php\/wp-json\/wp\/v2\/types\/product"}],"wp:attachment":[{"href":"https:\/\/roveyayinevi.com.tr\/index.php\/wp-json\/wp\/v2\/media?parent=720350"}],"wp:term":[{"taxonomy":"product_brand","embeddable":true,"href":"https:\/\/roveyayinevi.com.tr\/index.php\/wp-json\/wp\/v2\/product_brand?post=720350"},{"taxonomy":"product_cat","embeddable":true,"href":"https:\/\/roveyayinevi.com.tr\/index.php\/wp-json\/wp\/v2\/product_cat?post=720350"},{"taxonomy":"product_tag","embeddable":true,"href":"https:\/\/roveyayinevi.com.tr\/index.php\/wp-json\/wp\/v2\/product_tag?post=720350"}],"curies":[{"name":"wp","href":"https:\/\/api.w.org\/{rel}","templated":true}]}}