{"id":720334,"date":"2025-08-27T18:34:44","date_gmt":"2025-08-27T15:34:44","guid":{"rendered":"https:\/\/roveyayinevi.com.tr\/index.php\/urun\/aykan-abay\/"},"modified":"2026-04-16T02:28:05","modified_gmt":"2026-04-15T23:28:05","slug":"aykan-abay","status":"publish","type":"product","link":"https:\/\/roveyayinevi.com.tr\/index.php\/urun\/aykan-abay\/","title":{"rendered":"Aykan Abay"},"content":{"rendered":"<p>\u201cAksak Karga Alkan dedi ki; \u201cKorumakla y\u00fck\u00fcml\u00fc oldu\u011fumuz insan \u0131rk\u0131 kendini yaratan Tanr\u0131\u2019ya dahi ba\u015fkald\u0131rd\u0131. Onlar yok edilmeli hatta bizlerin i\u00e7inde olan insani taraf\u0131m\u0131z dahi yok edilmeli. Karga \u0131rk\u0131, yar\u0131 karga formunda ya\u015famal\u0131 ve insan formuna giren \u00f6ld\u00fcr\u00fclmeli\u2026 Bizler tekrar u\u00e7man\u0131n sadece g\u00f6rev de\u011fil \u00f6zg\u00fcrl\u00fck oldu\u011funu hat\u0131rlamal\u0131y\u0131z.\u201dBaz\u0131 ideolojiler vard\u0131r, dillendirilir ama ya\u015fama adapte edilmez, edilemez. Belki ben ideolojimi dillendirmi\u015f olabilirim ama bunun tam olarak ger\u00e7ekle\u015fmesini istiyor muyum emin de\u011filim. Ya\u015fam kayna\u011f\u0131 nefes almak gibi g\u00f6r\u00fcnse de ak\u0131ll\u0131 varl\u0131klar\u0131n ya\u015fam kayna\u011f\u0131 yasad\u0131r. Yasa olmazsa ya\u015famlar biter. Ger\u00e7i do\u011fru yasalar\u0131n i\u00e7inde de biten ya\u015famlar olabilir. Olsun bu say\u0131 az\u0131nl\u0131kta kal\u0131r.\u201cPe\u015fimden u\u00e7un\u2026 Yasalar\u0131m\u0131z\u0131 korumak i\u00e7in pe\u015fimde ya\u015fay\u0131n\u2026 ve \u00f6ld\u00fc\u011f\u00fcn\u00fczde huzuru bulun.\u201d dedim. Ve ba\u011flar\u0131n\u0131 \u00e7\u00f6zd\u00fcm.<\/p>\n","protected":false},"excerpt":{"rendered":"<p>\u201cAksak Karga Alkan dedi ki; \u201cKorumakla y\u00fck\u00fcml\u00fc oldu\u011fumuz insan \u0131rk\u0131 kendini yaratan Tanr\u0131\u2019ya dahi ba\u015fkald\u0131rd\u0131. Onlar yok edilmeli hatta bizlerin i\u00e7inde olan insani taraf\u0131m\u0131z dahi yok<span class=\"excerpt-hellip\"> [\u2026]<\/span><\/p>\n","protected":false},"featured_media":0,"template":"","meta":{"_monsterinsights_skip_tracking":false,"_monsterinsights_sitenote_active":false,"_monsterinsights_sitenote_note":"","_monsterinsights_sitenote_category":0},"product_brand":[],"product_cat":[12291,12711],"product_tag":[],"class_list":{"0":"post-720334","1":"product","2":"type-product","3":"status-publish","5":"product_cat-edebiyat","6":"product_cat-roman-oyku","7":"pa_cilt-ciltsiz","8":"pa_tur-kitap","9":"pa_yayinevi-vaveyla-yayincilik","10":"pa_yazar-umit-dagci","12":"first","13":"instock","14":"sale","15":"shipping-taxable","16":"purchasable","17":"product-type-simple"},"_links":{"self":[{"href":"https:\/\/roveyayinevi.com.tr\/index.php\/wp-json\/wp\/v2\/product\/720334","targetHints":{"allow":["GET"]}}],"collection":[{"href":"https:\/\/roveyayinevi.com.tr\/index.php\/wp-json\/wp\/v2\/product"}],"about":[{"href":"https:\/\/roveyayinevi.com.tr\/index.php\/wp-json\/wp\/v2\/types\/product"}],"wp:attachment":[{"href":"https:\/\/roveyayinevi.com.tr\/index.php\/wp-json\/wp\/v2\/media?parent=720334"}],"wp:term":[{"taxonomy":"product_brand","embeddable":true,"href":"https:\/\/roveyayinevi.com.tr\/index.php\/wp-json\/wp\/v2\/product_brand?post=720334"},{"taxonomy":"product_cat","embeddable":true,"href":"https:\/\/roveyayinevi.com.tr\/index.php\/wp-json\/wp\/v2\/product_cat?post=720334"},{"taxonomy":"product_tag","embeddable":true,"href":"https:\/\/roveyayinevi.com.tr\/index.php\/wp-json\/wp\/v2\/product_tag?post=720334"}],"curies":[{"name":"wp","href":"https:\/\/api.w.org\/{rel}","templated":true}]}}