{"id":720318,"date":"2025-08-27T18:34:31","date_gmt":"2025-08-27T15:34:31","guid":{"rendered":"https:\/\/roveyayinevi.com.tr\/index.php\/urun\/minik-balina\/"},"modified":"2026-04-16T02:28:05","modified_gmt":"2026-04-15T23:28:05","slug":"minik-balina","status":"publish","type":"product","link":"https:\/\/roveyayinevi.com.tr\/index.php\/urun\/minik-balina\/","title":{"rendered":"Minik Balina"},"content":{"rendered":"<p>Minik turuncu bal\u0131klarla dolu bir resifte ya\u015fayan minik bir turuncu bal\u0131k olmaktan \u00e7ok s\u0131k\u0131lan Gigi, bir yolculu\u011fa \u00e7\u0131kar ve kendini  minik mavi bal\u0131klarla dolu bir resifte bulur. Bu yeni arkada\u015flar\u0131yla tan\u0131\u015f\u0131rken birazc\u0131k -ama sadece birazc\u0131k!- abart\u0131p bir balina oldu\u011funu s\u00f6ylemesinde ne gibi bir sorun olabilir ki? Cesaret, arkada\u015fl\u0131k ve do\u011frulu\u011fun de\u011ferini; k\u00fc\u00e7\u00fck bir bal\u0131\u011f\u0131n bile ne kadar b\u00fcy\u00fck fark yaratabilece\u011fini anlatan e\u011flenceli bir hik\u00e2ye. <\/p>\n","protected":false},"excerpt":{"rendered":"<p>Minik turuncu bal\u0131klarla dolu bir resifte ya\u015fayan minik bir turuncu bal\u0131k olmaktan \u00e7ok s\u0131k\u0131lan Gigi, bir yolculu\u011fa \u00e7\u0131kar ve kendini minik mavi bal\u0131klarla dolu bir resifte<span class=\"excerpt-hellip\"> [\u2026]<\/span><\/p>\n","protected":false},"featured_media":0,"template":"","meta":{"_monsterinsights_skip_tracking":false,"_monsterinsights_sitenote_active":false,"_monsterinsights_sitenote_note":"","_monsterinsights_sitenote_category":0},"product_brand":[],"product_cat":[12274,12518],"product_tag":[],"class_list":{"0":"post-720318","1":"product","2":"type-product","3":"status-publish","5":"product_cat-cocuk-ve-genclik-kitaplari","6":"product_cat-okul-oncesi-kitaplar","7":"pa_cilt-ciltsiz","8":"pa_tur-kitap","9":"pa_yayinevi-domingo-yayinevi","10":"pa_yazar-joshua-george","12":"first","13":"instock","14":"sale","15":"shipping-taxable","16":"purchasable","17":"product-type-simple"},"_links":{"self":[{"href":"https:\/\/roveyayinevi.com.tr\/index.php\/wp-json\/wp\/v2\/product\/720318","targetHints":{"allow":["GET"]}}],"collection":[{"href":"https:\/\/roveyayinevi.com.tr\/index.php\/wp-json\/wp\/v2\/product"}],"about":[{"href":"https:\/\/roveyayinevi.com.tr\/index.php\/wp-json\/wp\/v2\/types\/product"}],"wp:attachment":[{"href":"https:\/\/roveyayinevi.com.tr\/index.php\/wp-json\/wp\/v2\/media?parent=720318"}],"wp:term":[{"taxonomy":"product_brand","embeddable":true,"href":"https:\/\/roveyayinevi.com.tr\/index.php\/wp-json\/wp\/v2\/product_brand?post=720318"},{"taxonomy":"product_cat","embeddable":true,"href":"https:\/\/roveyayinevi.com.tr\/index.php\/wp-json\/wp\/v2\/product_cat?post=720318"},{"taxonomy":"product_tag","embeddable":true,"href":"https:\/\/roveyayinevi.com.tr\/index.php\/wp-json\/wp\/v2\/product_tag?post=720318"}],"curies":[{"name":"wp","href":"https:\/\/api.w.org\/{rel}","templated":true}]}}