{"id":720312,"date":"2025-08-27T18:34:27","date_gmt":"2025-08-27T15:34:27","guid":{"rendered":"https:\/\/roveyayinevi.com.tr\/index.php\/urun\/neden-bu-sanat\/"},"modified":"2026-03-12T02:37:27","modified_gmt":"2026-03-11T23:37:27","slug":"neden-bu-sanat","status":"publish","type":"product","link":"https:\/\/roveyayinevi.com.tr\/index.php\/urun\/neden-bu-sanat\/","title":{"rendered":"Neden Bu Sanat?"},"content":{"rendered":"<p>Bu, neden sanat? Neden bir m\u00fczede duruyor? Sanat oldu\u011funu kim s\u00f6yl\u00fcyor? \u0130yi olarak nitelendirilmesinin nedeni nedir? Yazar Terry Barrett \u00e7a\u011fda\u015f sanat hakk\u0131nda bu ve benzeri sorular\u0131 g\u00fcndeme getirirken d\u00f6rt \u00f6nemli kaynaktan faydalan\u0131yor: farkl\u0131 alanlardan \u00e7ok \u00e7e\u015fitli cazip eser \u00f6rnekleri, eser sahibi sanat\u00e7\u0131lar, sanat filozoflar\u0131 ve sanat ele\u015ftirmenleri, Neden Bu Sanat? Soyut ve ger\u00e7ek\u00e7i resimler, an\u0131tsal heykeller, performans sanatlar\u0131, video yerle\u015ftirmeleri, filmler ve foto\u011fraf \u00f6rneklerinden olu\u015fan \u00e7a\u011fda\u015f sanat yoluyla \u00f6\u011frencilere yerle\u015fik kuramlar\u0131 tan\u0131t\u0131yor.Toplam 71 g\u00f6rsel i\u00e7eren bu kitapla okur;Yerle\u015fik sanat kuramlar\u0131 hakk\u0131nda bilgi sahibi olacak.Bu kuramlar\u0131 \u00e7a\u011fda\u015f sanat eserlerine uygulayacak.Verilen \u00f6rnekler sayesinde soyut fikirleri zihninde canland\u0131rabilecek.Bilgi edindi\u011fi kavramlarla ilgili d\u00fc\u015f\u00fcncelerini geli\u015ftirecek.Kitab\u0131n sonundaki s\u00f6zl\u00fck ile \u00e7a\u011fda\u015f sanat terimlerini kavrayabilecek.Postmodern sanat\u0131 keyifle yorumlayabilecek.&#8221;Harika bir kitap! Terry Barrett \u00e7a\u011fda\u015f sanat\u0131n anla\u015f\u0131lmas\u0131nda hayati \u00f6nem ta\u015f\u0131yan karma\u015f\u0131k d\u00fc\u015f\u00fcnceleri ustal\u0131kla ortaya koyuyor ve kitab\u0131n\u0131 \u00f6\u011frencilerin rahatl\u0131kla anlayabilece\u011fi bir dille kaleme al\u0131yor.&#8221;Patrick LUber, North Dakota \u00dcniversitesi&#8221;\u00c7a\u011fda\u015f sanat\u0131n ve s\u00f6ylemlerinin anla\u015f\u0131lmas\u0131nda okuru ayd\u0131nlatan kuramlar \u00fczerine kapsaml\u0131, iyi yap\u0131lanm\u0131\u015f ve zekice kotar\u0131lm\u0131\u015f bir giri\u015f. Ele al\u0131nan farkl\u0131 sanat\u00e7\u0131lar sayesinde kitap benzerlerinden ciddi \u015fekilde ayr\u0131l\u0131yor.&#8221;Derek Murrary, California \u00dcniversitesi, Santa Cruz&#8221;Bu kitap tam anlam\u0131yla m\u00fckemmel. Lisans \u00f6\u011frencilerim i\u00e7in harika bir kitap.&#8221;Irene Nero, Southeastern Louisiana \u00dcniversitesi<\/p>\n","protected":false},"excerpt":{"rendered":"<p>Bu, neden sanat? Neden bir m\u00fczede duruyor? Sanat oldu\u011funu kim s\u00f6yl\u00fcyor? \u0130yi olarak nitelendirilmesinin nedeni nedir? Yazar Terry Barrett \u00e7a\u011fda\u015f sanat hakk\u0131nda bu ve benzeri sorular\u0131<span class=\"excerpt-hellip\"> [\u2026]<\/span><\/p>\n","protected":false},"featured_media":0,"template":"","meta":{"_monsterinsights_skip_tracking":false,"_monsterinsights_sitenote_active":false,"_monsterinsights_sitenote_note":"","_monsterinsights_sitenote_category":0},"product_brand":[],"product_cat":[12408,14197],"product_tag":[],"class_list":{"0":"post-720312","1":"product","2":"type-product","3":"status-publish","5":"product_cat-sanat","6":"product_cat-sanat-tarihi","7":"pa_cilt-ciltsiz","8":"pa_tur-kitap","9":"pa_yayinevi-hayalperest-yayinlari","10":"pa_yazar-terry-barrett","12":"first","13":"instock","14":"sale","15":"shipping-taxable","16":"purchasable","17":"product-type-simple"},"_links":{"self":[{"href":"https:\/\/roveyayinevi.com.tr\/index.php\/wp-json\/wp\/v2\/product\/720312","targetHints":{"allow":["GET"]}}],"collection":[{"href":"https:\/\/roveyayinevi.com.tr\/index.php\/wp-json\/wp\/v2\/product"}],"about":[{"href":"https:\/\/roveyayinevi.com.tr\/index.php\/wp-json\/wp\/v2\/types\/product"}],"wp:attachment":[{"href":"https:\/\/roveyayinevi.com.tr\/index.php\/wp-json\/wp\/v2\/media?parent=720312"}],"wp:term":[{"taxonomy":"product_brand","embeddable":true,"href":"https:\/\/roveyayinevi.com.tr\/index.php\/wp-json\/wp\/v2\/product_brand?post=720312"},{"taxonomy":"product_cat","embeddable":true,"href":"https:\/\/roveyayinevi.com.tr\/index.php\/wp-json\/wp\/v2\/product_cat?post=720312"},{"taxonomy":"product_tag","embeddable":true,"href":"https:\/\/roveyayinevi.com.tr\/index.php\/wp-json\/wp\/v2\/product_tag?post=720312"}],"curies":[{"name":"wp","href":"https:\/\/api.w.org\/{rel}","templated":true}]}}