{"id":720307,"date":"2025-08-27T18:34:24","date_gmt":"2025-08-27T15:34:24","guid":{"rendered":"https:\/\/roveyayinevi.com.tr\/index.php\/urun\/kaybetmeden-once\/"},"modified":"2026-04-16T02:28:04","modified_gmt":"2026-04-15T23:28:04","slug":"kaybetmeden-once","status":"publish","type":"product","link":"https:\/\/roveyayinevi.com.tr\/index.php\/urun\/kaybetmeden-once\/","title":{"rendered":"Kaybetmeden \u00d6nce"},"content":{"rendered":"<p>\u201cKo\u0308r biri, go\u0308rmeye bas\u0327lay\u0131nca her go\u0308rdu\u0308g\u0306u\u0308ne inan\u0131rm\u0131s\u0327 derler. O\u0308zge gu\u0308ldu\u0308 ama kederle gu\u0308ldu\u0308. Kederin en olmad\u0131k yerlere gizlendig\u0306ini c\u0327ok o\u0308nceden, gerc\u0327eklerden o\u0308g\u0306renmis\u0327tim. Gerc\u0327ekler, umudu olanlar ic\u0327indir. Onlar neyin yalan, neyin sahici oldug\u0306unu bilmek zorundad\u0131r. Ben deg\u0306ilim.\u201d Kaybetmeden \u00d6nce, r\u00fcyan\u0131n en g\u00fczel yerinde uyananlar\u0131n hik\u00e2yesi\u2026 Orhan \u00d6zekinci; ge\u00e7mi\u015fi kalbinde bir yara gibi ta\u015f\u0131yanlar\u0131, hik\u00e2yesi hik\u00e2yesine denk gelen hayatlar\u0131, hi\u00e7 ya\u015fanmayacaklara inananlar\u0131 bulu\u015fturdu\u011fu bu ilk roman\u0131yla, okurlara ge\u00e7mi\u015f ve an aras\u0131nda gidip gelen s\u00fcr\u00fckleyici bir okuma deneyimi sunuyor. <\/p>\n","protected":false},"excerpt":{"rendered":"<p>\u201cKo\u0308r biri, go\u0308rmeye bas\u0327lay\u0131nca her go\u0308rdu\u0308g\u0306u\u0308ne inan\u0131rm\u0131s\u0327 derler. O\u0308zge gu\u0308ldu\u0308 ama kederle gu\u0308ldu\u0308. Kederin en olmad\u0131k yerlere gizlendig\u0306ini c\u0327ok o\u0308nceden, gerc\u0327eklerden o\u0308g\u0306renmis\u0327tim. Gerc\u0327ekler, umudu olanlar ic\u0327indir.<span class=\"excerpt-hellip\"> [\u2026]<\/span><\/p>\n","protected":false},"featured_media":0,"template":"","meta":{"_monsterinsights_skip_tracking":false,"_monsterinsights_sitenote_active":false,"_monsterinsights_sitenote_note":"","_monsterinsights_sitenote_category":0},"product_brand":[],"product_cat":[12291,12711],"product_tag":[],"class_list":{"0":"post-720307","1":"product","2":"type-product","3":"status-publish","5":"product_cat-edebiyat","6":"product_cat-roman-oyku","7":"pa_cilt-ciltsiz","8":"pa_tur-kitap","9":"pa_yayinevi-profil-kitap","10":"pa_yazar-orhan-ozekinci","12":"first","13":"instock","14":"sale","15":"shipping-taxable","16":"purchasable","17":"product-type-simple"},"_links":{"self":[{"href":"https:\/\/roveyayinevi.com.tr\/index.php\/wp-json\/wp\/v2\/product\/720307","targetHints":{"allow":["GET"]}}],"collection":[{"href":"https:\/\/roveyayinevi.com.tr\/index.php\/wp-json\/wp\/v2\/product"}],"about":[{"href":"https:\/\/roveyayinevi.com.tr\/index.php\/wp-json\/wp\/v2\/types\/product"}],"wp:attachment":[{"href":"https:\/\/roveyayinevi.com.tr\/index.php\/wp-json\/wp\/v2\/media?parent=720307"}],"wp:term":[{"taxonomy":"product_brand","embeddable":true,"href":"https:\/\/roveyayinevi.com.tr\/index.php\/wp-json\/wp\/v2\/product_brand?post=720307"},{"taxonomy":"product_cat","embeddable":true,"href":"https:\/\/roveyayinevi.com.tr\/index.php\/wp-json\/wp\/v2\/product_cat?post=720307"},{"taxonomy":"product_tag","embeddable":true,"href":"https:\/\/roveyayinevi.com.tr\/index.php\/wp-json\/wp\/v2\/product_tag?post=720307"}],"curies":[{"name":"wp","href":"https:\/\/api.w.org\/{rel}","templated":true}]}}