{"id":720299,"date":"2025-08-27T18:34:19","date_gmt":"2025-08-27T15:34:19","guid":{"rendered":"https:\/\/roveyayinevi.com.tr\/index.php\/urun\/kurt-sorunu\/"},"modified":"2026-04-16T02:28:04","modified_gmt":"2026-04-15T23:28:04","slug":"kurt-sorunu","status":"publish","type":"product","link":"https:\/\/roveyayinevi.com.tr\/index.php\/urun\/kurt-sorunu\/","title":{"rendered":"K\u00fcrt Sorunu"},"content":{"rendered":"<p>T\u00fcrkiye siyasetinde ve kamusal tart\u0131\u015fma alan\u0131nda d\u0131\u015f politikadan i\u00e7 siyasete, ekonomiden \u00e7evre sorunlar\u0131na, kutupla\u015fmadan \u00f6tekile\u015ftirme s\u00fcre\u00e7lerine kadar uzanan geni\u015f bir yelpazede ya\u015fanan; t\u00fcm geli\u015fmeleri yatay olarak kesen ya da bu geli\u015fmelerin ortak paydalar\u0131ndan biri olan \u201cK\u00fcrt sorunu\u201dna kar\u015f\u0131 ilginin hem yurt i\u00e7inde hem de yurt d\u0131\u015f\u0131nda yeniden canland\u0131\u011f\u0131n\u0131 g\u00f6zlemliyoruz. Ayn\u0131 zamanda, \u00e7at\u0131\u015fma \u00e7\u00f6z\u00fcm\u00fc alan\u0131nda son d\u00f6nemde yap\u0131lan \u00e7al\u0131\u015fmalara bakt\u0131\u011f\u0131m\u0131z zaman, bu \u00e7al\u0131\u015fmalar i\u00e7inde kentle\u015fme, kent mek\u00e2n\u0131n\u0131n y\u00f6netimi ve yerel dinamiklere artan bi\u00e7imde ilgi g\u00f6sterildi\u011fini g\u00f6r\u00fcyoruz. Buna kar\u015f\u0131n, T\u00fcrkiye\u2019de, \u00e7at\u0131\u015fma \u00e7\u00f6z\u00fcm\u00fc alan\u0131nda yap\u0131lan \u00e7al\u0131\u015fmalarda bu t\u00fcr bir ilginin h\u00e2l\u00e2 yeterince geli\u015fmedi\u011fi ger\u00e7e\u011fiyle de kar\u015f\u0131 kar\u015f\u0131yay\u0131z. Bu nedenle T\u00fcrkiye \u00f6rne\u011finde K\u00fcrt sorununu yerel dinamikler-\u00e7at\u0131\u015fma \u00e7\u00f6z\u00fcm\u00fc ili\u015fkisi i\u00e7inde de\u011ferlendirmenin gerekli oldu\u011fu d\u00fc\u015f\u00fcncesinden hareketle elinizdeki kitap \u00e7al\u0131\u015fmam\u0131z\u0131 ger\u00e7ekle\u015ftirdik.<\/p>\n","protected":false},"excerpt":{"rendered":"<p>T\u00fcrkiye siyasetinde ve kamusal tart\u0131\u015fma alan\u0131nda d\u0131\u015f politikadan i\u00e7 siyasete, ekonomiden \u00e7evre sorunlar\u0131na, kutupla\u015fmadan \u00f6tekile\u015ftirme s\u00fcre\u00e7lerine kadar uzanan geni\u015f bir yelpazede ya\u015fanan; t\u00fcm geli\u015fmeleri yatay olarak<span class=\"excerpt-hellip\"> [\u2026]<\/span><\/p>\n","protected":false},"featured_media":0,"template":"","meta":{"_monsterinsights_skip_tracking":false,"_monsterinsights_sitenote_active":false,"_monsterinsights_sitenote_note":"","_monsterinsights_sitenote_category":0},"product_brand":[],"product_cat":[12337,14543],"product_tag":[],"class_list":{"0":"post-720299","1":"product","2":"type-product","3":"status-publish","5":"product_cat-politika-siyaset","6":"product_cat-turkiye-siyaseti-ve-politikasi","7":"pa_cilt-ciltsiz","8":"pa_tur-kitap","9":"pa_yayinevi-ayrinti-yayinlari","10":"pa_yazar-e-fuat-keyman-ayse-kose-badur","12":"first","13":"instock","14":"sale","15":"shipping-taxable","16":"purchasable","17":"product-type-simple"},"_links":{"self":[{"href":"https:\/\/roveyayinevi.com.tr\/index.php\/wp-json\/wp\/v2\/product\/720299","targetHints":{"allow":["GET"]}}],"collection":[{"href":"https:\/\/roveyayinevi.com.tr\/index.php\/wp-json\/wp\/v2\/product"}],"about":[{"href":"https:\/\/roveyayinevi.com.tr\/index.php\/wp-json\/wp\/v2\/types\/product"}],"wp:attachment":[{"href":"https:\/\/roveyayinevi.com.tr\/index.php\/wp-json\/wp\/v2\/media?parent=720299"}],"wp:term":[{"taxonomy":"product_brand","embeddable":true,"href":"https:\/\/roveyayinevi.com.tr\/index.php\/wp-json\/wp\/v2\/product_brand?post=720299"},{"taxonomy":"product_cat","embeddable":true,"href":"https:\/\/roveyayinevi.com.tr\/index.php\/wp-json\/wp\/v2\/product_cat?post=720299"},{"taxonomy":"product_tag","embeddable":true,"href":"https:\/\/roveyayinevi.com.tr\/index.php\/wp-json\/wp\/v2\/product_tag?post=720299"}],"curies":[{"name":"wp","href":"https:\/\/api.w.org\/{rel}","templated":true}]}}