{"id":720296,"date":"2025-08-27T18:34:17","date_gmt":"2025-08-27T15:34:17","guid":{"rendered":"https:\/\/roveyayinevi.com.tr\/index.php\/urun\/berceste-beyitler-2\/"},"modified":"2026-04-16T02:28:04","modified_gmt":"2026-04-15T23:28:04","slug":"berceste-beyitler-2","status":"publish","type":"product","link":"https:\/\/roveyayinevi.com.tr\/index.php\/urun\/berceste-beyitler-2\/","title":{"rendered":"Berceste Beyitler 2"},"content":{"rendered":"<p>D\u00f6n\u00fclmez ak\u015fam\u0131n ufkuna hen\u00fcz varmad\u0131\u011f\u0131m\u0131z, vaktin \u00e7ok ge\u00e7 olmad\u0131\u011f\u0131 demlerde g\u00fczeran ederken, geldi ge\u00e7ti \u00f6mr\u00fcm benim \u015fol yel esip ge\u00e7mi\u015f gibi, demeden, yeniden hayat\u0131 m\u00e2n\u00e2land\u0131rmam\u0131z gerekiyor. Anlayamad\u0131\u011f\u0131m\u0131z \u015feyleri yok farz etme kolayl\u0131\u011f\u0131ndan ka\u00e7arak, biraz gayretle, acaba anlayabilir miyiz, sorumlulu\u011funa do\u011fru yol alma i\u015fini \u00fcstlenmeye \u00e7al\u0131\u015ft\u0131k. Lisan\u0131n sadece insanlar aras\u0131nda bir anla\u015fma arac\u0131 olmad\u0131\u011f\u0131n\u0131 ayn\u0131 zamanda nesiller aras\u0131nda bir k\u00f6pr\u00fc vazifesi g\u00f6rd\u00fc\u011f\u00fcn\u00fc idrak ederek nesilleri birbirine rabtetmeye gayret ettik. Ecdad\u0131m\u0131z\u0131n manev\u00ee miras\u0131n\u0131n g\u00f6zler \u00f6n\u00fcne serilmesine k\u00fc\u00e7\u00fck de olsa bir katk\u0131s\u0131 olursa, bu eser gayesine ula\u015fm\u0131\u015f say\u0131lacakt\u0131r. Bu eserin fikri, hissiyat\u0131, kabiliyeti b\u00fcy\u00fck yara alm\u0131\u015f g\u00fcn\u00fcm\u00fcz insan\u0131na yeni ufuklar a\u00e7mas\u0131 temel gayelerimiz aras\u0131ndad\u0131r. Berceste Beyitler haz\u0131rlan\u0131rken \u015fiirlerin Arap harfli T\u00fcrk alfabesiyle yaz\u0131m\u0131, vezni, L\u00e2tin harfleriyle yaz\u0131m\u0131, \u015fairi ve g\u00fcn\u00fcm\u00fcz T\u00fcrk\u00e7esine aktar\u0131lm\u0131\u015f h\u00e2lleri bir arada verildi. Bununla, kitab\u0131 eline alan okurun bir beyitle ilgili izah edilmesi gereken hemen her \u015feyi bir arada g\u00f6rmesi ve klas\u0131k \u015fiir deryas\u0131ndan bir nebze de olsa tatmas\u0131 ama\u00e7land\u0131. T\u00fcrk\u00e7e \u015fiirlerin yan\u0131 s\u0131ra zaman zaman Fars\u00e7a \u015fiir par\u00e7alar\u0131na da yer verildi. \u0130nsano\u011flunun m\u00fc\u015fterek yiti\u011fi olan hikmetin pe\u015fine d\u00fc\u015f\u00fclmeye \u00e7al\u0131\u015f\u0131ld\u0131. <\/p>\n","protected":false},"excerpt":{"rendered":"<p>D\u00f6n\u00fclmez ak\u015fam\u0131n ufkuna hen\u00fcz varmad\u0131\u011f\u0131m\u0131z, vaktin \u00e7ok ge\u00e7 olmad\u0131\u011f\u0131 demlerde g\u00fczeran ederken, geldi ge\u00e7ti \u00f6mr\u00fcm benim \u015fol yel esip ge\u00e7mi\u015f gibi, demeden, yeniden hayat\u0131 m\u00e2n\u00e2land\u0131rmam\u0131z gerekiyor.<span class=\"excerpt-hellip\"> [\u2026]<\/span><\/p>\n","protected":false},"featured_media":0,"template":"","meta":{"_monsterinsights_skip_tracking":false,"_monsterinsights_sitenote_active":false,"_monsterinsights_sitenote_note":"","_monsterinsights_sitenote_category":0},"product_brand":[],"product_cat":[12291,12509],"product_tag":[],"class_list":{"0":"post-720296","1":"product","2":"type-product","3":"status-publish","5":"product_cat-edebiyat","6":"product_cat-siir","7":"pa_cilt-ciltsiz","8":"pa_tur-kitap","9":"pa_yayinevi-otuken-nesriyat","10":"pa_yazar-emrah-gokce","12":"first","13":"instock","14":"sale","15":"shipping-taxable","16":"purchasable","17":"product-type-simple"},"_links":{"self":[{"href":"https:\/\/roveyayinevi.com.tr\/index.php\/wp-json\/wp\/v2\/product\/720296","targetHints":{"allow":["GET"]}}],"collection":[{"href":"https:\/\/roveyayinevi.com.tr\/index.php\/wp-json\/wp\/v2\/product"}],"about":[{"href":"https:\/\/roveyayinevi.com.tr\/index.php\/wp-json\/wp\/v2\/types\/product"}],"wp:attachment":[{"href":"https:\/\/roveyayinevi.com.tr\/index.php\/wp-json\/wp\/v2\/media?parent=720296"}],"wp:term":[{"taxonomy":"product_brand","embeddable":true,"href":"https:\/\/roveyayinevi.com.tr\/index.php\/wp-json\/wp\/v2\/product_brand?post=720296"},{"taxonomy":"product_cat","embeddable":true,"href":"https:\/\/roveyayinevi.com.tr\/index.php\/wp-json\/wp\/v2\/product_cat?post=720296"},{"taxonomy":"product_tag","embeddable":true,"href":"https:\/\/roveyayinevi.com.tr\/index.php\/wp-json\/wp\/v2\/product_tag?post=720296"}],"curies":[{"name":"wp","href":"https:\/\/api.w.org\/{rel}","templated":true}]}}