{"id":720283,"date":"2025-08-27T18:34:08","date_gmt":"2025-08-27T15:34:08","guid":{"rendered":"https:\/\/roveyayinevi.com.tr\/index.php\/urun\/olani-sevmek\/"},"modified":"2026-04-15T02:37:55","modified_gmt":"2026-04-14T23:37:55","slug":"olani-sevmek","status":"publish","type":"product","link":"https:\/\/roveyayinevi.com.tr\/index.php\/urun\/olani-sevmek\/","title":{"rendered":"Olan\u0131 Sevmek"},"content":{"rendered":"<p>Byron Katie&#8217;nin The Work (\u00c7al\u0131sma)s\u0131 gezegenimiz i\u00e7inb\u00fcy\u00fck bir nimet. Hayat\u0131mda bu kadar k\u0131sa s\u00fcrede insanhayat\u0131na etki eden bir terapi y\u00f6ntemi g\u00f6rmedim. Olan\u0131 Sevmek size bir anahtar sunuyor. Onu kullan\u0131n.-Eckhart Tolle, \u015eimdi&#8217;nin G\u00fcc\u00fcn\u00fcn yazar\u0131-D\u00fcnya&#8217;n\u0131n en \u00fcnl\u00fc ki\u015fisel geli\u015fim terapisti Byron Katie&#8217;den The Work (\u00c7al\u0131\u015fma) ad\u0131 verilen semineri ve seanslar\u0131 bundan sonra hayat\u0131n\u0131z\u0131n \u00f6n\u00fcnde bir \u0131\u015f\u0131k olacak, kar\u015f\u0131la\u015ft\u0131\u011f\u0131n\u0131z b\u00fct\u00fcn sorunlar\u0131 bu mucizevi 4 soru ile kendiniz de \u00e7\u00f6zebileceksiniz.Bu do\u011fru mu?Bunun do\u011fru oldu\u011funu kesinlikle bilebilir misin?Bunu d\u00fc\u015f\u00fcnd\u00fc\u011f\u00fcnde nas\u0131l tepki veriyorsun?Bu d\u00fc\u015f\u00fcnce olmasa sen kim olurdun?\u0130\u015fte bu mucizevi 4 soru b\u00fct\u00fcn hayat\u0131n\u0131z\u0131 ba\u015ftan a\u015fa\u011f\u0131 yenileyecek.Byron Katie ger\u00e7e\u011fe uyanmak diye adland\u0131rd\u0131\u011f\u0131 olay\u0131 1986&#8217;da ya\u015fad\u0131 ve o g\u00fcnden beri The Work (\u00c7al\u0131sma)&#8217;y\u0131 yery\u00fcz\u00fcnde y\u00fcz binlerce ki\u015fiye tan\u0131tt\u0131. Toplumsal etkinliklerinin yan\u0131 s\u0131ra i\u015f \u00e7evrelerine, \u00fcniversitelere, okullara, hapishanelere ve hastanelere tan\u0131tt\u0131.<\/p>\n","protected":false},"excerpt":{"rendered":"<p>Byron Katie&#8217;nin The Work (\u00c7al\u0131sma)s\u0131 gezegenimiz i\u00e7inb\u00fcy\u00fck bir nimet. Hayat\u0131mda bu kadar k\u0131sa s\u00fcrede insanhayat\u0131na etki eden bir terapi y\u00f6ntemi g\u00f6rmedim. Olan\u0131 Sevmek size bir anahtar<span class=\"excerpt-hellip\"> [\u2026]<\/span><\/p>\n","protected":false},"featured_media":0,"template":"","meta":{"_monsterinsights_skip_tracking":false,"_monsterinsights_sitenote_active":false,"_monsterinsights_sitenote_note":"","_monsterinsights_sitenote_category":0},"product_brand":[],"product_cat":[12364,12376],"product_tag":[],"class_list":{"0":"post-720283","1":"product","2":"type-product","3":"status-publish","5":"product_cat-genel-konular","6":"product_cat-kisisel-gelisim","7":"pa_cilt-ciltsiz","8":"pa_tur-kitap","9":"pa_yayinevi-butik-yayinlari","10":"pa_yazar-stephen-mitchell","12":"first","13":"instock","14":"sale","15":"shipping-taxable","16":"purchasable","17":"product-type-simple"},"_links":{"self":[{"href":"https:\/\/roveyayinevi.com.tr\/index.php\/wp-json\/wp\/v2\/product\/720283","targetHints":{"allow":["GET"]}}],"collection":[{"href":"https:\/\/roveyayinevi.com.tr\/index.php\/wp-json\/wp\/v2\/product"}],"about":[{"href":"https:\/\/roveyayinevi.com.tr\/index.php\/wp-json\/wp\/v2\/types\/product"}],"wp:attachment":[{"href":"https:\/\/roveyayinevi.com.tr\/index.php\/wp-json\/wp\/v2\/media?parent=720283"}],"wp:term":[{"taxonomy":"product_brand","embeddable":true,"href":"https:\/\/roveyayinevi.com.tr\/index.php\/wp-json\/wp\/v2\/product_brand?post=720283"},{"taxonomy":"product_cat","embeddable":true,"href":"https:\/\/roveyayinevi.com.tr\/index.php\/wp-json\/wp\/v2\/product_cat?post=720283"},{"taxonomy":"product_tag","embeddable":true,"href":"https:\/\/roveyayinevi.com.tr\/index.php\/wp-json\/wp\/v2\/product_tag?post=720283"}],"curies":[{"name":"wp","href":"https:\/\/api.w.org\/{rel}","templated":true}]}}