{"id":720279,"date":"2025-08-27T18:34:05","date_gmt":"2025-08-27T15:34:05","guid":{"rendered":"https:\/\/roveyayinevi.com.tr\/index.php\/urun\/alexis-de-tocqueville\/"},"modified":"2026-04-16T02:28:04","modified_gmt":"2026-04-15T23:28:04","slug":"alexis-de-tocqueville","status":"publish","type":"product","link":"https:\/\/roveyayinevi.com.tr\/index.php\/urun\/alexis-de-tocqueville\/","title":{"rendered":"Alexis de Tocqueville"},"content":{"rendered":"<p>Tocqueville, liberal emperyalizm \u00e7a\u011f\u0131n\u0131n etkili bir d\u00fc\u015f\u00fcn\u00fcr\u00fcd\u00fcr. Wilhelm Dilthey, onu t\u00fcm zamanlar\u0131n en b\u00fcy\u00fck \u00fc\u00e7 siyaset d\u00fc\u015f\u00fcn\u00fcr\u00fc aras\u0131nda sayar. Ama d\u00f6neminin di\u011fer d\u00fc\u015f\u00fcn\u00fcrlerinin aksine Tocqueville \u00fclkemizde pek tan\u0131nmaz. Elinizdeki eser Tocqueville\u2019in modern toplumun temel karakteri hakk\u0131ndaki yakla\u015f\u0131m\u0131n\u0131 merkeze alarak b\u00fct\u00fcnl\u00fckl\u00fc bir okuma \u00f6nermektedir. Tocqueville\u2019in, demokrasi, e\u015fitlik, \u00f6zg\u00fcrl\u00fck, s\u00f6m\u00fcrge ve \u00f6teki meselesi hakk\u0131ndaki fikirlerini yak\u0131ndan incelemek, bize bir par\u00e7as\u0131 oldu\u011fumuz modern toplum ve siyasetin ger\u00e7ek do\u011fas\u0131na dair bir kavray\u0131\u015f kazand\u0131racakt\u0131r. Elinizdeki kitap yeni bir okumayla sosyal teoriye yeni bir a\u00e7\u0131l\u0131m getirmektedir. \u201cEmek \u00fcr\u00fcn\u00fc bir \u00e7al\u0131\u015fma! Bu kitap Tocqueville\u2019in fikriyat\u0131n\u0131 \u00f6zl\u00fc ve ele\u015ftirel bir \u015fekilde anlat\u0131yor.\u201d Prof. Dr. Ali Ya\u015far Sar\u0131bay \u201cTocqueville\u2019i yeni bir bak\u0131\u015fla okuyabilmek i\u00e7in harika bir ba\u015flang\u0131\u00e7.\u201d Prof. Dr. Haluk Alkan   \u201cBilimsel olarak derin, entelekt\u00fcel olarak \u00e7arp\u0131c\u0131! Bu \u00e7al\u0131\u015fma klasik sosyolojiyi yeniden d\u00fc\u015f\u00fcnmek i\u00e7in yeni bir bak\u0131\u015f sunuyor.\u201d Prof. Dr. Mahmut Hakk\u0131<\/p>\n","protected":false},"excerpt":{"rendered":"<p>Tocqueville, liberal emperyalizm \u00e7a\u011f\u0131n\u0131n etkili bir d\u00fc\u015f\u00fcn\u00fcr\u00fcd\u00fcr. Wilhelm Dilthey, onu t\u00fcm zamanlar\u0131n en b\u00fcy\u00fck \u00fc\u00e7 siyaset d\u00fc\u015f\u00fcn\u00fcr\u00fc aras\u0131nda sayar. Ama d\u00f6neminin di\u011fer d\u00fc\u015f\u00fcn\u00fcrlerinin aksine Tocqueville \u00fclkemizde<span class=\"excerpt-hellip\"> [\u2026]<\/span><\/p>\n","protected":false},"featured_media":0,"template":"","meta":{"_monsterinsights_skip_tracking":false,"_monsterinsights_sitenote_active":false,"_monsterinsights_sitenote_note":"","_monsterinsights_sitenote_category":0},"product_brand":[],"product_cat":[13072,12291],"product_tag":[],"class_list":{"0":"post-720279","1":"product","2":"type-product","3":"status-publish","5":"product_cat-arastirma-inceleme-referans","6":"product_cat-edebiyat","7":"pa_cilt-ciltsiz","8":"pa_tur-kitap","9":"pa_yayinevi-ketebe-yayinlari","10":"pa_yazar-lutfi-sunar","12":"first","13":"instock","14":"sale","15":"shipping-taxable","16":"purchasable","17":"product-type-simple"},"_links":{"self":[{"href":"https:\/\/roveyayinevi.com.tr\/index.php\/wp-json\/wp\/v2\/product\/720279","targetHints":{"allow":["GET"]}}],"collection":[{"href":"https:\/\/roveyayinevi.com.tr\/index.php\/wp-json\/wp\/v2\/product"}],"about":[{"href":"https:\/\/roveyayinevi.com.tr\/index.php\/wp-json\/wp\/v2\/types\/product"}],"wp:attachment":[{"href":"https:\/\/roveyayinevi.com.tr\/index.php\/wp-json\/wp\/v2\/media?parent=720279"}],"wp:term":[{"taxonomy":"product_brand","embeddable":true,"href":"https:\/\/roveyayinevi.com.tr\/index.php\/wp-json\/wp\/v2\/product_brand?post=720279"},{"taxonomy":"product_cat","embeddable":true,"href":"https:\/\/roveyayinevi.com.tr\/index.php\/wp-json\/wp\/v2\/product_cat?post=720279"},{"taxonomy":"product_tag","embeddable":true,"href":"https:\/\/roveyayinevi.com.tr\/index.php\/wp-json\/wp\/v2\/product_tag?post=720279"}],"curies":[{"name":"wp","href":"https:\/\/api.w.org\/{rel}","templated":true}]}}