{"id":720274,"date":"2025-08-27T18:34:01","date_gmt":"2025-08-27T15:34:01","guid":{"rendered":"https:\/\/roveyayinevi.com.tr\/index.php\/urun\/hos-sada-ciltli\/"},"modified":"2026-04-16T02:28:04","modified_gmt":"2026-04-15T23:28:04","slug":"hos-sada-ciltli","status":"publish","type":"product","link":"https:\/\/roveyayinevi.com.tr\/index.php\/urun\/hos-sada-ciltli\/","title":{"rendered":"Ho\u015f Sada (Ciltli)"},"content":{"rendered":"<p>Bug\u00fcn bestelerini, g\u00fcftelerini, na\u011fmelerini, sazlar\u0131n\u0131 b\u00fcy\u00fck bir zevkle dinledi\u011fimiz musiki \u00fcstadlar\u0131n\u0131 bir araya getiren \u0130bn\u00fclemin Mahmut Kemal \u0130nal\u2019\u0131n kona\u011f\u0131 adeta bir musiki akademisiydi. \u0130bn\u00fclemin, devrin b\u00fcy\u00fck musiki \u00fcstadlar\u0131yla dostluklar kurdu, kona\u011f\u0131ndaki musiki ziyafetlerinde onlarla birarada bulundu. Kimini uzaktan, kimini yak\u0131ndan tan\u0131d\u0131. Son devrin musiki\u015finaslar\u0131na dair bir\u00e7ok farkl\u0131 kaynaktan toplad\u0131\u011f\u0131 b\u00fct\u00fcn bilgileri Ho\u015f Sad\u00e2\u2019da biraraya getirdi. \u201c\u00dcstad, Ho\u015f Sad\u00e2 isimli eserinden s\u0131k s\u0131k bahsederdi; biz o tarihlerde bestek\u00e2rlar ve musiki tarihimiz hakk\u0131nda bilgi edinecek kaynak bulamazd\u0131k ve bu eserin bir an evvel yay\u0131nlanmas\u0131 i\u00e7in dua ederek bekle\u015firdik. Eserin musiki kitapl\u0131\u011f\u0131m\u0131zdaki yeri emsalsizdir.\u201d Prof.Dr. Nevzad Atl\u0131\u011f   \u201c\u0130bn\u00fclemin Mahmut Kemal, seksen yedi y\u0131ll\u0131k hayat\u0131n\u0131n yetmi\u015f y\u0131l\u0131n\u0131 okumak, aramak ve yazmakla ge\u00e7irmi\u015ftir. Onu, b\u00fct\u00fcn cepheleri, b\u00fct\u00fcn hizmetleriyle birka\u00e7 s\u00fctuna s\u0131\u011fd\u0131ramay\u0131z. Ama iki b\u00fcy\u00fck sanat\u00e7\u0131m\u0131z, S\u00fcleyman Nazif ile Yahya Kemal, \u015fu iki m\u0131sraya s\u0131\u011fd\u0131rm\u0131\u015flard\u0131r: Hez\u00e2r g\u0131pta o devr-i kadim efendisine, Ne kendi kimseye benzer, ne kimse kendisine!\u201d Yusuf Ziya Orta\u00e7 <\/p>\n","protected":false},"excerpt":{"rendered":"<p>Bug\u00fcn bestelerini, g\u00fcftelerini, na\u011fmelerini, sazlar\u0131n\u0131 b\u00fcy\u00fck bir zevkle dinledi\u011fimiz musiki \u00fcstadlar\u0131n\u0131 bir araya getiren \u0130bn\u00fclemin Mahmut Kemal \u0130nal\u2019\u0131n kona\u011f\u0131 adeta bir musiki akademisiydi. \u0130bn\u00fclemin, devrin b\u00fcy\u00fck<span class=\"excerpt-hellip\"> [\u2026]<\/span><\/p>\n","protected":false},"featured_media":0,"template":"","meta":{"_monsterinsights_skip_tracking":false,"_monsterinsights_sitenote_active":false,"_monsterinsights_sitenote_note":"","_monsterinsights_sitenote_category":0},"product_brand":[],"product_cat":[14009,12291],"product_tag":[],"class_list":{"0":"post-720274","1":"product","2":"type-product","3":"status-publish","5":"product_cat-biyografi-otobiyografi-edebiyat","6":"product_cat-edebiyat","7":"pa_cilt-ciltli","8":"pa_tur-kitap","9":"pa_yayinevi-ketebe-yayinlari","10":"pa_yazar-ibnulemin-mahmut-kemal-inal","12":"first","13":"instock","14":"sale","15":"shipping-taxable","16":"purchasable","17":"product-type-simple"},"_links":{"self":[{"href":"https:\/\/roveyayinevi.com.tr\/index.php\/wp-json\/wp\/v2\/product\/720274","targetHints":{"allow":["GET"]}}],"collection":[{"href":"https:\/\/roveyayinevi.com.tr\/index.php\/wp-json\/wp\/v2\/product"}],"about":[{"href":"https:\/\/roveyayinevi.com.tr\/index.php\/wp-json\/wp\/v2\/types\/product"}],"wp:attachment":[{"href":"https:\/\/roveyayinevi.com.tr\/index.php\/wp-json\/wp\/v2\/media?parent=720274"}],"wp:term":[{"taxonomy":"product_brand","embeddable":true,"href":"https:\/\/roveyayinevi.com.tr\/index.php\/wp-json\/wp\/v2\/product_brand?post=720274"},{"taxonomy":"product_cat","embeddable":true,"href":"https:\/\/roveyayinevi.com.tr\/index.php\/wp-json\/wp\/v2\/product_cat?post=720274"},{"taxonomy":"product_tag","embeddable":true,"href":"https:\/\/roveyayinevi.com.tr\/index.php\/wp-json\/wp\/v2\/product_tag?post=720274"}],"curies":[{"name":"wp","href":"https:\/\/api.w.org\/{rel}","templated":true}]}}