{"id":720266,"date":"2025-08-27T18:33:56","date_gmt":"2025-08-27T15:33:56","guid":{"rendered":"https:\/\/roveyayinevi.com.tr\/index.php\/urun\/divan-6\/"},"modified":"2026-04-16T02:28:03","modified_gmt":"2026-04-15T23:28:03","slug":"divan-6","status":"publish","type":"product","link":"https:\/\/roveyayinevi.com.tr\/index.php\/urun\/divan-6\/","title":{"rendered":"Divan"},"content":{"rendered":"<p>Turgut Uyar\u2019dan gelene\u011fi d\u00f6n\u00fc\u015ft\u00fcren \u015fiirler DivanMu\u015f-Tatvan yolunda bir g\u00fcn senin ak\u015fam\u0131n ne kiorada her zaman otlar otlar ergenlikler kanarel ele gitti\u011fimiz bir yolda sen gitgide b\u00fcy\u00fcrsenbenim i\u00e7imde \u00e7ok beklemi\u015f, \u00e7ok eski bir yer kanarYap\u0131 Kredi Yay\u0131nlar\u0131 modern \u015fiirimizi yaratan ustalar\u0131n kitaplar\u0131n\u0131n ayr\u0131 bas\u0131mlar\u0131n\u0131 s\u00fcrd\u00fcr\u00fcyor. Turgut Uyar\u2019\u0131n alt\u0131nc\u0131 kitab\u0131 Divan \u00e7a\u011fda\u015f bir i\u00e7eri\u011fi divan \u015fiiri gelene\u011finin kal\u0131plar\u0131yla yeniden s\u00f6ylemek ba\u011flam\u0131nda T\u00fcrk \u015fiirinin kendine \u00f6zg\u00fc kitaplar\u0131ndan biridir. Gelenekten yararlanmaktan \u00e7ok gelene\u011fi d\u00f6n\u00fc\u015ft\u00fcrmenin pe\u015findeki Turgut Uyar bunu ustala\u015fm\u0131\u015f bir \u015fiir sezgisi ve becerisiyle yapar.Divan, 1970 y\u0131l\u0131ndaki ilk bask\u0131s\u0131ndan 49 y\u0131l sonra yeni bir ayr\u0131 bas\u0131mla okuruyla bulu\u015fuyor.<\/p>\n","protected":false},"excerpt":{"rendered":"<p>Turgut Uyar\u2019dan gelene\u011fi d\u00f6n\u00fc\u015ft\u00fcren \u015fiirler DivanMu\u015f-Tatvan yolunda bir g\u00fcn senin ak\u015fam\u0131n ne kiorada her zaman otlar otlar ergenlikler kanarel ele gitti\u011fimiz bir yolda sen gitgide b\u00fcy\u00fcrsenbenim<span class=\"excerpt-hellip\"> [\u2026]<\/span><\/p>\n","protected":false},"featured_media":0,"template":"","meta":{"_monsterinsights_skip_tracking":false,"_monsterinsights_sitenote_active":false,"_monsterinsights_sitenote_note":"","_monsterinsights_sitenote_category":0},"product_brand":[],"product_cat":[12291,12509],"product_tag":[],"class_list":{"0":"post-720266","1":"product","2":"type-product","3":"status-publish","5":"product_cat-edebiyat","6":"product_cat-siir","7":"pa_cilt-ciltsiz","8":"pa_tur-kitap","9":"pa_yayinevi-yapi-kredi-yayinlari","10":"pa_yazar-turgut-uyar","12":"first","13":"instock","14":"sale","15":"shipping-taxable","16":"purchasable","17":"product-type-simple"},"_links":{"self":[{"href":"https:\/\/roveyayinevi.com.tr\/index.php\/wp-json\/wp\/v2\/product\/720266","targetHints":{"allow":["GET"]}}],"collection":[{"href":"https:\/\/roveyayinevi.com.tr\/index.php\/wp-json\/wp\/v2\/product"}],"about":[{"href":"https:\/\/roveyayinevi.com.tr\/index.php\/wp-json\/wp\/v2\/types\/product"}],"wp:attachment":[{"href":"https:\/\/roveyayinevi.com.tr\/index.php\/wp-json\/wp\/v2\/media?parent=720266"}],"wp:term":[{"taxonomy":"product_brand","embeddable":true,"href":"https:\/\/roveyayinevi.com.tr\/index.php\/wp-json\/wp\/v2\/product_brand?post=720266"},{"taxonomy":"product_cat","embeddable":true,"href":"https:\/\/roveyayinevi.com.tr\/index.php\/wp-json\/wp\/v2\/product_cat?post=720266"},{"taxonomy":"product_tag","embeddable":true,"href":"https:\/\/roveyayinevi.com.tr\/index.php\/wp-json\/wp\/v2\/product_tag?post=720266"}],"curies":[{"name":"wp","href":"https:\/\/api.w.org\/{rel}","templated":true}]}}