{"id":720264,"date":"2025-08-27T18:33:54","date_gmt":"2025-08-27T15:33:54","guid":{"rendered":"https:\/\/roveyayinevi.com.tr\/index.php\/urun\/kayip\/"},"modified":"2026-04-16T02:28:03","modified_gmt":"2026-04-15T23:28:03","slug":"kayip","status":"publish","type":"product","link":"https:\/\/roveyayinevi.com.tr\/index.php\/urun\/kayip\/","title":{"rendered":"Kay\u0131p"},"content":{"rendered":"<p>\u00c7ocuk kitaplar\u0131 yazar\u0131 Stephen \u00fc\u00e7 ya\u015f\u0131ndaki k\u0131z\u0131 Kate ile gitti\u011fi s\u00fcpermarketten eve yaln\u0131z ba\u015f\u0131na d\u00f6ner ve kar\u0131s\u0131na d\u00fcnyan\u0131n en k\u00f6t\u00fc haberini verir. K\u0131zlar\u0131 kaybolmu\u015ftur.Su\u00e7luluk duygusu doymak bilmez bir a\u00e7l\u0131kla b\u00fct\u00fcn \u00fcmitleri yutarken, iki insan\u0131n hayat\u0131 ak\u0131llar\u0131n\u0131n almayaca\u011f\u0131 bi\u00e7imde sars\u0131l\u0131r. Zaman\u0131n ge\u00e7iremeyece\u011fi bir ac\u0131 m\u0131d\u0131r bu, yoksa her \u015fey yitirilirken h\u00e2l\u00e2 yap\u0131lacak bir \u015feyler var m\u0131d\u0131r? \u00c7a\u011fda\u015f \u0130ngiliz edebiyat\u0131n\u0131n \u00f6nemli isimlerinden, Man Booker \u00d6d\u00fcl\u00fc sahibi Ian McEwan Kay\u0131p\u2019ta, \u0130ngiltere\u2019nin bunalt\u0131c\u0131 siyasi atmosferinde \u00e7ok temel bir ac\u0131n\u0131n ku\u015fatt\u0131\u011f\u0131 bir aileyi ve en b\u00fcy\u00fck \u00fcz\u00fcnt\u00fclerin en s\u0131radan sorunlardan do\u011fdu\u011funu anlat\u0131yor. B\u00fct\u00fcn bunlar\u0131 yaparken de okura zaman, insan\u0131n kendini lanetlemesi, \u00e7ocukluk ve b\u00fcy\u00fcmek \u00fczerine yeni fikirler ve ke\u015fifler sunuyor. Kay\u0131p kusursuzca yaz\u0131lm\u0131\u015f, etkileyici, ciddi, okumaya de\u011fer bir kitap. Masumiyeti kullan\u0131yor; hani \u015fu b\u00fcy\u00fck \u0130ngiliz yazarlar\u0131n her zaman ba\u015far\u0131yla ele ge\u00e7irdikleri, elde etmesi deneyimlemekten daha zor olan masumiyeti. Deh\u015fete d\u00fc\u015fmek, yenilenmek, ne\u015felenmek, canlanmak istiyorsan\u0131z bu kitab\u0131 okuyun. &#8211;  John Carey, Sunday Times   Katlan\u0131lmaz bir dolays\u0131zl\u0131\u011fa sahip yaz\u0131m\u0131yla; tuhaf, entelekt\u00fcel oyunbazl\u0131\u011f\u0131yla ve ustal\u0131kla in\u015fa edilmi\u015f g\u00fczel yap\u0131s\u0131yla, d\u00fcnyay\u0131 yak\u0131n planlarla inceleyen ola\u011fan\u00fcst\u00fc bir roman. Jonathan Raban, Observer   \u0130\u015fte bekledi\u011fimiz McEwan&#8230; Kay\u0131p ola\u011fan\u00fcst\u00fc bir ba\u015far\u0131. Bi\u00e7im ve i\u00e7erik, teori ve pratik \u00f6yle ustal\u0131kl\u0131 ve birbirinden ayr\u0131lmaz bir \u015fekilde i\u00e7 i\u00e7e ge\u00e7mi\u015f ki roman adeta kendi tezinin kan\u0131t\u0131. Ayr\u0131ca etkileyici ve muhte\u015fem bir sona sahip. &#8211; Sheila MacLeod, Guardian <\/p>\n","protected":false},"excerpt":{"rendered":"<p>\u00c7ocuk kitaplar\u0131 yazar\u0131 Stephen \u00fc\u00e7 ya\u015f\u0131ndaki k\u0131z\u0131 Kate ile gitti\u011fi s\u00fcpermarketten eve yaln\u0131z ba\u015f\u0131na d\u00f6ner ve kar\u0131s\u0131na d\u00fcnyan\u0131n en k\u00f6t\u00fc haberini verir. K\u0131zlar\u0131 kaybolmu\u015ftur.Su\u00e7luluk duygusu doymak<span class=\"excerpt-hellip\"> [\u2026]<\/span><\/p>\n","protected":false},"featured_media":0,"template":"","meta":{"_monsterinsights_skip_tracking":false,"_monsterinsights_sitenote_active":false,"_monsterinsights_sitenote_note":"","_monsterinsights_sitenote_category":0},"product_brand":[],"product_cat":[12291,12711],"product_tag":[],"class_list":{"0":"post-720264","1":"product","2":"type-product","3":"status-publish","5":"product_cat-edebiyat","6":"product_cat-roman-oyku","7":"pa_cilt-ciltsiz","8":"pa_tur-kitap","9":"pa_yayinevi-yapi-kredi-yayinlari","10":"pa_yazar-ian-mcewan","12":"first","13":"instock","14":"sale","15":"shipping-taxable","16":"purchasable","17":"product-type-simple"},"_links":{"self":[{"href":"https:\/\/roveyayinevi.com.tr\/index.php\/wp-json\/wp\/v2\/product\/720264","targetHints":{"allow":["GET"]}}],"collection":[{"href":"https:\/\/roveyayinevi.com.tr\/index.php\/wp-json\/wp\/v2\/product"}],"about":[{"href":"https:\/\/roveyayinevi.com.tr\/index.php\/wp-json\/wp\/v2\/types\/product"}],"wp:attachment":[{"href":"https:\/\/roveyayinevi.com.tr\/index.php\/wp-json\/wp\/v2\/media?parent=720264"}],"wp:term":[{"taxonomy":"product_brand","embeddable":true,"href":"https:\/\/roveyayinevi.com.tr\/index.php\/wp-json\/wp\/v2\/product_brand?post=720264"},{"taxonomy":"product_cat","embeddable":true,"href":"https:\/\/roveyayinevi.com.tr\/index.php\/wp-json\/wp\/v2\/product_cat?post=720264"},{"taxonomy":"product_tag","embeddable":true,"href":"https:\/\/roveyayinevi.com.tr\/index.php\/wp-json\/wp\/v2\/product_tag?post=720264"}],"curies":[{"name":"wp","href":"https:\/\/api.w.org\/{rel}","templated":true}]}}