{"id":720250,"date":"2025-08-27T18:33:44","date_gmt":"2025-08-27T15:33:44","guid":{"rendered":"https:\/\/roveyayinevi.com.tr\/index.php\/urun\/gunesi-sondurmem-gerek\/"},"modified":"2026-04-16T02:28:03","modified_gmt":"2026-04-15T23:28:03","slug":"gunesi-sondurmem-gerek","status":"publish","type":"product","link":"https:\/\/roveyayinevi.com.tr\/index.php\/urun\/gunesi-sondurmem-gerek\/","title":{"rendered":"G\u00fcne\u015fi S\u00f6nd\u00fcrmem Gerek"},"content":{"rendered":"<p>I\u015f\u0131\u011fa ihtiya\u00e7 duydu\u011fun her g\u00fcn i\u00e7in bir y\u0131ld\u0131z karala g\u00f6ky\u00fcz\u00fcne.   Umut\u2019un m\u00fckemmele yak\u0131n hayat\u0131, ya\u015fad\u0131\u011f\u0131 bir olay sonras\u0131nda de\u011fi\u015fir. Kendi i\u00e7inde hesapla\u015f- maya \u00e7al\u0131\u015f\u0131rken hi\u00e7 de beklemedi\u011fi bir ger\u00e7ekle kar\u015f\u0131 kar\u015f\u0131ya kal\u0131r.   Art\u0131k iki se\u00e7ene\u011fi vard\u0131r:   Ya bu ger\u00e7e\u011fi kabul edip hayat\u0131na kald\u0131\u011f\u0131 yer- den devam edecek ya da bu ger\u00e7e\u011fin ac\u0131s\u0131na kendini mahk\u00fbm edecektir.   Umut, her \u015feyin d\u00fczeldi\u011fini sand\u0131\u011f\u0131nda ise ya- k\u0131nlar\u0131yla ilgili \u00f6\u011frendi\u011fi ac\u0131 ger\u00e7ekle yeni bir yol ayr\u0131m\u0131na girer.   Yalanlar ve kabul edilmesi g\u00fc\u00e7 ger\u00e7eklerin h\u00fc- k\u00fcm s\u00fcrd\u00fc\u011f\u00fc bir hayatta, m\u00fccadeleye nas\u0131l de- vam edersiniz?   Kalbime  damla  damla  d\u00fc\u015fen  ac\u0131lar,  g\u00fcnden g\u00fcne etkisini g\u00f6steren g\u00fc\u00e7l\u00fc bir zehirdi ve bili- yordum bu zehrin er ya da ge\u00e7 v\u00fccudumu yok edece\u011fini.   Haz\u0131rd\u0131m.   Her \u015feye\u2026 <\/p>\n","protected":false},"excerpt":{"rendered":"<p>I\u015f\u0131\u011fa ihtiya\u00e7 duydu\u011fun her g\u00fcn i\u00e7in bir y\u0131ld\u0131z karala g\u00f6ky\u00fcz\u00fcne. Umut\u2019un m\u00fckemmele yak\u0131n hayat\u0131, ya\u015fad\u0131\u011f\u0131 bir olay sonras\u0131nda de\u011fi\u015fir. Kendi i\u00e7inde hesapla\u015f- maya \u00e7al\u0131\u015f\u0131rken hi\u00e7 de<span class=\"excerpt-hellip\"> [\u2026]<\/span><\/p>\n","protected":false},"featured_media":0,"template":"","meta":{"_monsterinsights_skip_tracking":false,"_monsterinsights_sitenote_active":false,"_monsterinsights_sitenote_note":"","_monsterinsights_sitenote_category":0},"product_brand":[],"product_cat":[12291,12711],"product_tag":[],"class_list":{"0":"post-720250","1":"product","2":"type-product","3":"status-publish","5":"product_cat-edebiyat","6":"product_cat-roman-oyku","7":"pa_cilt-ciltsiz","8":"pa_tur-kitap","9":"pa_yayinevi-ephesus-yayinlari","10":"pa_yazar-emre-gul","12":"first","13":"instock","14":"sale","15":"shipping-taxable","16":"purchasable","17":"product-type-simple"},"_links":{"self":[{"href":"https:\/\/roveyayinevi.com.tr\/index.php\/wp-json\/wp\/v2\/product\/720250","targetHints":{"allow":["GET"]}}],"collection":[{"href":"https:\/\/roveyayinevi.com.tr\/index.php\/wp-json\/wp\/v2\/product"}],"about":[{"href":"https:\/\/roveyayinevi.com.tr\/index.php\/wp-json\/wp\/v2\/types\/product"}],"wp:attachment":[{"href":"https:\/\/roveyayinevi.com.tr\/index.php\/wp-json\/wp\/v2\/media?parent=720250"}],"wp:term":[{"taxonomy":"product_brand","embeddable":true,"href":"https:\/\/roveyayinevi.com.tr\/index.php\/wp-json\/wp\/v2\/product_brand?post=720250"},{"taxonomy":"product_cat","embeddable":true,"href":"https:\/\/roveyayinevi.com.tr\/index.php\/wp-json\/wp\/v2\/product_cat?post=720250"},{"taxonomy":"product_tag","embeddable":true,"href":"https:\/\/roveyayinevi.com.tr\/index.php\/wp-json\/wp\/v2\/product_tag?post=720250"}],"curies":[{"name":"wp","href":"https:\/\/api.w.org\/{rel}","templated":true}]}}