{"id":720214,"date":"2025-08-27T18:33:12","date_gmt":"2025-08-27T15:33:12","guid":{"rendered":"https:\/\/roveyayinevi.com.tr\/index.php\/urun\/gonul-bahcesi\/"},"modified":"2026-04-16T02:28:02","modified_gmt":"2026-04-15T23:28:02","slug":"gonul-bahcesi","status":"publish","type":"product","link":"https:\/\/roveyayinevi.com.tr\/index.php\/urun\/gonul-bahcesi\/","title":{"rendered":"G\u00f6n\u00fcl Bah\u00e7esi"},"content":{"rendered":"<p>Bu eserimizde siz de\u011ferli okuyucular\u0131m\u0131za yarat\u0131l\u0131\u015f\u0131m\u0131z\u0131n gayesini, ni\u00e7in ya\u015fad\u0131\u011f\u0131m\u0131z\u0131, ya\u015farken madd\u00ee m\u00e2nev\u00ee nelere dikkat etmemiz gerekti\u011fini; \u00f6l\u00fcm\u00fcn \u00e7\u00fcr\u00fcy\u00fcp toprakta yok olmak olmad\u0131\u011f\u0131n\u0131, aksine \u00f6l\u00fcm\u00fcn do\u011fmak ve kurtulu\u015f oldu\u011funu ve y\u00fcce Yaradan\u2019a kavu\u015fmak oldu\u011funu; ya\u015faman\u0131n gayesinin Yaradan\u2019\u0131 bilmek, O\u2019nu t\u00fcm hayat\u0131m\u0131z boyunca a\u015fk ile aray\u0131p bulmak oldu\u011funu; il\u00e2h\u00ee a\u015fk\u0131n ve vuslat\u0131n \u00f6nemini, nefsimizle m\u00fcc\u00e2dele ederek olgunla\u015f\u0131p ar\u0131nman\u0131n detaylar\u0131n\u0131; sevgi anlay\u0131\u015f ve sabr\u0131n mutlulu\u011fumuza yapt\u0131\u011f\u0131 katk\u0131lar\u0131; ya\u015fad\u0131\u011f\u0131m\u0131z ger\u00e7ek olaylar ve menk\u0131belerle, sade bir ifadeyle, samimi olarak sohbet tarz\u0131nda sunmaktay\u0131z.  Amac\u0131m\u0131z, bu u\u011furda uzun y\u0131llar yapt\u0131\u011f\u0131m\u0131z ara\u015ft\u0131rma sonu\u00e7lar\u0131n\u0131 sizlerle payla\u015fmak, \u201chayat\u0131n ger\u00e7ek y\u00fcz\u00fc\u201dn\u00fc, g\u00f6rd\u00fc\u011f\u00fcm\u00fcz kadar\u0131yla sizlere g\u00f6stermektir. Bu kitab\u0131 okuyan, bilgi sahibi olmaktan ziy\u00e2de \u015fuurlan\u0131r, ya\u015faman\u0131n amac\u0131na ermi\u015f olur. \u015eu \u00f6l\u00fcml\u00fc d\u00fcnyada, ne kadar gereksiz \u015feylere tak\u0131larak mutsuz oldu\u011funu anlay\u0131p onlar\u0131 terk ederek sevgi, anlay\u0131\u015f ve ho\u015fg\u00f6r\u00fc ile huzur ve mutlulu\u011fa kavu\u015fur. <\/p>\n","protected":false},"excerpt":{"rendered":"<p>Bu eserimizde siz de\u011ferli okuyucular\u0131m\u0131za yarat\u0131l\u0131\u015f\u0131m\u0131z\u0131n gayesini, ni\u00e7in ya\u015fad\u0131\u011f\u0131m\u0131z\u0131, ya\u015farken madd\u00ee m\u00e2nev\u00ee nelere dikkat etmemiz gerekti\u011fini; \u00f6l\u00fcm\u00fcn \u00e7\u00fcr\u00fcy\u00fcp toprakta yok olmak olmad\u0131\u011f\u0131n\u0131, aksine \u00f6l\u00fcm\u00fcn do\u011fmak ve<span class=\"excerpt-hellip\"> [\u2026]<\/span><\/p>\n","protected":false},"featured_media":0,"template":"","meta":{"_monsterinsights_skip_tracking":false,"_monsterinsights_sitenote_active":false,"_monsterinsights_sitenote_note":"","_monsterinsights_sitenote_category":0},"product_brand":[],"product_cat":[12718,12719,15238],"product_tag":[],"class_list":{"0":"post-720214","1":"product","2":"type-product","3":"status-publish","5":"product_cat-din","6":"product_cat-islam","7":"product_cat-tasavvuf","8":"pa_cilt-ciltsiz","9":"pa_tur-kitap","10":"pa_yayinevi-nefes-yayincilik","11":"pa_yazar-faruk-dilaver","13":"first","14":"instock","15":"sale","16":"shipping-taxable","17":"purchasable","18":"product-type-simple"},"_links":{"self":[{"href":"https:\/\/roveyayinevi.com.tr\/index.php\/wp-json\/wp\/v2\/product\/720214","targetHints":{"allow":["GET"]}}],"collection":[{"href":"https:\/\/roveyayinevi.com.tr\/index.php\/wp-json\/wp\/v2\/product"}],"about":[{"href":"https:\/\/roveyayinevi.com.tr\/index.php\/wp-json\/wp\/v2\/types\/product"}],"wp:attachment":[{"href":"https:\/\/roveyayinevi.com.tr\/index.php\/wp-json\/wp\/v2\/media?parent=720214"}],"wp:term":[{"taxonomy":"product_brand","embeddable":true,"href":"https:\/\/roveyayinevi.com.tr\/index.php\/wp-json\/wp\/v2\/product_brand?post=720214"},{"taxonomy":"product_cat","embeddable":true,"href":"https:\/\/roveyayinevi.com.tr\/index.php\/wp-json\/wp\/v2\/product_cat?post=720214"},{"taxonomy":"product_tag","embeddable":true,"href":"https:\/\/roveyayinevi.com.tr\/index.php\/wp-json\/wp\/v2\/product_tag?post=720214"}],"curies":[{"name":"wp","href":"https:\/\/api.w.org\/{rel}","templated":true}]}}