{"id":720209,"date":"2025-08-27T18:33:09","date_gmt":"2025-08-27T15:33:09","guid":{"rendered":"https:\/\/roveyayinevi.com.tr\/index.php\/urun\/en-guzel-derdim\/"},"modified":"2026-04-16T02:28:02","modified_gmt":"2026-04-15T23:28:02","slug":"en-guzel-derdim","status":"publish","type":"product","link":"https:\/\/roveyayinevi.com.tr\/index.php\/urun\/en-guzel-derdim\/","title":{"rendered":"En G\u00fczel Derdim"},"content":{"rendered":"<p>\u201cEvet, dert oldun,\u201d dedi, g\u00f6zlerindeki ya\u015flar\u0131 tutam\u0131yordu. \u201cSen, benim en g\u00fczel derdimsin, Reyhan!\u201d Ba\u015f\u0131m\u0131 g\u00f6\u011fs\u00fcne \u00e7ekti. \u201cBen senden nas\u0131l ayr\u0131laca\u011f\u0131m?\u201d \u201cBir yerde okumu\u015ftum. Mesela \u015fu an bize \u0131\u015f\u0131\u011f\u0131n\u0131 veren y\u0131ld\u0131z, belki de milyonlarca y\u0131l \u00f6nce s\u00f6nm\u00fc\u015f olabilirmi\u015f. Ama d\u00fcnya ile aras\u0131ndaki mesafe sayesinde \u0131\u015f\u0131\u011f\u0131 buraya yeni geliyormu\u015f.\u201d Ba\u015f\u0131m\u0131 kald\u0131r\u0131p ona bakt\u0131m. \u201cBeni oradaki herhangi bir y\u0131ld\u0131z gibi d\u00fc\u015f\u00fcn. Ben gitsem bile yani \u00f6l\u2026\u201d Bir an duraksay\u0131p tekrar devam ettim. \u201cBen \u00f6lsem bile benim \u0131\u015f\u0131\u011f\u0131m, seni hep ayd\u0131nlatacak Asaf!\u201d \u201cO zaman beni orada bekle olur mu? Y\u0131ld\u0131zlar\u0131n ard\u0131ndaki d\u00fcnyada bulu\u015fal\u0131m seninle\u2026 S\u00f6z ver.\u201d \u201cBekleyece\u011fim Asaf, s\u00f6z\u2026\u201d   Sadece de\u011fsin istemi\u015fti, arkada b\u0131rakt\u0131klar\u0131na de\u011fsin. \u00d6l\u00fcm\u00fcn ona bir nefes kadar yak\u0131n oldu\u011funu \u00f6\u011frendi\u011finde asl\u0131nda hi\u00e7bir \u015feyin arkada b\u0131rakt\u0131klar\u0131na de\u011fmedi\u011fini fark etti ve tabii ki yapmas\u0131 gerekenler vard\u0131: Affetmek ve kendini affettirmek. Reyhan\u2019\u0131n, arkas\u0131nda parampar\u00e7a b\u0131rakt\u0131klar\u0131yla \u00f6l\u00fcme ad\u0131m ad\u0131m giderken y\u00fczle\u015fmesini; pi\u015fmanl\u0131\u011f\u0131n\u0131, \u00f6zlemini, dostlu\u011funu, a\u015fk\u0131n\u0131 ve \u00f6l\u00fcm kar\u015f\u0131s\u0131ndaki \u00e7aresizli\u011fini hissederek bir solukta ve zaman zaman da bo\u011faz\u0131n\u0131z d\u00fc\u011f\u00fcmlenerek okuyacaks\u0131n\u0131z. <\/p>\n","protected":false},"excerpt":{"rendered":"<p>\u201cEvet, dert oldun,\u201d dedi, g\u00f6zlerindeki ya\u015flar\u0131 tutam\u0131yordu. \u201cSen, benim en g\u00fczel derdimsin, Reyhan!\u201d Ba\u015f\u0131m\u0131 g\u00f6\u011fs\u00fcne \u00e7ekti. \u201cBen senden nas\u0131l ayr\u0131laca\u011f\u0131m?\u201d \u201cBir yerde okumu\u015ftum. Mesela \u015fu an<span class=\"excerpt-hellip\"> [\u2026]<\/span><\/p>\n","protected":false},"featured_media":0,"template":"","meta":{"_monsterinsights_skip_tracking":false,"_monsterinsights_sitenote_active":false,"_monsterinsights_sitenote_note":"","_monsterinsights_sitenote_category":0},"product_brand":[],"product_cat":[12291,12711],"product_tag":[],"class_list":{"0":"post-720209","1":"product","2":"type-product","3":"status-publish","5":"product_cat-edebiyat","6":"product_cat-roman-oyku","7":"pa_cilt-ciltsiz","8":"pa_tur-kitap","9":"pa_yayinevi-luna-yayinlari","10":"pa_yazar-tugce-agdogan","12":"first","13":"instock","14":"sale","15":"shipping-taxable","16":"purchasable","17":"product-type-simple"},"_links":{"self":[{"href":"https:\/\/roveyayinevi.com.tr\/index.php\/wp-json\/wp\/v2\/product\/720209","targetHints":{"allow":["GET"]}}],"collection":[{"href":"https:\/\/roveyayinevi.com.tr\/index.php\/wp-json\/wp\/v2\/product"}],"about":[{"href":"https:\/\/roveyayinevi.com.tr\/index.php\/wp-json\/wp\/v2\/types\/product"}],"wp:attachment":[{"href":"https:\/\/roveyayinevi.com.tr\/index.php\/wp-json\/wp\/v2\/media?parent=720209"}],"wp:term":[{"taxonomy":"product_brand","embeddable":true,"href":"https:\/\/roveyayinevi.com.tr\/index.php\/wp-json\/wp\/v2\/product_brand?post=720209"},{"taxonomy":"product_cat","embeddable":true,"href":"https:\/\/roveyayinevi.com.tr\/index.php\/wp-json\/wp\/v2\/product_cat?post=720209"},{"taxonomy":"product_tag","embeddable":true,"href":"https:\/\/roveyayinevi.com.tr\/index.php\/wp-json\/wp\/v2\/product_tag?post=720209"}],"curies":[{"name":"wp","href":"https:\/\/api.w.org\/{rel}","templated":true}]}}