{"id":720199,"date":"2025-08-27T18:33:01","date_gmt":"2025-08-27T15:33:01","guid":{"rendered":"https:\/\/roveyayinevi.com.tr\/index.php\/urun\/bagisikliginizi-guclendirin\/"},"modified":"2026-04-16T02:28:02","modified_gmt":"2026-04-15T23:28:02","slug":"bagisikliginizi-guclendirin","status":"publish","type":"product","link":"https:\/\/roveyayinevi.com.tr\/index.php\/urun\/bagisikliginizi-guclendirin\/","title":{"rendered":"Ba\u011f\u0131\u015f\u0131kl\u0131\u011f\u0131n\u0131z\u0131 G\u00fc\u00e7lendirin"},"content":{"rendered":"<p>G\u00fcn\u00fcm\u00fczde baz\u0131 hastal\u0131klar daha yayg\u0131n hale geliyor. Alerjiler, ast\u0131m, g\u0131da hassasiyetleri, ge\u00e7irgen ba\u011f\u0131rsak hastal\u0131\u011f\u0131, romatoid artrit, Ha\u015fimoto, Graves&#8230;En hafifinden en a\u011f\u0131r\u0131na b\u00fct\u00fcn hastal\u0131klar\u0131n beslenmeyle d\u00fczelebilece\u011fine giderek daha \u00e7ok insan inanmaya ba\u015fl\u0131yor. Hatta hastal\u0131klar\u0131n asl\u0131nda bir ba\u011f\u0131\u015f\u0131kl\u0131k sorunu oldu\u011funu d\u00fc\u015f\u00fcnenler \u00e7o\u011fal\u0131yor.D\u00fcnya n\u00fcfusunun \u00f6nemli bir y\u00fczdesinin art\u0131k salg\u0131n haline gelen otoimm\u00fcn hastal\u0131klardan ya da inflamasyondan mustarip oldu\u011fu biliniyor. Otoimm\u00fcn hastal\u0131\u011f\u0131 bulunmayanlar da bu hastal\u0131klardan en az birine yakalanma riski ta\u015f\u0131yor. Klasik modern t\u0131bb\u0131n sundu\u011fu ila\u00e7 odakl\u0131 \u00e7\u00f6z\u00fcmlerse hastalara \u00e7o\u011fu zaman yarardan \u00e7ok zarar getiriyor.ABD\u2019de \u00e7al\u0131\u015fmalar\u0131yla \u00fcn kazanm\u0131\u015f fonksiyonel t\u0131p doktoru Amy Myers\u2019\u0131n Ba\u011f\u0131\u015f\u0131kl\u0131\u011f\u0131n\u0131z\u0131 G\u00fc\u00e7lendirin kitab\u0131, otoimm\u00fcn hastalar\u0131 ve hastal\u0131k riski ta\u015f\u0131yanlar kadar ba\u011f\u0131\u015f\u0131kl\u0131k sisteminin \u00f6nemini bilen ve onu g\u00fc\u00e7lendirmek isteyenler i\u00e7in 30 g\u00fcnl\u00fck bir beslenme program\u0131 sunuyor.\u00c7\u00fcnk\u00fc art\u0131k hepimiz biliyoruz: Ne yiyorsak o oluyoruz&#8230;<\/p>\n","protected":false},"excerpt":{"rendered":"<p>G\u00fcn\u00fcm\u00fczde baz\u0131 hastal\u0131klar daha yayg\u0131n hale geliyor. Alerjiler, ast\u0131m, g\u0131da hassasiyetleri, ge\u00e7irgen ba\u011f\u0131rsak hastal\u0131\u011f\u0131, romatoid artrit, Ha\u015fimoto, Graves&#8230;En hafifinden en a\u011f\u0131r\u0131na b\u00fct\u00fcn hastal\u0131klar\u0131n beslenmeyle d\u00fczelebilece\u011fine giderek<span class=\"excerpt-hellip\"> [\u2026]<\/span><\/p>\n","protected":false},"featured_media":0,"template":"","meta":{"_monsterinsights_skip_tracking":false,"_monsterinsights_sitenote_active":false,"_monsterinsights_sitenote_note":"","_monsterinsights_sitenote_category":0},"product_brand":[],"product_cat":[13365],"product_tag":[],"class_list":{"0":"post-720199","1":"product","2":"type-product","3":"status-publish","5":"product_cat-saglik","6":"pa_cilt-ciltsiz","7":"pa_tur-kitap","8":"pa_yayinevi-aganta","9":"pa_yazar-amy-myers","11":"first","12":"instock","13":"sale","14":"shipping-taxable","15":"purchasable","16":"product-type-simple"},"_links":{"self":[{"href":"https:\/\/roveyayinevi.com.tr\/index.php\/wp-json\/wp\/v2\/product\/720199","targetHints":{"allow":["GET"]}}],"collection":[{"href":"https:\/\/roveyayinevi.com.tr\/index.php\/wp-json\/wp\/v2\/product"}],"about":[{"href":"https:\/\/roveyayinevi.com.tr\/index.php\/wp-json\/wp\/v2\/types\/product"}],"wp:attachment":[{"href":"https:\/\/roveyayinevi.com.tr\/index.php\/wp-json\/wp\/v2\/media?parent=720199"}],"wp:term":[{"taxonomy":"product_brand","embeddable":true,"href":"https:\/\/roveyayinevi.com.tr\/index.php\/wp-json\/wp\/v2\/product_brand?post=720199"},{"taxonomy":"product_cat","embeddable":true,"href":"https:\/\/roveyayinevi.com.tr\/index.php\/wp-json\/wp\/v2\/product_cat?post=720199"},{"taxonomy":"product_tag","embeddable":true,"href":"https:\/\/roveyayinevi.com.tr\/index.php\/wp-json\/wp\/v2\/product_tag?post=720199"}],"curies":[{"name":"wp","href":"https:\/\/api.w.org\/{rel}","templated":true}]}}