{"id":720197,"date":"2025-08-27T18:33:00","date_gmt":"2025-08-27T15:33:00","guid":{"rendered":"https:\/\/roveyayinevi.com.tr\/index.php\/urun\/kirmizi-minibus\/"},"modified":"2026-04-16T02:28:02","modified_gmt":"2026-04-15T23:28:02","slug":"kirmizi-minibus","status":"publish","type":"product","link":"https:\/\/roveyayinevi.com.tr\/index.php\/urun\/kirmizi-minibus\/","title":{"rendered":"K\u0131rm\u0131z\u0131 Minib\u00fcs"},"content":{"rendered":"<p>\u00c7ocuk \u0131hlamur \u00e7i\u00e7e\u011fi topluyordu.Ezan vakti bah\u00e7ede bir ku\u015f uzun uzun \u00f6tt\u00fc. \u00c7ocu\u011fun \u00e7ok i\u015fi vard\u0131 o an; ba\u015f\u0131n\u0131 kald\u0131r\u0131p ku\u015fun hangi a\u011fa\u00e7ta oldu\u011funa bakamad\u0131. Annem geldi, dedi \u00e7ocuk.Aya\u011fa kalkt\u0131 sonra ve g\u00f6z\u00fc ya\u015fl\u0131 ku\u015fu aramaya koyuldu. Ulu servi a\u011fac\u0131 \u201cgel\u201d dedi \u00e7ocu\u011fa.\u00c7ocuk annesinin y\u0131llar \u00f6nce dikti\u011fi ulu servi a\u011fac\u0131na sar\u0131ld\u0131. G\u00f6zlerini kapatt\u0131 o an. Servi a\u011fac\u0131 anne ve babas\u0131n\u0131n hik\u00e2yesini anlatt\u0131 ona. Evden uzak kald\u0131\u011f\u0131 zamanlarda bu evde ya\u015fananlar\u0131. Burnunda re\u00e7ine kokusu, annesinin s\u00f6yledi\u011fi t\u00fcrk\u00fcleri f\u0131s\u0131ldad\u0131 kula\u011f\u0131na a\u011fa\u00e7. Dallarda ku\u015flar\u0131n kanat \u00e7\u0131rp\u0131\u015flar\u0131 duyuldu birden. Biliyordu anne, baba ve Engin abisi ye\u015fil bir cennet ku\u015fu olup eve gelmi\u015fti. Sonra ak\u015fam ezan\u0131 okundu. \u00c7ocuk g\u00f6zleri kapal\u0131 dinledi.G\u00f6zlerini a\u00e7t\u0131\u011f\u0131nda gece her \u015feyi i\u00e7ine alm\u0131\u015ft\u0131. Servi a\u011fac\u0131ndan k\u00fc\u00e7\u00fck bir ku\u015f havaland\u0131 o an. Yemye\u015fildi. Anne, dedi \u00e7ocuk. Anne, baba, Engin\u2026 Ye\u015fil cennet ku\u015fu, g\u00f6kte u\u00e7tu, u\u00e7tu, u\u00e7tu.\u00c7ocuk bakakald\u0131 ard\u0131ndan. Yeti\u015femedi pe\u015finden. K\u0131rm\u0131z\u0131 Minib\u00fcs \/ Salim N\u0130ZAM <\/p>\n","protected":false},"excerpt":{"rendered":"<p>\u00c7ocuk \u0131hlamur \u00e7i\u00e7e\u011fi topluyordu.Ezan vakti bah\u00e7ede bir ku\u015f uzun uzun \u00f6tt\u00fc. \u00c7ocu\u011fun \u00e7ok i\u015fi vard\u0131 o an; ba\u015f\u0131n\u0131 kald\u0131r\u0131p ku\u015fun hangi a\u011fa\u00e7ta oldu\u011funa bakamad\u0131. Annem geldi,<span class=\"excerpt-hellip\"> [\u2026]<\/span><\/p>\n","protected":false},"featured_media":0,"template":"","meta":{"_monsterinsights_skip_tracking":false,"_monsterinsights_sitenote_active":false,"_monsterinsights_sitenote_note":"","_monsterinsights_sitenote_category":0},"product_brand":[],"product_cat":[12291,12711],"product_tag":[],"class_list":{"0":"post-720197","1":"product","2":"type-product","3":"status-publish","5":"product_cat-edebiyat","6":"product_cat-roman-oyku","7":"pa_cilt-ciltsiz","8":"pa_tur-kitap","9":"pa_yayinevi-cinaralti-yayinlari","10":"pa_yazar-salim-nizam","12":"first","13":"instock","14":"sale","15":"shipping-taxable","16":"purchasable","17":"product-type-simple"},"_links":{"self":[{"href":"https:\/\/roveyayinevi.com.tr\/index.php\/wp-json\/wp\/v2\/product\/720197","targetHints":{"allow":["GET"]}}],"collection":[{"href":"https:\/\/roveyayinevi.com.tr\/index.php\/wp-json\/wp\/v2\/product"}],"about":[{"href":"https:\/\/roveyayinevi.com.tr\/index.php\/wp-json\/wp\/v2\/types\/product"}],"wp:attachment":[{"href":"https:\/\/roveyayinevi.com.tr\/index.php\/wp-json\/wp\/v2\/media?parent=720197"}],"wp:term":[{"taxonomy":"product_brand","embeddable":true,"href":"https:\/\/roveyayinevi.com.tr\/index.php\/wp-json\/wp\/v2\/product_brand?post=720197"},{"taxonomy":"product_cat","embeddable":true,"href":"https:\/\/roveyayinevi.com.tr\/index.php\/wp-json\/wp\/v2\/product_cat?post=720197"},{"taxonomy":"product_tag","embeddable":true,"href":"https:\/\/roveyayinevi.com.tr\/index.php\/wp-json\/wp\/v2\/product_tag?post=720197"}],"curies":[{"name":"wp","href":"https:\/\/api.w.org\/{rel}","templated":true}]}}