{"id":720176,"date":"2025-08-27T18:32:44","date_gmt":"2025-08-27T15:32:44","guid":{"rendered":"https:\/\/roveyayinevi.com.tr\/index.php\/urun\/kotu-baslangiclar\/"},"modified":"2026-04-16T02:28:02","modified_gmt":"2026-04-15T23:28:02","slug":"kotu-baslangiclar","status":"publish","type":"product","link":"https:\/\/roveyayinevi.com.tr\/index.php\/urun\/kotu-baslangiclar\/","title":{"rendered":"K\u00f6t\u00fc Ba\u015flang\u0131\u00e7lar"},"content":{"rendered":"<p>D\u00f6rt duvar\u0131n aras\u0131na kendini hapis etmi\u015f, her g\u00fcn \u00f6l\u00fcm ve kal\u0131m aras\u0131ndaki d\u00fc\u015f\u00fcnceleriyle sava\u015fan bir insan ve bu zorlu sava\u015f. Ya\u015f\u0131ndan b\u00fcy\u00fck olaylar ve ta\u015f\u0131yamayaca\u011f\u0131 a\u011f\u0131r bir y\u00fck. Ya\u015fanm\u0131\u015fl\u0131klar a\u011f\u0131rd\u0131r bazen, akl\u0131na geldik\u00e7e g\u00f6zlerinden s\u00fcz\u00fcl\u00fcr ya\u015flar. Ve her bir damla g\u00f6zya\u015f\u0131 \u00e7ok \u015fey anlat\u0131r insana. Her bir damla g\u00f6zya\u015f\u0131nda sakl\u0131d\u0131r ac\u0131lar&#8230;<\/p>\n","protected":false},"excerpt":{"rendered":"<p>D\u00f6rt duvar\u0131n aras\u0131na kendini hapis etmi\u015f, her g\u00fcn \u00f6l\u00fcm ve kal\u0131m aras\u0131ndaki d\u00fc\u015f\u00fcnceleriyle sava\u015fan bir insan ve bu zorlu sava\u015f. Ya\u015f\u0131ndan b\u00fcy\u00fck olaylar ve ta\u015f\u0131yamayaca\u011f\u0131 a\u011f\u0131r<span class=\"excerpt-hellip\"> [\u2026]<\/span><\/p>\n","protected":false},"featured_media":0,"template":"","meta":{"_monsterinsights_skip_tracking":false,"_monsterinsights_sitenote_active":false,"_monsterinsights_sitenote_note":"","_monsterinsights_sitenote_category":0},"product_brand":[],"product_cat":[12291,12711],"product_tag":[],"class_list":{"0":"post-720176","1":"product","2":"type-product","3":"status-publish","5":"product_cat-edebiyat","6":"product_cat-roman-oyku","7":"pa_cilt-ciltsiz","8":"pa_tur-kitap","9":"pa_yayinevi-perseus","10":"pa_yazar-yeliz-turk","12":"first","13":"instock","14":"sale","15":"shipping-taxable","16":"purchasable","17":"product-type-simple"},"_links":{"self":[{"href":"https:\/\/roveyayinevi.com.tr\/index.php\/wp-json\/wp\/v2\/product\/720176","targetHints":{"allow":["GET"]}}],"collection":[{"href":"https:\/\/roveyayinevi.com.tr\/index.php\/wp-json\/wp\/v2\/product"}],"about":[{"href":"https:\/\/roveyayinevi.com.tr\/index.php\/wp-json\/wp\/v2\/types\/product"}],"wp:attachment":[{"href":"https:\/\/roveyayinevi.com.tr\/index.php\/wp-json\/wp\/v2\/media?parent=720176"}],"wp:term":[{"taxonomy":"product_brand","embeddable":true,"href":"https:\/\/roveyayinevi.com.tr\/index.php\/wp-json\/wp\/v2\/product_brand?post=720176"},{"taxonomy":"product_cat","embeddable":true,"href":"https:\/\/roveyayinevi.com.tr\/index.php\/wp-json\/wp\/v2\/product_cat?post=720176"},{"taxonomy":"product_tag","embeddable":true,"href":"https:\/\/roveyayinevi.com.tr\/index.php\/wp-json\/wp\/v2\/product_tag?post=720176"}],"curies":[{"name":"wp","href":"https:\/\/api.w.org\/{rel}","templated":true}]}}