{"id":720171,"date":"2025-08-27T18:32:41","date_gmt":"2025-08-27T15:32:41","guid":{"rendered":"https:\/\/roveyayinevi.com.tr\/index.php\/urun\/en-cok-hangimizi-seviyorsun-ciltli\/"},"modified":"2026-04-16T02:28:01","modified_gmt":"2026-04-15T23:28:01","slug":"en-cok-hangimizi-seviyorsun-ciltli","status":"publish","type":"product","link":"https:\/\/roveyayinevi.com.tr\/index.php\/urun\/en-cok-hangimizi-seviyorsun-ciltli\/","title":{"rendered":"En \u00c7ok Hangimizi Seviyorsun? (Ciltli)"},"content":{"rendered":"<p>D\u00fcnya \u00e7ap\u0131nda 30 milyondan fazla satm\u0131\u015f, Bil Bakal\u0131m Seni Ne Kadar Seviyorum\u2019un yarat\u0131c\u0131lar\u0131 Sam McBratney ve Anita Jeram&#8217;dan, mutlu bir aile olman\u0131n s\u0131rlar\u0131n\u0131 payla\u015fan, s\u0131cac\u0131k bir resimli kitap daha!Duygusal hik\u00e2yesi ve kalpleri yumu\u015fatan resimleriyle her ya\u015ftan okurun kitapl\u0131\u011f\u0131na katmak isteyece\u011fi En \u00c7ok Hangimizi Seviyorsun?; miniklere, sevginin s\u0131n\u0131r tan\u0131mazl\u0131\u011f\u0131n\u0131 ke\u015ffedecekleri i\u00e7tenlikli bir hik\u00e2ye anlat\u0131rken, ebeveynlere, \u00e7ocuklar\u0131na duyduklar\u0131 sevgiyi yeniden tan\u0131mlamay\u0131 \u00f6\u011frenecekleri ola\u011fan\u00fcst\u00fc bir duygu deneyimi ya\u015fat\u0131yor.Karde\u015f ili\u015fkilerinde k\u0131skan\u00e7l\u0131\u011f\u0131n yeri ile anne baban\u0131n bunlar kar\u015f\u0131s\u0131ndaki tutumu ve davran\u0131\u015f\u0131n\u0131 merkezine ta\u015f\u0131yan bu naif kitap, sevginin t\u00fcm sorunlar\u0131n ve engellerin \u00fcstesinden gelebilece\u011fini an\u0131msat\u0131yor.Anne ay\u0131 ve baba ay\u0131n\u0131n y\u00fcreklerinden ta\u015fan kocaman sevgiyle ucu buca\u011f\u0131 olmayan bir ormanda huzur dolu bir ya\u015fam s\u00fcren yavru ay\u0131lar, her gece neden d\u00fcnyan\u0131n en muhte\u015fem yavru ay\u0131lar\u0131 olduklar\u0131n\u0131 dinleyerek uykuya dalarlar. Ba\u015flarda bu \u00f6vg\u00fc dolu sevgi s\u00f6zleri karde\u015fleri ayr\u0131cal\u0131kl\u0131 hissettirse de, zamanla yerini merak ve endi\u015feye b\u0131rak\u0131r. Acaba aralar\u0131ndaki en tatl\u0131 yavru hangisidir? Anne ve babalar\u0131n\u0131n \u00fc\u00e7\u00fcn\u00fc birden e\u015fit oranda sevebilmesi m\u00fcmk\u00fcn m\u00fcd\u00fcr? Ne de olsa hepsi bir numara olamaz ya?! Yoksa ger\u00e7ekler g\u00f6r\u00fcnenden farkl\u0131 m\u0131d\u0131r?..Mutlu bir aile olabilmenin ko\u015fulsuz sevgi ile do\u011fru orant\u0131l\u0131 oldu\u011funu savunan En \u00c7ok Hangimizi Seviyorsun?, ger\u00e7ek\u00e7i hik\u00e2yesiyle, insanlar\u0131n d\u00fcnyas\u0131n\u0131 hayvanlar\u0131n g\u00f6z\u00fcnden aktarma yoluna giden, zamans\u0131z bir resimli kitap klasi\u011fi olmaya aday\u2026<\/p>\n","protected":false},"excerpt":{"rendered":"<p>D\u00fcnya \u00e7ap\u0131nda 30 milyondan fazla satm\u0131\u015f, Bil Bakal\u0131m Seni Ne Kadar Seviyorum\u2019un yarat\u0131c\u0131lar\u0131 Sam McBratney ve Anita Jeram&#8217;dan, mutlu bir aile olman\u0131n s\u0131rlar\u0131n\u0131 payla\u015fan, s\u0131cac\u0131k bir<span class=\"excerpt-hellip\"> [\u2026]<\/span><\/p>\n","protected":false},"featured_media":0,"template":"","meta":{"_monsterinsights_skip_tracking":false,"_monsterinsights_sitenote_active":false,"_monsterinsights_sitenote_note":"","_monsterinsights_sitenote_category":0},"product_brand":[],"product_cat":[12274,12518],"product_tag":[],"class_list":{"0":"post-720171","1":"product","2":"type-product","3":"status-publish","5":"product_cat-cocuk-ve-genclik-kitaplari","6":"product_cat-okul-oncesi-kitaplar","7":"pa_cilt-ciltli","8":"pa_tur-kitap","9":"pa_yayinevi-ucanbalik-yayincilik","10":"pa_yazar-sam-mcbratney","12":"first","13":"instock","14":"sale","15":"shipping-taxable","16":"purchasable","17":"product-type-simple"},"_links":{"self":[{"href":"https:\/\/roveyayinevi.com.tr\/index.php\/wp-json\/wp\/v2\/product\/720171","targetHints":{"allow":["GET"]}}],"collection":[{"href":"https:\/\/roveyayinevi.com.tr\/index.php\/wp-json\/wp\/v2\/product"}],"about":[{"href":"https:\/\/roveyayinevi.com.tr\/index.php\/wp-json\/wp\/v2\/types\/product"}],"wp:attachment":[{"href":"https:\/\/roveyayinevi.com.tr\/index.php\/wp-json\/wp\/v2\/media?parent=720171"}],"wp:term":[{"taxonomy":"product_brand","embeddable":true,"href":"https:\/\/roveyayinevi.com.tr\/index.php\/wp-json\/wp\/v2\/product_brand?post=720171"},{"taxonomy":"product_cat","embeddable":true,"href":"https:\/\/roveyayinevi.com.tr\/index.php\/wp-json\/wp\/v2\/product_cat?post=720171"},{"taxonomy":"product_tag","embeddable":true,"href":"https:\/\/roveyayinevi.com.tr\/index.php\/wp-json\/wp\/v2\/product_tag?post=720171"}],"curies":[{"name":"wp","href":"https:\/\/api.w.org\/{rel}","templated":true}]}}