{"id":720169,"date":"2025-08-27T18:32:40","date_gmt":"2025-08-27T15:32:40","guid":{"rendered":"https:\/\/roveyayinevi.com.tr\/index.php\/urun\/ressam-steinlenin-kara-kedisi-uzerine-oyku\/"},"modified":"2026-04-16T02:28:01","modified_gmt":"2026-04-15T23:28:01","slug":"ressam-steinlenin-kara-kedisi-uzerine-oyku","status":"publish","type":"product","link":"https:\/\/roveyayinevi.com.tr\/index.php\/urun\/ressam-steinlenin-kara-kedisi-uzerine-oyku\/","title":{"rendered":"Ressam Steinlen\u2019in Kara Kedisi \u00dczerine \u00d6yk\u00fc"},"content":{"rendered":"<p>Her \u015fey bir \u00e7\u0131\u011fl\u0131k sesiyle ba\u015flad\u0131. Pek de taze olmayan bal\u0131klar satarak ge\u00e7imini sa\u011flayan Michel Anne d\u00fc\u015f\u00fcp sazan bal\u0131klar\u0131n\u0131n \u00fczerine kapakland\u0131. Belki de midyelerin, \u00e7ok emin de\u011filim. Herkes yapmakta oldu\u011fu i\u015fi b\u0131rakt\u0131. D\u00e9d\u00e9, Gus ve ben bile yaramazl\u0131k yapmaktan vazge\u00e7ip kalabal\u0131\u011f\u0131n pe\u015fine tak\u0131ld\u0131k. \u00c7ocuklar\u0131n okumaktan ve dinlenmekten b\u00fcy\u00fck keyif ald\u0131\u011f\u0131 dizisinin yazar\u0131 Christine Beigel\u2019den Th\u00e9ophile Alexandre Steinlen\u2019in Kara Kedi Turnesi afi\u015fi hakk\u0131nda e\u011flenceli bir \u00f6yk\u00fc. <\/p>\n","protected":false},"excerpt":{"rendered":"<p>Her \u015fey bir \u00e7\u0131\u011fl\u0131k sesiyle ba\u015flad\u0131. Pek de taze olmayan bal\u0131klar satarak ge\u00e7imini sa\u011flayan Michel Anne d\u00fc\u015f\u00fcp sazan bal\u0131klar\u0131n\u0131n \u00fczerine kapakland\u0131. Belki de midyelerin, \u00e7ok emin<span class=\"excerpt-hellip\"> [\u2026]<\/span><\/p>\n","protected":false},"featured_media":0,"template":"","meta":{"_monsterinsights_skip_tracking":false,"_monsterinsights_sitenote_active":false,"_monsterinsights_sitenote_note":"","_monsterinsights_sitenote_category":0},"product_brand":[],"product_cat":[12274,17859],"product_tag":[],"class_list":{"0":"post-720169","1":"product","2":"type-product","3":"status-publish","5":"product_cat-cocuk-ve-genclik-kitaplari","6":"product_cat-oyun-kitaplari","7":"pa_cilt-ciltsiz","8":"pa_tur-kitap","9":"pa_yayinevi-1001-cicek-kitaplar","10":"pa_yazar-christine-beigel","12":"first","13":"instock","14":"sale","15":"shipping-taxable","16":"purchasable","17":"product-type-simple"},"_links":{"self":[{"href":"https:\/\/roveyayinevi.com.tr\/index.php\/wp-json\/wp\/v2\/product\/720169","targetHints":{"allow":["GET"]}}],"collection":[{"href":"https:\/\/roveyayinevi.com.tr\/index.php\/wp-json\/wp\/v2\/product"}],"about":[{"href":"https:\/\/roveyayinevi.com.tr\/index.php\/wp-json\/wp\/v2\/types\/product"}],"wp:attachment":[{"href":"https:\/\/roveyayinevi.com.tr\/index.php\/wp-json\/wp\/v2\/media?parent=720169"}],"wp:term":[{"taxonomy":"product_brand","embeddable":true,"href":"https:\/\/roveyayinevi.com.tr\/index.php\/wp-json\/wp\/v2\/product_brand?post=720169"},{"taxonomy":"product_cat","embeddable":true,"href":"https:\/\/roveyayinevi.com.tr\/index.php\/wp-json\/wp\/v2\/product_cat?post=720169"},{"taxonomy":"product_tag","embeddable":true,"href":"https:\/\/roveyayinevi.com.tr\/index.php\/wp-json\/wp\/v2\/product_tag?post=720169"}],"curies":[{"name":"wp","href":"https:\/\/api.w.org\/{rel}","templated":true}]}}