{"id":720167,"date":"2025-08-27T18:32:38","date_gmt":"2025-08-27T15:32:38","guid":{"rendered":"https:\/\/roveyayinevi.com.tr\/index.php\/urun\/maliyet-muhasebesi-2\/"},"modified":"2026-04-16T02:28:01","modified_gmt":"2026-04-15T23:28:01","slug":"maliyet-muhasebesi-2","status":"publish","type":"product","link":"https:\/\/roveyayinevi.com.tr\/index.php\/urun\/maliyet-muhasebesi-2\/","title":{"rendered":"Maliyet Muhasebesi"},"content":{"rendered":"<p>Kadir G\u00fcrdal, Ankara \u00dcniversitesi Siyasal Bilgiler Fak\u00fcltesi \u0130\u015fletme B\u00f6l\u00fcm\u00fc&#8217;nden 1992 y\u0131l\u0131nda mezun olmu\u015ftur. Y\u00fcksek lisans ve doktora e\u011fitimini ayn\u0131 \u00fcniversitede tamamlam\u0131\u015f, 2008 y\u0131l\u0131nda Do\u00e7ent, 2013 y\u0131l\u0131nda Profes\u00f6r unvan\u0131n\u0131 alm\u0131\u015ft\u0131r.T\u00dcRMOB-TESMER ile Bilgi Teknolojileri ve \u0130leti\u015fim Kurumu&#8217;nda dan\u0131\u015fmanl\u0131k g\u00f6revlerinde bulunmu\u015ftur. 2009-2012 y\u0131llar\u0131 aras\u0131nda Devlet Muhasebe Standartlar\u0131 Kurulu \u00fcyesi, 2016-2018 y\u0131llar\u0131 aras\u0131nda Ankara \u00dcniversitesi Siyasal Bilgiler Fak\u00fcltesi Dekan\u0131 olarak g\u00f6rev yapm\u0131\u015ft\u0131r. Halen ayn\u0131 fak\u00fcltede \u0130\u015fletme B\u00f6l\u00fcm\u00fc Muhasebe ve Finansman Anabilim Dal\u0131 \u00f6\u011fretim \u00fcyesidir.Y\u00fcksek lisans tezinde faaliyete dayal\u0131 maliyetleme, doktora tezinde finansal tablolar\u0131n konsolidasyonu konular\u0131n\u0131 incelemi\u015ftir. Muhasebe alan\u0131nda lisans ve lisans\u00fcst\u00fc d\u00fczeyde dersler y\u00fcr\u00fctmektedir. Muhasebe meslek mensuplar\u0131n\u0131n mesle\u011fe haz\u0131rl\u0131k a\u015famas\u0131nda ve s\u00fcrekli mesleki e\u011fitimlerinde g\u00f6revler almaktad\u0131r. Muhasebe\/Finansal raporlama standartlar\u0131, maliyet muhasebesi, y\u00f6netim muhasebesi vb. konularda yay\u0131nlanm\u0131\u015f kitap ve makale \u00e7al\u0131\u015fmalar\u0131 bulunmaktad\u0131r.<\/p>\n","protected":false},"excerpt":{"rendered":"<p>Kadir G\u00fcrdal, Ankara \u00dcniversitesi Siyasal Bilgiler Fak\u00fcltesi \u0130\u015fletme B\u00f6l\u00fcm\u00fc&#8217;nden 1992 y\u0131l\u0131nda mezun olmu\u015ftur. Y\u00fcksek lisans ve doktora e\u011fitimini ayn\u0131 \u00fcniversitede tamamlam\u0131\u015f, 2008 y\u0131l\u0131nda Do\u00e7ent, 2013 y\u0131l\u0131nda<span class=\"excerpt-hellip\"> [\u2026]<\/span><\/p>\n","protected":false},"featured_media":0,"template":"","meta":{"_monsterinsights_skip_tracking":false,"_monsterinsights_sitenote_active":false,"_monsterinsights_sitenote_note":"","_monsterinsights_sitenote_category":0},"product_brand":[],"product_cat":[13043,14381],"product_tag":[],"class_list":{"0":"post-720167","1":"product","2":"type-product","3":"status-publish","5":"product_cat-ekonomi","6":"product_cat-isletme-muhasebe-maliye","7":"pa_cilt-ciltsiz","8":"pa_tur-kitap","9":"pa_yayinevi-siyasal-kitabevi-akademik-kitaplar","10":"pa_yazar-kolektif","12":"first","13":"instock","14":"sale","15":"shipping-taxable","16":"purchasable","17":"product-type-simple"},"_links":{"self":[{"href":"https:\/\/roveyayinevi.com.tr\/index.php\/wp-json\/wp\/v2\/product\/720167","targetHints":{"allow":["GET"]}}],"collection":[{"href":"https:\/\/roveyayinevi.com.tr\/index.php\/wp-json\/wp\/v2\/product"}],"about":[{"href":"https:\/\/roveyayinevi.com.tr\/index.php\/wp-json\/wp\/v2\/types\/product"}],"wp:attachment":[{"href":"https:\/\/roveyayinevi.com.tr\/index.php\/wp-json\/wp\/v2\/media?parent=720167"}],"wp:term":[{"taxonomy":"product_brand","embeddable":true,"href":"https:\/\/roveyayinevi.com.tr\/index.php\/wp-json\/wp\/v2\/product_brand?post=720167"},{"taxonomy":"product_cat","embeddable":true,"href":"https:\/\/roveyayinevi.com.tr\/index.php\/wp-json\/wp\/v2\/product_cat?post=720167"},{"taxonomy":"product_tag","embeddable":true,"href":"https:\/\/roveyayinevi.com.tr\/index.php\/wp-json\/wp\/v2\/product_tag?post=720167"}],"curies":[{"name":"wp","href":"https:\/\/api.w.org\/{rel}","templated":true}]}}