{"id":720160,"date":"2025-08-27T18:32:33","date_gmt":"2025-08-27T15:32:33","guid":{"rendered":"https:\/\/roveyayinevi.com.tr\/index.php\/urun\/kamu-yonetimi-klasik\/"},"modified":"2026-04-16T02:28:01","modified_gmt":"2026-04-15T23:28:01","slug":"kamu-yonetimi-klasik","status":"publish","type":"product","link":"https:\/\/roveyayinevi.com.tr\/index.php\/urun\/kamu-yonetimi-klasik\/","title":{"rendered":"Kamu Y\u00f6netimi Klasik"},"content":{"rendered":"<p>Birinci B\u00f6l\u00fcmY\u00f6netim Bilimi Ve Kamu Y\u00f6netimi\u0130kinci B\u00f6l\u00fcmY\u00f6netim Biliminin Geli\u015fimi\u00dc\u00e7\u00fcnc\u00fc B\u00f6l\u00fcmY\u00f6netim Teorileri Ve Fonksiyonlar\u0131D\u00f6rd\u00fcnc\u00fc B\u00f6l\u00fcmB\u00fcrokrasiBe\u015finci B\u00f6l\u00fcmKamu Politikalar\u0131 Ve Karar VermeAlt\u0131nc\u0131 B\u00f6l\u00fcmT\u00fcrkiye\u2019de Kamu Y\u00f6netimiYedinci B\u00f6l\u00fcm\u0130dari ReformSekizinci B\u00f6l\u00fcmT\u00fcrk Kamu Y\u00f6netiminde Yap\u0131 Ve \u00d6rg\u00fctlenmeDokuzuncu B\u00f6l\u00fcmT\u00fcrkiye\u2019de Yerel Y\u00f6netimlerOnuncu B\u00f6l\u00fcmKamu Y\u00f6netimi Ve DenetimOnbirinci B\u00f6l\u00fcm\u0130nsan Kaynaklar\u0131 Y\u00f6netimiOnikinci B\u00f6l\u00fcmKamu Y\u00f6netimi Ve Hukuk<\/p>\n","protected":false},"excerpt":{"rendered":"<p>Birinci B\u00f6l\u00fcmY\u00f6netim Bilimi Ve Kamu Y\u00f6netimi\u0130kinci B\u00f6l\u00fcmY\u00f6netim Biliminin Geli\u015fimi\u00dc\u00e7\u00fcnc\u00fc B\u00f6l\u00fcmY\u00f6netim Teorileri Ve Fonksiyonlar\u0131D\u00f6rd\u00fcnc\u00fc B\u00f6l\u00fcmB\u00fcrokrasiBe\u015finci B\u00f6l\u00fcmKamu Politikalar\u0131 Ve Karar VermeAlt\u0131nc\u0131 B\u00f6l\u00fcmT\u00fcrkiye\u2019de Kamu Y\u00f6netimiYedinci B\u00f6l\u00fcm\u0130dari ReformSekizinci B\u00f6l\u00fcmT\u00fcrk Kamu<span class=\"excerpt-hellip\"> [\u2026]<\/span><\/p>\n","protected":false},"featured_media":0,"template":"","meta":{"_monsterinsights_skip_tracking":false,"_monsterinsights_sitenote_active":false,"_monsterinsights_sitenote_note":"","_monsterinsights_sitenote_category":0},"product_brand":[],"product_cat":[12573,12566],"product_tag":[],"class_list":{"0":"post-720160","1":"product","2":"type-product","3":"status-publish","5":"product_cat-akademik-kitaplar","6":"product_cat-egitim","7":"pa_cilt-ciltsiz","8":"pa_tur-kitap","9":"pa_yayinevi-gazi-kitabevi","10":"pa_yazar-kolektif","12":"first","13":"instock","14":"sale","15":"shipping-taxable","16":"purchasable","17":"product-type-simple"},"_links":{"self":[{"href":"https:\/\/roveyayinevi.com.tr\/index.php\/wp-json\/wp\/v2\/product\/720160","targetHints":{"allow":["GET"]}}],"collection":[{"href":"https:\/\/roveyayinevi.com.tr\/index.php\/wp-json\/wp\/v2\/product"}],"about":[{"href":"https:\/\/roveyayinevi.com.tr\/index.php\/wp-json\/wp\/v2\/types\/product"}],"wp:attachment":[{"href":"https:\/\/roveyayinevi.com.tr\/index.php\/wp-json\/wp\/v2\/media?parent=720160"}],"wp:term":[{"taxonomy":"product_brand","embeddable":true,"href":"https:\/\/roveyayinevi.com.tr\/index.php\/wp-json\/wp\/v2\/product_brand?post=720160"},{"taxonomy":"product_cat","embeddable":true,"href":"https:\/\/roveyayinevi.com.tr\/index.php\/wp-json\/wp\/v2\/product_cat?post=720160"},{"taxonomy":"product_tag","embeddable":true,"href":"https:\/\/roveyayinevi.com.tr\/index.php\/wp-json\/wp\/v2\/product_tag?post=720160"}],"curies":[{"name":"wp","href":"https:\/\/api.w.org\/{rel}","templated":true}]}}