{"id":720153,"date":"2025-08-27T18:32:29","date_gmt":"2025-08-27T15:32:29","guid":{"rendered":"https:\/\/roveyayinevi.com.tr\/index.php\/urun\/plutus-zenginlik\/"},"modified":"2026-04-16T02:28:01","modified_gmt":"2026-04-15T23:28:01","slug":"plutus-zenginlik","status":"publish","type":"product","link":"https:\/\/roveyayinevi.com.tr\/index.php\/urun\/plutus-zenginlik\/","title":{"rendered":"Plutus (Zenginlik)"},"content":{"rendered":"<p>Aristofanes (Aristophanes), M\u00d6 456  M\u00d6 386 y\u0131llar\u0131 aras\u0131nda ya\u015fam\u0131\u015f bir komedya yazar\u0131d\u0131r. Komedya\u2019n\u0131n Babas\u0131 ve Komedya\u2019n\u0131n Prensi olarak da bilinen Aristofanes, Atina toplumunun antik \u00e7a\u011fdaki halini en iyi \u015fekilde betimleyen yazarlardand\u0131r. Haz\u0131rlad\u0131\u011f\u0131 otuzun \u00fczerinde oyundan sadece on bir tanesi g\u00fcn\u00fcm\u00fcze ula\u015fabilmi\u015ftir. Bu eserler, Eski Komedya d\u00f6neminin yegane \u00f6rnekleridir. Mizahi tarz\u0131nda kulland\u0131\u011f\u0131 keskin dilin, Atina\u2019n\u0131n toplumsal dinamikleri \u00fczerinde yaratt\u0131\u011f\u0131 etkiler, d\u00f6nemin d\u00fc\u015f\u00fcn\u00fcr ve yazarlar\u0131 taraf\u0131ndan da kabul g\u00f6ren bir ger\u00e7ekliktir. \u00d6yle ki, Platon (Eflatun), Aristofanes\u2019in \u201cBulutlar\u201d isimli eserinin daha sonra Sokrates\u2019in yarg\u0131lanmas\u0131na sebep olan etmenlerden biri oldu\u011funu iddia etmi\u015ftir. Plutus (Yunanca: \u03a0\u03bb\u03bf\u03c4\u03bf\u03c2 , \u201cPloutos\u201d; T\u00fcrk\u00e7e: \u201cZenginlik\u201d), Antik Yunan d\u00f6nemine ait bir komedya olup, Komedyan\u0131n Babas\u0131 olarak da bilinen me\u015fhur oyun yazar\u0131 Aristofanes\u2019in eseridir. \u0130lk olarak, M.\u00d6. 408 y\u0131l\u0131nda sahnelenmi\u015f olup, M.\u00d6. 388 senesinde revize edilerek tekrar oynanm\u0131\u015ft\u0131r<\/p>\n","protected":false},"excerpt":{"rendered":"<p>Aristofanes (Aristophanes), M\u00d6 456 M\u00d6 386 y\u0131llar\u0131 aras\u0131nda ya\u015fam\u0131\u015f bir komedya yazar\u0131d\u0131r. Komedya\u2019n\u0131n Babas\u0131 ve Komedya\u2019n\u0131n Prensi olarak da bilinen Aristofanes, Atina toplumunun antik \u00e7a\u011fdaki halini<span class=\"excerpt-hellip\"> [\u2026]<\/span><\/p>\n","protected":false},"featured_media":0,"template":"","meta":{"_monsterinsights_skip_tracking":false,"_monsterinsights_sitenote_active":false,"_monsterinsights_sitenote_note":"","_monsterinsights_sitenote_category":0},"product_brand":[],"product_cat":[12312,12304],"product_tag":[],"class_list":{"0":"post-720153","1":"product","2":"type-product","3":"status-publish","5":"product_cat-diger","6":"product_cat-tarih","7":"pa_cilt-ciltsiz","8":"pa_tur-kitap","9":"pa_yayinevi-toz-yayinlari","10":"pa_yazar-aristofanes","12":"first","13":"instock","14":"sale","15":"shipping-taxable","16":"purchasable","17":"product-type-simple"},"_links":{"self":[{"href":"https:\/\/roveyayinevi.com.tr\/index.php\/wp-json\/wp\/v2\/product\/720153","targetHints":{"allow":["GET"]}}],"collection":[{"href":"https:\/\/roveyayinevi.com.tr\/index.php\/wp-json\/wp\/v2\/product"}],"about":[{"href":"https:\/\/roveyayinevi.com.tr\/index.php\/wp-json\/wp\/v2\/types\/product"}],"wp:attachment":[{"href":"https:\/\/roveyayinevi.com.tr\/index.php\/wp-json\/wp\/v2\/media?parent=720153"}],"wp:term":[{"taxonomy":"product_brand","embeddable":true,"href":"https:\/\/roveyayinevi.com.tr\/index.php\/wp-json\/wp\/v2\/product_brand?post=720153"},{"taxonomy":"product_cat","embeddable":true,"href":"https:\/\/roveyayinevi.com.tr\/index.php\/wp-json\/wp\/v2\/product_cat?post=720153"},{"taxonomy":"product_tag","embeddable":true,"href":"https:\/\/roveyayinevi.com.tr\/index.php\/wp-json\/wp\/v2\/product_tag?post=720153"}],"curies":[{"name":"wp","href":"https:\/\/api.w.org\/{rel}","templated":true}]}}