{"id":720146,"date":"2025-08-27T18:32:24","date_gmt":"2025-08-27T15:32:24","guid":{"rendered":"https:\/\/roveyayinevi.com.tr\/index.php\/urun\/mutfak-turizmi-uzerine-bir-arastirma\/"},"modified":"2026-04-16T02:28:01","modified_gmt":"2026-04-15T23:28:01","slug":"mutfak-turizmi-uzerine-bir-arastirma","status":"publish","type":"product","link":"https:\/\/roveyayinevi.com.tr\/index.php\/urun\/mutfak-turizmi-uzerine-bir-arastirma\/","title":{"rendered":"Mutfak Turizmi \u00dczerine Bir Ara\u015ft\u0131rma"},"content":{"rendered":"<p>Bu kitap D\u00fczce \u00dcniversitesi Sosyal Bilimler Enstit\u00fcs\u00fc Turizm ve Otel \u0130\u015fletmecili\u011fi Anabilim Dal\u0131nda Do\u00e7. Dr. Atilla Akbaba Dan\u0131\u015fmanl\u0131\u011f\u0131nda yap\u0131lan 06.01.2011 tarihinde juri oy birli\u011fi ile kabul edilen 279985 bilim kodlu Alternatif Bir Turizm \u00c7e\u015fidi Olarak Mutfak Turizminin De\u011ferlendirilmesine \u0130li\u015fkin Sekt\u00f6r Temsilcilerinin G\u00f6r\u00fc\u015flerinin \u0130ncelenmesi \u00dczerine Bir Ara\u015ft\u0131rma isimli y\u00fcksek lisans tezi \u00e7al\u0131\u015fmas\u0131ndan \u00fcretilmi\u015ftir.<\/p>\n","protected":false},"excerpt":{"rendered":"<p>Bu kitap D\u00fczce \u00dcniversitesi Sosyal Bilimler Enstit\u00fcs\u00fc Turizm ve Otel \u0130\u015fletmecili\u011fi Anabilim Dal\u0131nda Do\u00e7. Dr. Atilla Akbaba Dan\u0131\u015fmanl\u0131\u011f\u0131nda yap\u0131lan 06.01.2011 tarihinde juri oy birli\u011fi ile kabul<span class=\"excerpt-hellip\"> [\u2026]<\/span><\/p>\n","protected":false},"featured_media":0,"template":"","meta":{"_monsterinsights_skip_tracking":false,"_monsterinsights_sitenote_active":false,"_monsterinsights_sitenote_note":"","_monsterinsights_sitenote_category":0},"product_brand":[],"product_cat":[28265,15563],"product_tag":[],"class_list":{"0":"post-720146","1":"product","2":"type-product","3":"status-publish","5":"product_cat-diger-hobi","6":"product_cat-hobi","7":"pa_cilt-ciltsiz","8":"pa_tur-kitap","9":"pa_yayinevi-gazi-kitabevi","10":"pa_yazar-dilek-eren","12":"first","13":"instock","14":"sale","15":"shipping-taxable","16":"purchasable","17":"product-type-simple"},"_links":{"self":[{"href":"https:\/\/roveyayinevi.com.tr\/index.php\/wp-json\/wp\/v2\/product\/720146","targetHints":{"allow":["GET"]}}],"collection":[{"href":"https:\/\/roveyayinevi.com.tr\/index.php\/wp-json\/wp\/v2\/product"}],"about":[{"href":"https:\/\/roveyayinevi.com.tr\/index.php\/wp-json\/wp\/v2\/types\/product"}],"wp:attachment":[{"href":"https:\/\/roveyayinevi.com.tr\/index.php\/wp-json\/wp\/v2\/media?parent=720146"}],"wp:term":[{"taxonomy":"product_brand","embeddable":true,"href":"https:\/\/roveyayinevi.com.tr\/index.php\/wp-json\/wp\/v2\/product_brand?post=720146"},{"taxonomy":"product_cat","embeddable":true,"href":"https:\/\/roveyayinevi.com.tr\/index.php\/wp-json\/wp\/v2\/product_cat?post=720146"},{"taxonomy":"product_tag","embeddable":true,"href":"https:\/\/roveyayinevi.com.tr\/index.php\/wp-json\/wp\/v2\/product_tag?post=720146"}],"curies":[{"name":"wp","href":"https:\/\/api.w.org\/{rel}","templated":true}]}}