{"id":720144,"date":"2025-08-27T18:32:23","date_gmt":"2025-08-27T15:32:23","guid":{"rendered":"https:\/\/roveyayinevi.com.tr\/index.php\/urun\/kuzeyin-kuzgunlari-vikingler\/"},"modified":"2026-04-16T02:28:01","modified_gmt":"2026-04-15T23:28:01","slug":"kuzeyin-kuzgunlari-vikingler","status":"publish","type":"product","link":"https:\/\/roveyayinevi.com.tr\/index.php\/urun\/kuzeyin-kuzgunlari-vikingler\/","title":{"rendered":"Kuzeyin Kuzgunlar\u0131 Vikingler"},"content":{"rendered":"<p>Ge\u00e7mi\u015f y\u00fczy\u0131llardan kalan Kuzgunlar\u0131 d\u00fc\u015f\u00fcnen sadece Edgar Allan Poe de\u011fildir. Kadim bilgelikleriyle Vikingler, inan\u00e7lar\u0131n\u0131n oda\u011f\u0131nda bulunan bu karanl\u0131k hayvan\u0131 kendileriyle \u00f6zde\u015fle\u015ftirmi\u015flerdir. Karanl\u0131klar\u0131n efendisi Odin\u2019in omuzlar\u0131nda duran ve fanilerin aras\u0131nda dolanarak edindikleri bilgileri kula\u011f\u0131na f\u0131s\u0131ldayan Kuzgunlar adeta Vikinglerin en \u00f6nemli sembollerinden birisi haline gelmi\u015ftir. Sadece inan\u00e7lar\u0131ndaki bu \u00f6nemli yeri nedeniyle de\u011fil ayn\u0131 zamanda karanl\u0131\u011f\u0131, bilgeli\u011fi ve y\u0131rt\u0131c\u0131l\u0131\u011f\u0131 ile Kuzgunlar sevilmi\u015f ve kulaktan kula\u011fa yay\u0131lan destanlarda efsanevi roller \u00fcstlenmi\u015ftir. Elinizdeki bu kitapta Vikinglerin inan\u00e7lar\u0131n\u0131n dayand\u0131\u011f\u0131 eserleri, efsanele\u015fen tarihlerini ve kurmaca san\u0131lan bilgelik dolu ger\u00e7ekliklerini okuyacaks\u0131n\u0131z. Kuzeyin Kuzgunlar\u0131\u2019nda anlat\u0131lanlar edebiyattan mitolojiye, tarihten felsefeye uzanan kadim Viking bilgeli\u011finden s\u00fcz\u00fclerek gelen bilgilerden derlenmi\u015ftir.  <\/p>\n","protected":false},"excerpt":{"rendered":"<p>Ge\u00e7mi\u015f y\u00fczy\u0131llardan kalan Kuzgunlar\u0131 d\u00fc\u015f\u00fcnen sadece Edgar Allan Poe de\u011fildir. Kadim bilgelikleriyle Vikingler, inan\u00e7lar\u0131n\u0131n oda\u011f\u0131nda bulunan bu karanl\u0131k hayvan\u0131 kendileriyle \u00f6zde\u015fle\u015ftirmi\u015flerdir. Karanl\u0131klar\u0131n efendisi Odin\u2019in omuzlar\u0131nda duran<span class=\"excerpt-hellip\"> [\u2026]<\/span><\/p>\n","protected":false},"featured_media":0,"template":"","meta":{"_monsterinsights_skip_tracking":false,"_monsterinsights_sitenote_active":false,"_monsterinsights_sitenote_note":"","_monsterinsights_sitenote_category":0},"product_brand":[],"product_cat":[12370,12304],"product_tag":[],"class_list":{"0":"post-720144","1":"product","2":"type-product","3":"status-publish","5":"product_cat-arastirma-inceleme","6":"product_cat-tarih","7":"pa_cilt-ciltsiz","8":"pa_tur-kitap","9":"pa_yayinevi-yeditepe-yayinevi","10":"pa_yazar-selahattin-ozkan","12":"first","13":"instock","14":"sale","15":"shipping-taxable","16":"purchasable","17":"product-type-simple"},"_links":{"self":[{"href":"https:\/\/roveyayinevi.com.tr\/index.php\/wp-json\/wp\/v2\/product\/720144","targetHints":{"allow":["GET"]}}],"collection":[{"href":"https:\/\/roveyayinevi.com.tr\/index.php\/wp-json\/wp\/v2\/product"}],"about":[{"href":"https:\/\/roveyayinevi.com.tr\/index.php\/wp-json\/wp\/v2\/types\/product"}],"wp:attachment":[{"href":"https:\/\/roveyayinevi.com.tr\/index.php\/wp-json\/wp\/v2\/media?parent=720144"}],"wp:term":[{"taxonomy":"product_brand","embeddable":true,"href":"https:\/\/roveyayinevi.com.tr\/index.php\/wp-json\/wp\/v2\/product_brand?post=720144"},{"taxonomy":"product_cat","embeddable":true,"href":"https:\/\/roveyayinevi.com.tr\/index.php\/wp-json\/wp\/v2\/product_cat?post=720144"},{"taxonomy":"product_tag","embeddable":true,"href":"https:\/\/roveyayinevi.com.tr\/index.php\/wp-json\/wp\/v2\/product_tag?post=720144"}],"curies":[{"name":"wp","href":"https:\/\/api.w.org\/{rel}","templated":true}]}}