{"id":720136,"date":"2025-08-27T18:32:18","date_gmt":"2025-08-27T15:32:18","guid":{"rendered":"https:\/\/roveyayinevi.com.tr\/index.php\/urun\/daha-adil-daha-makul\/"},"modified":"2026-04-16T02:28:01","modified_gmt":"2026-04-15T23:28:01","slug":"daha-adil-daha-makul","status":"publish","type":"product","link":"https:\/\/roveyayinevi.com.tr\/index.php\/urun\/daha-adil-daha-makul\/","title":{"rendered":"Daha Adil Daha Makul"},"content":{"rendered":"<p>2019 George S. Eccles \u0130ktisat Yaz\u0131m\u0131nda M\u00fckemmellik \u00d6d\u00fcl\u00fc Ulus devlet anlay\u0131\u015f\u0131, yak\u0131n zamana kadar k\u00fcreselle\u015fme dalgas\u0131n\u0131n alt\u0131nda kal\u0131p t\u00fcm etkisini yitirmeye mahk\u00fbm g\u00f6r\u00fcn\u00fcyordu. \u015eimdi ise t\u00fcm d\u00fcnyadan y\u00fckselen pop\u00fclizm r\u00fczg\u00e2r\u0131n\u0131 arkas\u0131na alarak geri d\u00f6nd\u00fc.  D\u00fcnyan\u0131n \u00f6nde gelen iktisat\u00e7\u0131lar\u0131ndan DaniRodrik, denetlenmeyen bir k\u00fcreselle\u015fmenin ekonomik ve siyasi riskleri konusunda uzun y\u0131llard\u0131r uyar\u0131larda bulunuyordu. Ba\u015fta Trump\u2019\u0131n politikalar\u0131 ve Brexit olmak \u00fczere yak\u0131n d\u00f6nemde d\u00fcnyay\u0131 saran pop\u00fclist dalga, bu uyar\u0131lar\u0131n hakl\u0131l\u0131\u011f\u0131n\u0131 kan\u0131tlar nitelikte. \u015eimdi Rodrik, hem iktisat biliminin temel ilkelerini g\u00f6z ard\u0131 ederek sorgusuz sualsiz bir \u015fekilde k\u00fcreselle\u015fmenin bayraktarl\u0131\u011f\u0131n\u0131 yapan meslekta\u015flar\u0131n\u0131 ele\u015ftiriyor hem de teknokratik elitlerin \u201chiperk\u00fcreselle\u015fme\u201d konusundaki saplant\u0131lar\u0131n\u0131n neden ulus devletlerin ekonomik refah, finansal istikrar ve e\u015fitlik gibi me\u015fru hedeflere ula\u015fmalar\u0131n\u0131 zorla\u015ft\u0131rd\u0131\u011f\u0131n\u0131 g\u00f6steriyor. DaniRodrik, s\u0131n\u0131rlar\u0131n kapat\u0131lmas\u0131 ya da Trump tarz\u0131 bir korumac\u0131l\u0131k yerine, ulusal ve k\u00fcresel y\u00f6neti\u015fim aras\u0131nda nas\u0131l ihtiyatl\u0131 bir denge kurulabilinece\u011fine ve sonu\u00e7 olarak nas\u0131l daha adil, daha makul bir k\u00fcresel ekonomiye ula\u015fabilece\u011fimize dair uygulanabilir bir yol haritas\u0131 \u00e7iziyor. Yazar Hakk\u0131nda: DAN\u0130 RODR\u0130K, Harvard \u00dcniversitesi, John F. Kennedy School\u2019da Uluslararas\u0131 Politik \u0130ktisat Profes\u00f6ru\u0308\u2019du\u0308r. 1957 y\u0131l\u0131nda \u0130stanbul\u2019da do\u011fan Rodrik, Robert Kolej\u2019den mezun olduktan sonra yu\u0308ksek \u00f6\u011frenimine ABD\u2019de devam etmi\u015ftir. Halen EconomicsforInclusiveProsperity\u2019de e\u015f direkt\u00f6rlu\u0308k ve Uluslararas\u0131 Ekonomi Birli\u011fi\u2019nde (IEA) se\u00e7ilmi\u015f ba\u015fkanl\u0131k g\u00f6revlerini yu\u0308ru\u0308tmekte, Ulusal Ekonomik Ara\u015ft\u0131rmalar Bu\u0308rosu (NBER) ve Ekonomi Politikalar\u0131 Ara\u015ft\u0131rma Merkezi\u2019nin (CEPR) \u00e7al\u0131\u015fmalar\u0131nda g\u00f6revler u\u0308stlenmektedir. Profes\u00f6r Rodrik\u2019in ara\u015ft\u0131rmalar\u0131 ku\u0308reselle\u015fme, iktisadi kalk\u0131nma ve politik iktisad\u0131 kapsamaktad\u0131r. Sosyal Bilimler Ara\u015ft\u0131rma Kurulu (SSRC) taraf\u0131ndan verilen Albert O. Hirschman\u00d6du\u0308lu\u0308 sahibi Rodrik, 2019\u2019da Prospectve 2017\u2019de Politico dergileri taraf\u0131ndan du\u0308nyan\u0131n en \u00f6nemli 50 du\u0308\u015fu\u0308nu\u0308ru\u0308 aras\u0131nda g\u00f6sterilmi\u015ftir. Daha Adil, Daha Makul Bir Ku\u0308resel Ekonomi Mu\u0308mku\u0308n mu\u0308? kitab\u0131yla 2019 y\u0131l\u0131nda George S. Eccles \u0130ktisat Yaz\u0131m\u0131nda Mu\u0308kemmellik\u00d6du\u0308lu\u0308 alan Rodrik\u2019in yaz\u0131lar\u0131 her ay du\u0308zenli olarak Project Syndicate\u2019te yer almaktad\u0131r. <\/p>\n","protected":false},"excerpt":{"rendered":"<p>2019 George S. Eccles \u0130ktisat Yaz\u0131m\u0131nda M\u00fckemmellik \u00d6d\u00fcl\u00fc Ulus devlet anlay\u0131\u015f\u0131, yak\u0131n zamana kadar k\u00fcreselle\u015fme dalgas\u0131n\u0131n alt\u0131nda kal\u0131p t\u00fcm etkisini yitirmeye mahk\u00fbm g\u00f6r\u00fcn\u00fcyordu. \u015eimdi ise t\u00fcm<span class=\"excerpt-hellip\"> [\u2026]<\/span><\/p>\n","protected":false},"featured_media":0,"template":"","meta":{"_monsterinsights_skip_tracking":false,"_monsterinsights_sitenote_active":false,"_monsterinsights_sitenote_note":"","_monsterinsights_sitenote_category":0},"product_brand":[],"product_cat":[13043,65318],"product_tag":[],"class_list":{"0":"post-720136","1":"product","2":"type-product","3":"status-publish","5":"product_cat-ekonomi","6":"product_cat-kuresellesme","7":"pa_cilt-ciltsiz","8":"pa_tur-kitap","9":"pa_yayinevi-domingo-yayinevi","10":"pa_yazar-dani-rodrik","12":"first","13":"instock","14":"sale","15":"shipping-taxable","16":"purchasable","17":"product-type-simple"},"_links":{"self":[{"href":"https:\/\/roveyayinevi.com.tr\/index.php\/wp-json\/wp\/v2\/product\/720136","targetHints":{"allow":["GET"]}}],"collection":[{"href":"https:\/\/roveyayinevi.com.tr\/index.php\/wp-json\/wp\/v2\/product"}],"about":[{"href":"https:\/\/roveyayinevi.com.tr\/index.php\/wp-json\/wp\/v2\/types\/product"}],"wp:attachment":[{"href":"https:\/\/roveyayinevi.com.tr\/index.php\/wp-json\/wp\/v2\/media?parent=720136"}],"wp:term":[{"taxonomy":"product_brand","embeddable":true,"href":"https:\/\/roveyayinevi.com.tr\/index.php\/wp-json\/wp\/v2\/product_brand?post=720136"},{"taxonomy":"product_cat","embeddable":true,"href":"https:\/\/roveyayinevi.com.tr\/index.php\/wp-json\/wp\/v2\/product_cat?post=720136"},{"taxonomy":"product_tag","embeddable":true,"href":"https:\/\/roveyayinevi.com.tr\/index.php\/wp-json\/wp\/v2\/product_tag?post=720136"}],"curies":[{"name":"wp","href":"https:\/\/api.w.org\/{rel}","templated":true}]}}