{"id":720132,"date":"2025-08-27T18:32:15","date_gmt":"2025-08-27T15:32:15","guid":{"rendered":"https:\/\/roveyayinevi.com.tr\/index.php\/urun\/aile-terapisinde-temel-beceriler\/"},"modified":"2026-01-29T02:50:57","modified_gmt":"2026-01-28T23:50:57","slug":"aile-terapisinde-temel-beceriler","status":"publish","type":"product","link":"https:\/\/roveyayinevi.com.tr\/index.php\/urun\/aile-terapisinde-temel-beceriler\/","title":{"rendered":"Aile Terapisinde Temel Beceriler"},"content":{"rendered":"<p>\u25cf Dan\u0131\u015fanlar\u0131ma ne s\u00f6ylemeliyim? \u25cf Seanslardan elde etti\u011fim bilgileri en iyi nas\u0131l organize edebilirim? \u25cf Ne zaman bir tan\u0131 koymal\u0131y\u0131m? \u25cf Terapist olarak yetersizlik hissederken dan\u0131\u015fanlar\u0131ma ger\u00e7ekten yard\u0131m edebilir miyim? \u25cf Terapinin i\u015fe yarad\u0131\u011f\u0131n\u0131 nas\u0131l anlayaca\u011f\u0131m? \u0130\u015fte yeni aile terapistlerinin b\u00fcy\u00fck b\u00f6l\u00fcm\u00fcn\u00fcn zihnini me\u015fgul eden sorulardan birka\u00e7\u0131. Klinik uygulama d\u00fcnyas\u0131na ad\u0131m atan veya bilgilerini g\u00fcncellemek isteyen aile terapistleri i\u00e7in kapsaml\u0131 bir k\u0131lavuz. Empatik bir rehberlik anlay\u0131\u015f\u0131na sahip yazarlar, dan\u0131\u015fan kabul\u00fc, ilk g\u00f6r\u00fc\u015fme, de\u011ferlendirme, tedavi planlama ve sonland\u0131rma gibi temel s\u00fcre\u00e7ler hakk\u0131nda bilgi vermekle yetinmeyip sempati duyulmayan dan\u0131\u015fanlarla, \u00e7ocuklarla, zihinsel hastal\u0131\u011f\u0131n e\u015flik etti\u011fi ailelerle \u00e7al\u0131\u015fma ve terapide t\u0131kan\u0131kl\u0131\u011f\u0131 a\u015fma gibi spesifik konulara da e\u011filiyorlar. Klinik e\u011fitim ve uygulama programlar\u0131n\u0131n vazge\u00e7ilmezi olacak bu kitap, farkl\u0131 teknik ve kuramlar\u0131n klinik uygulamalara nas\u0131l esnek bir \u015fekilde uyarlanabilece\u011finin a\u00e7\u0131k bir kan\u0131t\u0131 \u201cYeni aile terapistleri i\u00e7in bir ba\u015fucu kitab\u0131 \u2026Karma\u015f\u0131k kuramlar\u0131n kavranmas\u0131n\u0131, alanda kullan\u0131lan tekniklerin uygulanmas\u0131n\u0131 kolayla\u015ft\u0131r\u0131yor. Bu muhte\u015fem kitab\u0131 \u015fiddetle tavsiye ediyorum.\u201d -Susan H. MacDaniel, PhD Rochester \u00dcniversitesi T\u0131p Merkezi Aile Enstit\u00fcs\u00fc Direkt\u00f6r\u00fc \u201c\u2026\u00d6zellikle multidisipliner bir i\u015f birli\u011fi \u00e7er\u00e7evesinde \u00e7al\u0131\u015fma yapan yeni aile terapistleri i\u00e7in e\u015fi bulunmaz bir \u2018almanak\u2019. \u00d6\u011frencilerimiz bu kitapla kendilerini \u00e7ok daha g\u00fc\u00e7l\u00fc hissedecekler.\u201d -Wayne H. Denton, MD, PhD Teksas \u00dcniversitesi Southwestern T\u0131p Merkezi Aile \u00c7al\u0131\u015fmalar\u0131 Merkezi Direkt\u00f6r\u00fc \u201cKitap b\u00fct\u00fcnc\u00fcl bir \u00e7er\u00e7eve \u00e7iziyor. Klinik ustal\u0131kla kan\u0131ta dayal\u0131 uygulamalar\u0131, ailelerin \u00f6zelliklerini, tercihlerini ve ba\u011flamlar\u0131n\u0131 birbirine harmanl\u0131yor. \u00d6\u011frencileriniz bu kitaba sonsuza kadar minnettar kalacak.\u201d -Guillermo Bernal, PhD, Puerto Rico \u00dcniversitesi Psikoloji Ara\u015ft\u0131rmalar\u0131 Merkezi Direkt\u00f6r\u00fc<\/p>\n","protected":false},"excerpt":{"rendered":"<p>\u25cf Dan\u0131\u015fanlar\u0131ma ne s\u00f6ylemeliyim? \u25cf Seanslardan elde etti\u011fim bilgileri en iyi nas\u0131l organize edebilirim? \u25cf Ne zaman bir tan\u0131 koymal\u0131y\u0131m? \u25cf Terapist olarak yetersizlik hissederken dan\u0131\u015fanlar\u0131ma<span class=\"excerpt-hellip\"> [\u2026]<\/span><\/p>\n","protected":false},"featured_media":0,"template":"","meta":{"_monsterinsights_skip_tracking":false,"_monsterinsights_sitenote_active":false,"_monsterinsights_sitenote_note":"","_monsterinsights_sitenote_category":0},"product_brand":[],"product_cat":[12325,12324],"product_tag":[],"class_list":{"0":"post-720132","1":"product","2":"type-product","3":"status-publish","5":"product_cat-diger-sosyoloji","6":"product_cat-sosyoloji","7":"pa_cilt-ciltsiz","8":"pa_tur-kitap","9":"pa_yayinevi-ck-yayinevi","10":"pa_yazar-kolektif","12":"first","13":"instock","14":"sale","15":"shipping-taxable","16":"purchasable","17":"product-type-simple"},"_links":{"self":[{"href":"https:\/\/roveyayinevi.com.tr\/index.php\/wp-json\/wp\/v2\/product\/720132","targetHints":{"allow":["GET"]}}],"collection":[{"href":"https:\/\/roveyayinevi.com.tr\/index.php\/wp-json\/wp\/v2\/product"}],"about":[{"href":"https:\/\/roveyayinevi.com.tr\/index.php\/wp-json\/wp\/v2\/types\/product"}],"wp:attachment":[{"href":"https:\/\/roveyayinevi.com.tr\/index.php\/wp-json\/wp\/v2\/media?parent=720132"}],"wp:term":[{"taxonomy":"product_brand","embeddable":true,"href":"https:\/\/roveyayinevi.com.tr\/index.php\/wp-json\/wp\/v2\/product_brand?post=720132"},{"taxonomy":"product_cat","embeddable":true,"href":"https:\/\/roveyayinevi.com.tr\/index.php\/wp-json\/wp\/v2\/product_cat?post=720132"},{"taxonomy":"product_tag","embeddable":true,"href":"https:\/\/roveyayinevi.com.tr\/index.php\/wp-json\/wp\/v2\/product_tag?post=720132"}],"curies":[{"name":"wp","href":"https:\/\/api.w.org\/{rel}","templated":true}]}}