{"id":720131,"date":"2025-08-27T18:32:15","date_gmt":"2025-08-27T15:32:15","guid":{"rendered":"https:\/\/roveyayinevi.com.tr\/index.php\/urun\/aile-iliskilerini-tekrar-gozden-gecirmek\/"},"modified":"2026-01-29T02:50:57","modified_gmt":"2026-01-28T23:50:57","slug":"aile-iliskilerini-tekrar-gozden-gecirmek","status":"publish","type":"product","link":"https:\/\/roveyayinevi.com.tr\/index.php\/urun\/aile-iliskilerini-tekrar-gozden-gecirmek\/","title":{"rendered":"Aile \u0130li\u015fkilerini Tekrar G\u00f6zden Ge\u00e7irmek"},"content":{"rendered":"<p>\u201cBu, velayet uyu\u015fmazl\u0131klar\u0131n\u0131 \u00e7\u00f6z\u00fcme kavu\u015fturmak i\u00e7in ba\u015fvurulan bo\u015fanma arabuluculu\u011fu hakk\u0131nda bug\u00fcne kadar yap\u0131lm\u0131\u015f en kapsaml\u0131 ve detayl\u0131 \u00e7al\u0131\u015fmad\u0131r. Emery, ailelerin hayatlar\u0131nda kar\u015f\u0131la\u015fabilecekleri ac\u0131 verici ya\u015famsal s\u00fcre\u00e7lerle etkili bir \u015fekilde ba\u015fa \u00e7\u0131kmalar\u0131na yard\u0131mc\u0131 olmak i\u00e7in e\u015fi benzeri olmayan iyimser bir model sunmaktad\u0131r. Ailelerle \u00e7al\u0131\u015fan bir ruh sa\u011fl\u0131\u011f\u0131 klinisyeninin m\u00fc\u015ffik, anlay\u0131\u015fl\u0131, deneysel olarak desteklenmi\u015f ve son derece kullan\u0131\u015fl\u0131 olan bu rehberi mutlaka okumas\u0131 gerekir.\u201d \u2013Alan S. Gurman, PhD, K\u0131demli E\u011fitmen, Klinik Psikoloji E\u011fitim Program\u0131, Wisconsin \u00dcniversitesi-Madison ve Dan\u0131\u015fmanl\u0131k Fak\u00fcltesi, Northwestern \u00dcniversitesi Aile Enstit\u00fcs\u00fc \u201cBu kitap, bir evlili\u011fi sona erdirmenin duygusal s\u00fcre\u00e7lerine de\u011finen en son ara\u015ft\u0131rmalar ve g\u00fc\u00e7l\u00fc i\u00e7g\u00f6r\u00fclerle doludur. \u00c7ocuklar\u0131n\u0131n iyili\u011fi i\u00e7in ebeveynlerin anla\u015fmazl\u0131klar\u0131 m\u00fcmk\u00fcn olan en iyi yolla \u00e7\u00f6zmelerine yard\u0131mc\u0131 olan duygu-odakl\u0131 arabuluculu\u011fa y\u00f6nelik geni\u015f kapsaml\u0131, emsalsiz bir rehberlik sunmaktad\u0131r. Kitapta anlat\u0131lan ara\u015ft\u0131rma, bu yakla\u015f\u0131m\u0131n \u00e7ocuklar\u0131n sa\u011fl\u0131kl\u0131 bir \u015fekilde uyum sa\u011flad\u0131\u011f\u0131n\u0131 g\u00f6steren iki g\u00fc\u00e7l\u00fc yorday\u0131c\u0131 \u00fczerinde olumlu bir etkisi oldu\u011funa i\u015faret etmektedir: Ebeveynlerin \u00e7at\u0131\u015fmay\u0131 nas\u0131l kontrol alt\u0131na ald\u0131\u011f\u0131 ve \u00e7ocuklar\u0131n\u0131n hayat\u0131nda anlaml\u0131 bir \u015fekilde nas\u0131l yer almaya devam etti\u011fi.\u201d \u2013JoAnne Pedro-Carroll, PhD, Klinik psikolog, Rochester, New York; Bo\u015fanm\u0131\u015f Aile \u00c7ocuklar\u0131 M\u00fcdahale Program\u0131 kurucusu \u201cEmery yine iyi bir i\u015f \u00e7\u0131karm\u0131\u015f. Kitab\u0131n ikinci edisyonu, b\u00fct\u00fcn aile \u00fcyelerinin duygusal a\u00e7\u0131dan toparlanmas\u0131n\u0131 etkileyen m\u00fcdahale y\u00f6ntemleriyle ilgili \u00f6nemli geli\u015fmeleri aktarmaktad\u0131r. Arabuluculu\u011fa odaklanan bu kitap, Emery\u2019nin bir \u201ckusursuzluk \u00f6rne\u011fi\u201d olan uzun vadeli \u00e7al\u0131\u015fmas\u0131ndan ve engin klinik deneyiminden gelen i\u00e7g\u00f6r\u00fclerin yan\u0131 s\u0131ra aile uyu\u015fmazl\u0131k \u00e7\u00f6z\u00fcm\u00fc hakk\u0131ndaki en son uluslararas\u0131 ara\u015ft\u0131rmalara yer vermektedir. Ba\u015f\u0131ndan sonuna kadar Emery\u2019nin kendisine \u00f6zg\u00fc mizah anlay\u0131\u015f\u0131, i\u00e7tenli\u011fi ve bir bilim insan\u0131-uygulay\u0131c\u0131 \u00fcstad\u0131 olarak sahip oldu\u011fu kendinden emin ustal\u0131\u011f\u0131 su y\u00fcz\u00fcne \u00e7\u0131kmaktad\u0131r.\u201d \u2013Jennifer E. McIntosh, PhD, Y\u00f6netici, Aile D\u00f6n\u00fc\u015f\u00fcmleri, Melbourne, Avustralya<\/p>\n","protected":false},"excerpt":{"rendered":"<p>\u201cBu, velayet uyu\u015fmazl\u0131klar\u0131n\u0131 \u00e7\u00f6z\u00fcme kavu\u015fturmak i\u00e7in ba\u015fvurulan bo\u015fanma arabuluculu\u011fu hakk\u0131nda bug\u00fcne kadar yap\u0131lm\u0131\u015f en kapsaml\u0131 ve detayl\u0131 \u00e7al\u0131\u015fmad\u0131r. Emery, ailelerin hayatlar\u0131nda kar\u015f\u0131la\u015fabilecekleri ac\u0131 verici ya\u015famsal s\u00fcre\u00e7lerle<span class=\"excerpt-hellip\"> [\u2026]<\/span><\/p>\n","protected":false},"featured_media":0,"template":"","meta":{"_monsterinsights_skip_tracking":false,"_monsterinsights_sitenote_active":false,"_monsterinsights_sitenote_note":"","_monsterinsights_sitenote_category":0},"product_brand":[],"product_cat":[12325,12324],"product_tag":[],"class_list":{"0":"post-720131","1":"product","2":"type-product","3":"status-publish","5":"product_cat-diger-sosyoloji","6":"product_cat-sosyoloji","7":"pa_cilt-ciltsiz","8":"pa_tur-kitap","9":"pa_yayinevi-ck-yayinevi","10":"pa_yazar-robert-e-emery","12":"first","13":"instock","14":"sale","15":"shipping-taxable","16":"purchasable","17":"product-type-simple"},"_links":{"self":[{"href":"https:\/\/roveyayinevi.com.tr\/index.php\/wp-json\/wp\/v2\/product\/720131","targetHints":{"allow":["GET"]}}],"collection":[{"href":"https:\/\/roveyayinevi.com.tr\/index.php\/wp-json\/wp\/v2\/product"}],"about":[{"href":"https:\/\/roveyayinevi.com.tr\/index.php\/wp-json\/wp\/v2\/types\/product"}],"wp:attachment":[{"href":"https:\/\/roveyayinevi.com.tr\/index.php\/wp-json\/wp\/v2\/media?parent=720131"}],"wp:term":[{"taxonomy":"product_brand","embeddable":true,"href":"https:\/\/roveyayinevi.com.tr\/index.php\/wp-json\/wp\/v2\/product_brand?post=720131"},{"taxonomy":"product_cat","embeddable":true,"href":"https:\/\/roveyayinevi.com.tr\/index.php\/wp-json\/wp\/v2\/product_cat?post=720131"},{"taxonomy":"product_tag","embeddable":true,"href":"https:\/\/roveyayinevi.com.tr\/index.php\/wp-json\/wp\/v2\/product_tag?post=720131"}],"curies":[{"name":"wp","href":"https:\/\/api.w.org\/{rel}","templated":true}]}}