{"id":720130,"date":"2025-08-27T18:32:14","date_gmt":"2025-08-27T15:32:14","guid":{"rendered":"https:\/\/roveyayinevi.com.tr\/index.php\/urun\/hamside-yengec-olur-mu\/"},"modified":"2026-04-16T02:28:01","modified_gmt":"2026-04-15T23:28:01","slug":"hamside-yengec-olur-mu","status":"publish","type":"product","link":"https:\/\/roveyayinevi.com.tr\/index.php\/urun\/hamside-yengec-olur-mu\/","title":{"rendered":"Hamside Yenge\u00e7 Olur Mu?"},"content":{"rendered":"<p>Binbir renkte bal\u0131klar\u2026 Hepsi birbirinden farkl\u0131lar. Kimisi h\u0131zl\u0131 h\u0131zl\u0131 y\u00fczer, Kimisi sinirlenince \u015fi\u015fer. Ancak k\u00fc\u00e7\u00fck bir sorun var&#8230; Denizat\u0131, k\u00f6pekbal\u0131\u011f\u0131 gibi y\u00fczmek ister, k\u00f6pekbal\u0131\u011f\u0131 ise  denizy\u0131ld\u0131z\u0131 gibi g\u00f6r\u00fcnmeyi diler. S\u0131ra hamsiye gelince, \u201cKe\u015fke yenge\u00e7 gibi k\u0131ska\u00e7lar\u0131m olsa,\u201d der. Ama herkes bilir ki, Karides ne kadar b\u00fcy\u00fcse de, olamaz bir balina, Daha \u00f6nce duyulmad\u0131, midyeye d\u00f6n\u00fc\u015fen bir kaplumba\u011fa. Neden dersen, bulacaks\u0131n sat\u0131rlar\u0131n aras\u0131nda, Bizi biz yapan farkl\u0131l\u0131klar\u0131m\u0131z asl\u0131nda. Ve hepimiz bu halimizle g\u00fczeliz, Eksik kal\u0131r bu d\u00fcnya, olmasa i\u00e7imizden birimiz. <\/p>\n","protected":false},"excerpt":{"rendered":"<p>Binbir renkte bal\u0131klar\u2026 Hepsi birbirinden farkl\u0131lar. Kimisi h\u0131zl\u0131 h\u0131zl\u0131 y\u00fczer, Kimisi sinirlenince \u015fi\u015fer. Ancak k\u00fc\u00e7\u00fck bir sorun var&#8230; Denizat\u0131, k\u00f6pekbal\u0131\u011f\u0131 gibi y\u00fczmek ister, k\u00f6pekbal\u0131\u011f\u0131 ise denizy\u0131ld\u0131z\u0131<span class=\"excerpt-hellip\"> [\u2026]<\/span><\/p>\n","protected":false},"featured_media":0,"template":"","meta":{"_monsterinsights_skip_tracking":false,"_monsterinsights_sitenote_active":false,"_monsterinsights_sitenote_note":"","_monsterinsights_sitenote_category":0},"product_brand":[],"product_cat":[12274,12284],"product_tag":[],"class_list":{"0":"post-720130","1":"product","2":"type-product","3":"status-publish","5":"product_cat-cocuk-ve-genclik-kitaplari","6":"product_cat-hikayeler","7":"pa_cilt-ciltsiz","8":"pa_tur-kitap","9":"pa_yayinevi-masalperest-ozel-urun","10":"pa_yazar-ozlem-dilber","12":"first","13":"instock","14":"sale","15":"shipping-taxable","16":"purchasable","17":"product-type-simple"},"_links":{"self":[{"href":"https:\/\/roveyayinevi.com.tr\/index.php\/wp-json\/wp\/v2\/product\/720130","targetHints":{"allow":["GET"]}}],"collection":[{"href":"https:\/\/roveyayinevi.com.tr\/index.php\/wp-json\/wp\/v2\/product"}],"about":[{"href":"https:\/\/roveyayinevi.com.tr\/index.php\/wp-json\/wp\/v2\/types\/product"}],"wp:attachment":[{"href":"https:\/\/roveyayinevi.com.tr\/index.php\/wp-json\/wp\/v2\/media?parent=720130"}],"wp:term":[{"taxonomy":"product_brand","embeddable":true,"href":"https:\/\/roveyayinevi.com.tr\/index.php\/wp-json\/wp\/v2\/product_brand?post=720130"},{"taxonomy":"product_cat","embeddable":true,"href":"https:\/\/roveyayinevi.com.tr\/index.php\/wp-json\/wp\/v2\/product_cat?post=720130"},{"taxonomy":"product_tag","embeddable":true,"href":"https:\/\/roveyayinevi.com.tr\/index.php\/wp-json\/wp\/v2\/product_tag?post=720130"}],"curies":[{"name":"wp","href":"https:\/\/api.w.org\/{rel}","templated":true}]}}