{"id":720118,"date":"2025-08-27T18:32:05","date_gmt":"2025-08-27T15:32:05","guid":{"rendered":"https:\/\/roveyayinevi.com.tr\/index.php\/urun\/karanligi-aydinlat\/"},"modified":"2026-04-16T02:28:00","modified_gmt":"2026-04-15T23:28:00","slug":"karanligi-aydinlat","status":"publish","type":"product","link":"https:\/\/roveyayinevi.com.tr\/index.php\/urun\/karanligi-aydinlat\/","title":{"rendered":"Karanl\u0131\u011f\u0131 Ayd\u0131nlat"},"content":{"rendered":"<p>Stephen King, Neil Gaiman, Khaled Hosseini, David Mitchell, Jonathan Franzen ve daha niceleri. D\u00fcnyan\u0131n g\u00fc\u00e7l\u00fc kalemlerinden, yarat\u0131c\u0131l\u0131k s\u00fcre\u00e7lerinin g\u00f6lgesinde ye\u015feren, ola\u011fan\u00fcst\u00fc bir ustal\u0131k dersi!K\u0131rk \u00fc\u00e7 yazar, tek bir soru: Size ne ilham verdi?\u0130\u015fte Joe Fassler\u2019\u0131n bu kitaptaki k\u0131rk \u00fc\u00e7 yazara sordu\u011fu temel soru bu. Her yazar yaz\u0131s\u0131na, sevdi\u011fi bir roman\u0131n, \u015fark\u0131n\u0131n ya da \u015fiirin kelimeleriyle ba\u015fl\u0131yor. Sevdikleri i\u015fi yapmalar\u0131n\u0131 sa\u011flayan ve yazarken hala onlara yol arkada\u015fl\u0131\u011f\u0131 eden al\u0131nt\u0131larla. Ve sonra o al\u0131nt\u0131, kimi zaman bir yazarl\u0131k dersine, kimi zaman da bir hayat dersine evriliyor. Yazarlar nas\u0131l ilham bulduklar\u0131n\u0131 anlatt\u0131k\u00e7a ilhamlar\u0131 okura ge\u00e7iyor, kitap t\u00fcm karanl\u0131klar\u0131 ayd\u0131nlatarak g\u00fczelli\u011fin ve sanat\u0131n amac\u0131n\u0131n bir anlat\u0131s\u0131na d\u00f6n\u00fc\u015f\u00fcyor!<\/p>\n","protected":false},"excerpt":{"rendered":"<p>Stephen King, Neil Gaiman, Khaled Hosseini, David Mitchell, Jonathan Franzen ve daha niceleri. D\u00fcnyan\u0131n g\u00fc\u00e7l\u00fc kalemlerinden, yarat\u0131c\u0131l\u0131k s\u00fcre\u00e7lerinin g\u00f6lgesinde ye\u015feren, ola\u011fan\u00fcst\u00fc bir ustal\u0131k dersi!K\u0131rk \u00fc\u00e7 yazar,<span class=\"excerpt-hellip\"> [\u2026]<\/span><\/p>\n","protected":false},"featured_media":0,"template":"","meta":{"_monsterinsights_skip_tracking":false,"_monsterinsights_sitenote_active":false,"_monsterinsights_sitenote_note":"","_monsterinsights_sitenote_category":0},"product_brand":[],"product_cat":[12291,12711],"product_tag":[],"class_list":{"0":"post-720118","1":"product","2":"type-product","3":"status-publish","5":"product_cat-edebiyat","6":"product_cat-roman-oyku","7":"pa_cilt-ciltsiz","8":"pa_tur-kitap","9":"pa_yayinevi-hep-kitap","10":"pa_yazar-joe-fassler","12":"first","13":"instock","14":"sale","15":"shipping-taxable","16":"purchasable","17":"product-type-simple"},"_links":{"self":[{"href":"https:\/\/roveyayinevi.com.tr\/index.php\/wp-json\/wp\/v2\/product\/720118","targetHints":{"allow":["GET"]}}],"collection":[{"href":"https:\/\/roveyayinevi.com.tr\/index.php\/wp-json\/wp\/v2\/product"}],"about":[{"href":"https:\/\/roveyayinevi.com.tr\/index.php\/wp-json\/wp\/v2\/types\/product"}],"wp:attachment":[{"href":"https:\/\/roveyayinevi.com.tr\/index.php\/wp-json\/wp\/v2\/media?parent=720118"}],"wp:term":[{"taxonomy":"product_brand","embeddable":true,"href":"https:\/\/roveyayinevi.com.tr\/index.php\/wp-json\/wp\/v2\/product_brand?post=720118"},{"taxonomy":"product_cat","embeddable":true,"href":"https:\/\/roveyayinevi.com.tr\/index.php\/wp-json\/wp\/v2\/product_cat?post=720118"},{"taxonomy":"product_tag","embeddable":true,"href":"https:\/\/roveyayinevi.com.tr\/index.php\/wp-json\/wp\/v2\/product_tag?post=720118"}],"curies":[{"name":"wp","href":"https:\/\/api.w.org\/{rel}","templated":true}]}}