{"id":720111,"date":"2025-08-27T18:32:00","date_gmt":"2025-08-27T15:32:00","guid":{"rendered":"https:\/\/roveyayinevi.com.tr\/index.php\/urun\/hayvan-muzesi\/"},"modified":"2025-12-30T10:25:34","modified_gmt":"2025-12-30T07:25:34","slug":"hayvan-muzesi","status":"publish","type":"product","link":"https:\/\/roveyayinevi.com.tr\/index.php\/urun\/hayvan-muzesi\/","title":{"rendered":"Hayvan M\u00fczesi"},"content":{"rendered":"<p>Yirmi birinci y\u00fczy\u0131l\u0131n beklenti ve heyecanla dolu arifesinde, Karayipli bir m\u00fczebilimci \u00fcnl\u00fc bir moda tasar\u0131mc\u0131s\u0131ndan bir davet al\u0131r: Ortak tutkular\u0131 olan hayvan d\u00fcnyas\u0131ndaki esrarengiz bi\u00e7imler \u00fczerine birlikte bir sergi a\u00e7acaklard\u0131r. Ancak tuhafl\u0131klarla dolu nice bulu\u015fman\u0131n ard\u0131ndan proje silinip gider, tasar\u0131mc\u0131 gen\u00e7 kad\u0131n ortadan kaybolur, ta ki yedi y\u0131l sonra m\u00fczebilimciye kad\u0131n\u0131n \u00f6l\u00fcm haberiyle birlikte kendisine b\u0131rak\u0131lm\u0131\u015f zarflar dolusu ar\u015fiv belgesi ula\u015f\u0131ncaya kadar.Belgeleri inceledik\u00e7e tasar\u0131mc\u0131n\u0131n gizemli aile tarihini de\u015fifre eden ipu\u00e7lar\u0131 \u00e7\u0131kar ortaya; Latin Amerika\u2019n\u0131n tropikal ormanlar\u0131nda g\u00fcneye do\u011fru yap\u0131lan siyasi bir hac yolculu\u011funun fonunda y\u0131k\u0131m\u0131n do\u011fal tarihi belirir. Farkl\u0131 anlat\u0131c\u0131lar\u0131n farkl\u0131 tarihlerde verdikleri bilgilerin pe\u015finde polisiye bir kurguyla a\u00e7\u0131lan roman, Subcomandante Marcos\u2019tan W. G. Sebald\u2019a, Marx\u2019tan Walter Benjamin\u2019e, Edward Hopper\u2019dan Francis Al\u00ffs\u2019in yap\u0131tlar\u0131na gizli a\u00e7\u0131k g\u00f6ndermelerle okuru g\u00f6r\u00fcnen ile gizlenen, yalan ile hakikat, hukuk ile adalet, sanat ile ger\u00e7ek \u00fczerine d\u00fc\u015f\u00fcnmeye davet ediyor.Yay\u0131mland\u0131\u011f\u0131 y\u0131l El Mundo \/ El Cultural taraf\u0131ndan 2017\u2019nin En \u0130yi Kitab\u0131 se\u00e7ilen Hayvan M\u00fczesi\u2019ni edebiyat severlerin be\u011fenisine sunuyoruz.<\/p>\n","protected":false},"excerpt":{"rendered":"<p>Yirmi birinci y\u00fczy\u0131l\u0131n beklenti ve heyecanla dolu arifesinde, Karayipli bir m\u00fczebilimci \u00fcnl\u00fc bir moda tasar\u0131mc\u0131s\u0131ndan bir davet al\u0131r: Ortak tutkular\u0131 olan hayvan d\u00fcnyas\u0131ndaki esrarengiz bi\u00e7imler \u00fczerine<span class=\"excerpt-hellip\"> [\u2026]<\/span><\/p>\n","protected":false},"featured_media":0,"template":"","meta":{"_monsterinsights_skip_tracking":false,"_monsterinsights_sitenote_active":false,"_monsterinsights_sitenote_note":"","_monsterinsights_sitenote_category":0},"product_brand":[],"product_cat":[12291,12711],"product_tag":[],"class_list":{"0":"post-720111","1":"product","2":"type-product","3":"status-publish","5":"product_cat-edebiyat","6":"product_cat-roman-oyku","7":"pa_cilt-ciltsiz","8":"pa_tur-kitap","9":"pa_yayinevi-metis-yayinlari","10":"pa_yazar-carlos-fonseca","12":"first","13":"instock","14":"sale","15":"shipping-taxable","16":"purchasable","17":"product-type-simple"},"_links":{"self":[{"href":"https:\/\/roveyayinevi.com.tr\/index.php\/wp-json\/wp\/v2\/product\/720111","targetHints":{"allow":["GET"]}}],"collection":[{"href":"https:\/\/roveyayinevi.com.tr\/index.php\/wp-json\/wp\/v2\/product"}],"about":[{"href":"https:\/\/roveyayinevi.com.tr\/index.php\/wp-json\/wp\/v2\/types\/product"}],"wp:attachment":[{"href":"https:\/\/roveyayinevi.com.tr\/index.php\/wp-json\/wp\/v2\/media?parent=720111"}],"wp:term":[{"taxonomy":"product_brand","embeddable":true,"href":"https:\/\/roveyayinevi.com.tr\/index.php\/wp-json\/wp\/v2\/product_brand?post=720111"},{"taxonomy":"product_cat","embeddable":true,"href":"https:\/\/roveyayinevi.com.tr\/index.php\/wp-json\/wp\/v2\/product_cat?post=720111"},{"taxonomy":"product_tag","embeddable":true,"href":"https:\/\/roveyayinevi.com.tr\/index.php\/wp-json\/wp\/v2\/product_tag?post=720111"}],"curies":[{"name":"wp","href":"https:\/\/api.w.org\/{rel}","templated":true}]}}