{"id":720095,"date":"2025-08-27T18:31:49","date_gmt":"2025-08-27T15:31:49","guid":{"rendered":"https:\/\/roveyayinevi.com.tr\/index.php\/urun\/okul-iklimi-ve-kulturu\/"},"modified":"2026-04-16T02:28:00","modified_gmt":"2026-04-15T23:28:00","slug":"okul-iklimi-ve-kulturu","status":"publish","type":"product","link":"https:\/\/roveyayinevi.com.tr\/index.php\/urun\/okul-iklimi-ve-kulturu\/","title":{"rendered":"Okul \u0130klimi ve K\u00fclt\u00fcr\u00fc"},"content":{"rendered":"<p>\u00d6rg\u00fct iklimi ve \u00f6rg\u00fct k\u00fclt\u00fcr\u00fc, \u00f6rg\u00fctsel yap\u0131lar i\u00e7in \u00f6nemli iki kavramd\u0131r. \u00d6rg\u00fct\u00fcn ama\u00e7lar\u0131na ula\u015fmas\u0131nda, i\u015flevlerini yerine getirmesinde ve \u00f6rg\u00fctsel etkilili\u011fin ortaya \u00e7\u0131kmas\u0131nda \u00f6nemli etkileri oldu\u011fu kabul edilmektedir. Bu etkiler dikkate al\u0131narak, \u00e7e\u015fitli disiplinlerde y\u00f6netim alan\u0131n\u0131n en \u00e7ok \u00e7al\u0131\u015f\u0131lan konular\u0131 aras\u0131nda uzun bir s\u00fcreden beri \u00f6rg\u00fct iklimi ve \u00f6rg\u00fct k\u00fclt\u00fcr\u00fc kavramalar\u0131yla ilgili konular\u0131n yer ald\u0131\u011f\u0131 g\u00f6r\u00fcl\u00fcr. \u00d6rg\u00fctsel k\u00fclt\u00fcr ve \u00f6rg\u00fct iklimi ile ilgili tart\u0131\u015fmalar ve \u00e7al\u0131\u015fmalar 1960\u2019l\u0131 y\u0131llardan itibaren \u00f6rg\u00fct ve y\u00f6netim kuramlar\u0131yla birlikte ele al\u0131nmaya ba\u015flanm\u0131\u015ft\u0131r. O g\u00fcnlerden buyana \u00f6rg\u00fct ve y\u00f6netime ili\u015fkin h\u0131zla y\u00fckselen bir\u00e7ok kavram sonralar\u0131 zamanla pop\u00fclaritesini kaybedip \u00e7al\u0131\u015fma alanlar\u0131n\u0131n d\u0131\u015f\u0131na itilirken bu kavramlar (iklim ve k\u00fclt\u00fcr kavramlar\u0131) \u00f6rg\u00fctsel s\u00fcre\u00e7lerin oda\u011f\u0131nda g\u00f6r\u00fclmeye ve y\u00f6netim bilimciler taraf\u0131ndan \u00e7al\u0131\u015f\u0131lmaya devam ediyor.Di\u011fer \u00f6rg\u00fctlerde oldu\u011fu gibi e\u011fitim \u00f6rg\u00fctleri olan okullar\u0131n ba\u015far\u0131s\u0131 da b\u00fcy\u00fck \u00f6l\u00e7\u00fcde sahip olduklar\u0131 iklim ve k\u00fclt\u00fcrle paralellik g\u00f6stermektedir. Olumlu iklime ve pozitif k\u00fclt\u00fcre sahip okullarda verilen e\u011fitimin niteli\u011fi artmakta, bu t\u00fcr okullar hedeflerine daha kolayca ula\u015fabilmektedir. Okul iklimi ve okul k\u00fclt\u00fcr\u00fc ile \u00f6\u011fretmen davran\u0131\u015f\u0131, i\u015f doyumu, \u00f6\u011fretmen morali, okul etkilili\u011fi, okula ba\u011fl\u0131l\u0131k, \u00f6\u011frenci ba\u015far\u0131s\u0131 gibi sonu\u00e7lar aras\u0131nda yak\u0131n bir ili\u015fkinin oldu\u011fu g\u00f6r\u00fclmektedir. O nedenle konuya ili\u015fkin akademik \u00e7al\u0131\u015fmalar da g\u00fcncelli\u011fini korumakta ve bu \u00e7al\u0131\u015fmalara her g\u00fcn bir yenisi eklenmektedir. Bununla birlikte, okul iklimi ve okul k\u00fclt\u00fcr\u00fcn\u00fc do\u011frudan ele alan kitaplar\u0131n say\u0131s\u0131nda bir yetersizlik oldu\u011fu g\u00f6r\u00fclmektedir. Bu kitap alandaki bu bo\u015flu\u011fu doldurmaya y\u00f6nelik bir giri\u015fim olup, alana bir nebze de olsa katk\u0131da bulunmay\u0131 ama\u00e7lamaktad\u0131r.E\u011fitimde niteli\u011fin art\u0131r\u0131lmas\u0131 ve okulun amac\u0131na ula\u015fabilmesi i\u00e7in e\u011fitim y\u00f6neticilerinin ve \u00f6\u011fretmenlerin en temel g\u00f6revlerinden birisi de okullar\u0131n iklimini olumlu hale getirmek, yarat\u0131c\u0131, geli\u015ftirici, pozitif k\u00fclt\u00fcre sahip okullar olu\u015fturmak olmal\u0131d\u0131r.Kitap, e\u011fitim \u00f6rg\u00fctleri olan okullar\u0131n iklim ve k\u00fclt\u00fcr\u00fcn\u00fc a\u00e7\u0131klamaya y\u00f6nelik temel kavramlar\u0131, kuram ve ara\u015ft\u0131rmalar\u0131 ve bu ara\u015ft\u0131rmalar\u0131n ortaya koydu\u011fu sonu\u00e7lar\u0131 bir b\u00fct\u00fcnl\u00fck i\u00e7erisinde ele almay\u0131 ama\u00e7lam\u0131\u015ft\u0131r.<\/p>\n","protected":false},"excerpt":{"rendered":"<p>\u00d6rg\u00fct iklimi ve \u00f6rg\u00fct k\u00fclt\u00fcr\u00fc, \u00f6rg\u00fctsel yap\u0131lar i\u00e7in \u00f6nemli iki kavramd\u0131r. \u00d6rg\u00fct\u00fcn ama\u00e7lar\u0131na ula\u015fmas\u0131nda, i\u015flevlerini yerine getirmesinde ve \u00f6rg\u00fctsel etkilili\u011fin ortaya \u00e7\u0131kmas\u0131nda \u00f6nemli etkileri oldu\u011fu kabul<span class=\"excerpt-hellip\"> [\u2026]<\/span><\/p>\n","protected":false},"featured_media":0,"template":"","meta":{"_monsterinsights_skip_tracking":false,"_monsterinsights_sitenote_active":false,"_monsterinsights_sitenote_note":"","_monsterinsights_sitenote_category":0},"product_brand":[],"product_cat":[13633,12324],"product_tag":[],"class_list":{"0":"post-720095","1":"product","2":"type-product","3":"status-publish","5":"product_cat-kultur-ve-bilim","6":"product_cat-sosyoloji","7":"pa_cilt-ciltsiz","8":"pa_tur-kitap","9":"pa_yayinevi-ani-yayincilik","10":"pa_yazar-ihsan-topcu","12":"first","13":"instock","14":"sale","15":"shipping-taxable","16":"purchasable","17":"product-type-simple"},"_links":{"self":[{"href":"https:\/\/roveyayinevi.com.tr\/index.php\/wp-json\/wp\/v2\/product\/720095","targetHints":{"allow":["GET"]}}],"collection":[{"href":"https:\/\/roveyayinevi.com.tr\/index.php\/wp-json\/wp\/v2\/product"}],"about":[{"href":"https:\/\/roveyayinevi.com.tr\/index.php\/wp-json\/wp\/v2\/types\/product"}],"wp:attachment":[{"href":"https:\/\/roveyayinevi.com.tr\/index.php\/wp-json\/wp\/v2\/media?parent=720095"}],"wp:term":[{"taxonomy":"product_brand","embeddable":true,"href":"https:\/\/roveyayinevi.com.tr\/index.php\/wp-json\/wp\/v2\/product_brand?post=720095"},{"taxonomy":"product_cat","embeddable":true,"href":"https:\/\/roveyayinevi.com.tr\/index.php\/wp-json\/wp\/v2\/product_cat?post=720095"},{"taxonomy":"product_tag","embeddable":true,"href":"https:\/\/roveyayinevi.com.tr\/index.php\/wp-json\/wp\/v2\/product_tag?post=720095"}],"curies":[{"name":"wp","href":"https:\/\/api.w.org\/{rel}","templated":true}]}}

Okul İklimi ve Kültürü

<p>Örgüt iklimi ve örgüt kültürü, örgütsel yapılar için önemli iki kavramdır. Örgütün amaçlarına ulaşmasında, işlevlerini yerine getirmesinde ve örgütsel etkililiğin ortaya çıkmasında önemli etkileri olduğu kabul edilmektedir. Bu etkiler dikkate alınarak, çeşitli disiplinlerde yönetim alanının en çok çalışılan konuları arasında uzun bir süreden beri örgüt iklimi ve örgüt kültürü kavramalarıyla ilgili konuların yer aldığı görülür. Örgütsel kültür ve örgüt iklimi ile ilgili tartışmalar ve çalışmalar 1960’lı yıllardan itibaren örgüt ve yönetim kuramlarıyla birlikte ele alınmaya başlanmıştır. O günlerden buyana örgüt ve yönetime ilişkin hızla yükselen birçok kavram sonraları zamanla popülaritesini kaybedip çalışma alanlarının dışına itilirken bu kavramlar (iklim ve kültür kavramları) örgütsel süreçlerin odağında görülmeye ve yönetim bilimciler tarafından çalışılmaya devam ediyor.Diğer örgütlerde olduğu gibi eğitim örgütleri olan okulların başarısı da büyük ölçüde sahip oldukları iklim ve kültürle paralellik göstermektedir. Olumlu iklime ve pozitif kültüre sahip okullarda verilen eğitimin niteliği artmakta, bu tür okullar hedeflerine daha kolayca ulaşabilmektedir. Okul iklimi ve okul kültürü ile öğretmen davranışı, iş doyumu, öğretmen morali, okul etkililiği, okula bağlılık, öğrenci başarısı gibi sonuçlar arasında yakın bir ilişkinin olduğu görülmektedir. O nedenle konuya ilişkin akademik çalışmalar da güncelliğini korumakta ve bu çalışmalara her gün bir yenisi eklenmektedir. Bununla birlikte, okul iklimi ve okul kültürünü doğrudan ele alan kitapların sayısında bir yetersizlik olduğu görülmektedir. Bu kitap alandaki bu boşluğu doldurmaya yönelik bir girişim olup, alana bir nebze de olsa katkıda bulunmayı amaçlamaktadır.Eğitimde niteliğin artırılması ve okulun amacına ulaşabilmesi için eğitim yöneticilerinin ve öğretmenlerin en temel görevlerinden birisi de okulların iklimini olumlu hale getirmek, yaratıcı, geliştirici, pozitif kültüre sahip okullar oluşturmak olmalıdır.Kitap, eğitim örgütleri olan okulların iklim ve kültürünü açıklamaya yönelik temel kavramları, kuram ve araştırmaları ve bu araştırmaların ortaya koyduğu sonuçları bir bütünlük içerisinde ele almayı amaçlamıştır.</p>

<p>Örgüt iklimi ve örgüt kültürü, örgütsel yapılar için önemli iki kavramdır. Örgütün amaçlarına ulaşmasında, işlevlerini yerine getirmesinde ve örgütsel etkililiğin ortaya çıkmasında önemli etkileri olduğu kabul<span class="excerpt-hellip"> […]</span></p>
