{"id":720093,"date":"2025-08-27T18:31:48","date_gmt":"2025-08-27T15:31:48","guid":{"rendered":"https:\/\/roveyayinevi.com.tr\/index.php\/urun\/zihinsel-yetersizligi-olan-cocuga-sahip-annelerin-surekli-kaygi-ve-uyum-duzeyleri\/"},"modified":"2026-04-07T02:36:23","modified_gmt":"2026-04-06T23:36:23","slug":"zihinsel-yetersizligi-olan-cocuga-sahip-annelerin-surekli-kaygi-ve-uyum-duzeyleri","status":"publish","type":"product","link":"https:\/\/roveyayinevi.com.tr\/index.php\/urun\/zihinsel-yetersizligi-olan-cocuga-sahip-annelerin-surekli-kaygi-ve-uyum-duzeyleri\/","title":{"rendered":"Zihinsel Yetersizli\u011fi Olan \u00c7ocu\u011fa Sahip Annelerin S\u00fcrekli Kayg\u0131 ve Uyum D\u00fczeyleri"},"content":{"rendered":"<p>Bu kitap, \u201cGestalt yakla\u015f\u0131m\u0131na dayal\u0131 bireyle psikolojik dan\u0131\u015fman\u0131n, zihinsel yetersizli\u011fi olan \u00e7ocu\u011fa sahip annelerin s\u00fcrekli kayg\u0131 ve uyum d\u00fczeylerine etkisi\u201d isimli yay\u0131nlanmam\u0131\u015f doktora tezinden \u00fcretilmi\u015ftir. \u00c7al\u0131\u015fmada ara\u015ft\u0131rman\u0131n \u00f6zg\u00fcn yap\u0131s\u0131 ve b\u00fct\u00fcnl\u00fc\u011f\u00fc korunmu\u015ftur. \u00c7al\u0131\u015fman\u0131n bas\u0131l\u0131 hale getirilmesindeki ama\u00e7, benzer g\u00fc\u00e7l\u00fckleri ya\u015fayan annelerle \u00e7al\u0131\u015fma y\u00fcr\u00fcten uzmanlara kaynak yaratmakt\u0131r.Zihinsel yetersizli\u011fi olan \u00e7ocu\u011fa sahip annelerin, ge\u00e7ici bir sorun olmayan zihinsel yetersizlik ile kar\u015f\u0131la\u015ft\u0131\u011f\u0131 andan ba\u015flayarak, ya\u015fanan g\u00fc\u00e7l\u00fcklerle gittik\u00e7e peki\u015fen olumsuz duygular\u0131 farketmedi\u011fi, ifade edemedi\u011fi veya kabul etmekte g\u00fc\u00e7l\u00fck \u00e7ekti\u011fi y\u00f6nleri ile y\u00fczle\u015fmesi ve b\u00fct\u00fcnle\u015fmesi, Gestalt yakla\u015f\u0131m\u0131nda ele al\u0131nabilecek bir s\u00fcre\u00e7tir. Gestalt yakla\u015f\u0131m\u0131 bireyin tan\u0131mad\u0131\u011f\u0131 yanlar\u0131n\u0131 farketmesi, bu yanlar\u0131 ile y\u00fczle\u015ferek bir b\u00fct\u00fcn haline gelmesi, gereksinimlerinin fark\u0131na varmas\u0131 ve bunlar\u0131 sa\u011fl\u0131kl\u0131 bi\u00e7imde doyurma yollar\u0131 olu\u015fturmas\u0131 i\u00e7in, alg\u0131sal fark\u0131ndal\u0131\u011f\u0131 geni\u015fletmeye y\u00f6nelik y\u00f6ntem ve teknikleri bulunan bir yakla\u015f\u0131md\u0131r. Bu nedenle bu \u00e7al\u0131\u015fman\u0131n birinci b\u00f6l\u00fcm\u00fcnde, Gestalt yakla\u015f\u0131m\u0131 ve bireyle psikolojik dan\u0131\u015fma konular\u0131 ele al\u0131nm\u0131\u015f, ikinci b\u00f6l\u00fcmde ise Gestalt yakla\u015f\u0131m\u0131 ve tekniklerinden yararlan\u0131larak ger\u00e7ekle\u015ftirilen bireyle psikolojik dan\u0131\u015fma uygulamas\u0131n\u0131n, zihinsel yetersizli\u011fi olan annelerin s\u00fcrekli kayg\u0131 ve uyum d\u00fczeylerine etkisi konulu ara\u015ft\u0131rma ve bulgular\u0131na yer verilmi\u015ftir.<\/p>\n","protected":false},"excerpt":{"rendered":"<p>Bu kitap, \u201cGestalt yakla\u015f\u0131m\u0131na dayal\u0131 bireyle psikolojik dan\u0131\u015fman\u0131n, zihinsel yetersizli\u011fi olan \u00e7ocu\u011fa sahip annelerin s\u00fcrekli kayg\u0131 ve uyum d\u00fczeylerine etkisi\u201d isimli yay\u0131nlanmam\u0131\u015f doktora tezinden \u00fcretilmi\u015ftir. \u00c7al\u0131\u015fmada<span class=\"excerpt-hellip\"> [\u2026]<\/span><\/p>\n","protected":false},"featured_media":0,"template":"","meta":{"_monsterinsights_skip_tracking":false,"_monsterinsights_sitenote_active":false,"_monsterinsights_sitenote_note":"","_monsterinsights_sitenote_category":0},"product_brand":[],"product_cat":[12567,12566],"product_tag":[],"class_list":{"0":"post-720093","1":"product","2":"type-product","3":"status-publish","5":"product_cat-diger-egitim","6":"product_cat-egitim","7":"pa_cilt-ciltsiz","8":"pa_tur-kitap","9":"pa_yayinevi-ani-yayincilik","10":"pa_yazar-gurcan-topcu-secim","12":"first","13":"instock","14":"sale","15":"shipping-taxable","16":"purchasable","17":"product-type-simple"},"_links":{"self":[{"href":"https:\/\/roveyayinevi.com.tr\/index.php\/wp-json\/wp\/v2\/product\/720093","targetHints":{"allow":["GET"]}}],"collection":[{"href":"https:\/\/roveyayinevi.com.tr\/index.php\/wp-json\/wp\/v2\/product"}],"about":[{"href":"https:\/\/roveyayinevi.com.tr\/index.php\/wp-json\/wp\/v2\/types\/product"}],"wp:attachment":[{"href":"https:\/\/roveyayinevi.com.tr\/index.php\/wp-json\/wp\/v2\/media?parent=720093"}],"wp:term":[{"taxonomy":"product_brand","embeddable":true,"href":"https:\/\/roveyayinevi.com.tr\/index.php\/wp-json\/wp\/v2\/product_brand?post=720093"},{"taxonomy":"product_cat","embeddable":true,"href":"https:\/\/roveyayinevi.com.tr\/index.php\/wp-json\/wp\/v2\/product_cat?post=720093"},{"taxonomy":"product_tag","embeddable":true,"href":"https:\/\/roveyayinevi.com.tr\/index.php\/wp-json\/wp\/v2\/product_tag?post=720093"}],"curies":[{"name":"wp","href":"https:\/\/api.w.org\/{rel}","templated":true}]}}