{"id":720091,"date":"2025-08-27T18:31:46","date_gmt":"2025-08-27T15:31:46","guid":{"rendered":"https:\/\/roveyayinevi.com.tr\/index.php\/urun\/cevre-egitimi\/"},"modified":"2026-04-16T02:28:00","modified_gmt":"2026-04-15T23:28:00","slug":"cevre-egitimi","status":"publish","type":"product","link":"https:\/\/roveyayinevi.com.tr\/index.php\/urun\/cevre-egitimi\/","title":{"rendered":"\u00c7evre E\u011fitimi"},"content":{"rendered":"<p>Ya\u015fad\u0131\u011f\u0131m\u0131z D\u00fcnya bizlere miras de\u011fil gelecek nesillere b\u0131rak\u0131lacak bir emanettir. Bu emanete en iyi \u015fekilde sahip \u00e7\u0131kmak ve s\u00fcrd\u00fcr\u00fclebilir hale getirmek sa\u011fl\u0131kl\u0131 ve huzurlu bir d\u00fcnyada ya\u015famak i\u00e7in olduk\u00e7a \u00f6nemlidir. Bu nedenle nesilleri \u00e7evre konusunda bilgili, bilin\u00e7li ve davran\u0131\u015f boyutunda da etkili bir \u015fekilde yeti\u015ftirmek i\u00e7in e\u011fitim sistemimize \u00f6nemli g\u00f6revler d\u00fc\u015fmektedir. E\u011fitim sistemimizde en \u00f6nemli rol\u00fc \u00fcstlenen \u00f6\u011fretmenlerimiz de \u00e7evre e\u011fitimi konusunda donan\u0131ml\u0131 olurlarsa yeti\u015ftirecekleri \u00f6\u011frenciler de bilin\u00e7li ve duyarl\u0131 olurlar.\u201c\u00c7evre E\u011fitimi\u201d kitab\u0131 i\u00e7erisinde, canl\u0131lar\u0131n ortak \u00f6zellikleri, temel ekolojik kavramlar, ekosistem ekolojisi, \u00e7evre sorunlar\u0131, enerji kaynaklar\u0131, geri d\u00f6n\u00fc\u015f\u00fcm, biyolojik \u00e7e\u015fitlilik, s\u00fcrd\u00fcr\u00fclebilirlik, \u00f6\u011fretim programlar\u0131nda \u00e7evre e\u011fitimi, \u00e7evre e\u011fitiminde kullan\u0131lan y\u00f6ntem-teknikler, \u00e7evre e\u011fitiminde okul d\u0131\u015f\u0131 \u00f6\u011frenme ortamlar\u0131 ve otantik \u00f6\u011frenme konular\u0131yla birlikte derslerde kullan\u0131labilecek \u00f6rnekler yer almaktad\u0131r.Bu kitap, okul \u00f6ncesi, s\u0131n\u0131f \u00f6\u011fretmenli\u011fi ve fen alanlar\u0131ndaki \u00f6\u011fretmen adaylar\u0131, \u00f6\u011fretmenler ve akademisyenlerin yararlanmalar\u0131 amac\u0131yla haz\u0131rlanm\u0131\u015ft\u0131r.<\/p>\n","protected":false},"excerpt":{"rendered":"<p>Ya\u015fad\u0131\u011f\u0131m\u0131z D\u00fcnya bizlere miras de\u011fil gelecek nesillere b\u0131rak\u0131lacak bir emanettir. Bu emanete en iyi \u015fekilde sahip \u00e7\u0131kmak ve s\u00fcrd\u00fcr\u00fclebilir hale getirmek sa\u011fl\u0131kl\u0131 ve huzurlu bir d\u00fcnyada<span class=\"excerpt-hellip\"> [\u2026]<\/span><\/p>\n","protected":false},"featured_media":0,"template":"","meta":{"_monsterinsights_skip_tracking":false,"_monsterinsights_sitenote_active":false,"_monsterinsights_sitenote_note":"","_monsterinsights_sitenote_category":0},"product_brand":[],"product_cat":[12567,12566],"product_tag":[],"class_list":{"0":"post-720091","1":"product","2":"type-product","3":"status-publish","5":"product_cat-diger-egitim","6":"product_cat-egitim","7":"pa_cilt-ciltsiz","8":"pa_tur-kitap","9":"pa_yayinevi-ani-yayincilik","10":"pa_yazar-h-gamze-hasturk","12":"first","13":"instock","14":"sale","15":"shipping-taxable","16":"purchasable","17":"product-type-simple"},"_links":{"self":[{"href":"https:\/\/roveyayinevi.com.tr\/index.php\/wp-json\/wp\/v2\/product\/720091","targetHints":{"allow":["GET"]}}],"collection":[{"href":"https:\/\/roveyayinevi.com.tr\/index.php\/wp-json\/wp\/v2\/product"}],"about":[{"href":"https:\/\/roveyayinevi.com.tr\/index.php\/wp-json\/wp\/v2\/types\/product"}],"wp:attachment":[{"href":"https:\/\/roveyayinevi.com.tr\/index.php\/wp-json\/wp\/v2\/media?parent=720091"}],"wp:term":[{"taxonomy":"product_brand","embeddable":true,"href":"https:\/\/roveyayinevi.com.tr\/index.php\/wp-json\/wp\/v2\/product_brand?post=720091"},{"taxonomy":"product_cat","embeddable":true,"href":"https:\/\/roveyayinevi.com.tr\/index.php\/wp-json\/wp\/v2\/product_cat?post=720091"},{"taxonomy":"product_tag","embeddable":true,"href":"https:\/\/roveyayinevi.com.tr\/index.php\/wp-json\/wp\/v2\/product_tag?post=720091"}],"curies":[{"name":"wp","href":"https:\/\/api.w.org\/{rel}","templated":true}]}}