{"id":720033,"date":"2025-08-27T18:31:04","date_gmt":"2025-08-27T15:31:04","guid":{"rendered":"https:\/\/roveyayinevi.com.tr\/index.php\/urun\/her-sey-ne-anlama-geliyor\/"},"modified":"2026-04-16T02:27:58","modified_gmt":"2026-04-15T23:27:58","slug":"her-sey-ne-anlama-geliyor","status":"publish","type":"product","link":"https:\/\/roveyayinevi.com.tr\/index.php\/urun\/her-sey-ne-anlama-geliyor\/","title":{"rendered":"Her \u015eey Ne Anlama Geliyor?"},"content":{"rendered":"<p>Belli ba\u015fl\u0131 ilgi alanlar\u0131 siyaset felsefesi, ahlak felsefesi, hukuk, bilgi felsefesi ve zihin felsefesi olan Thomas Nagel\u2019in (d. 1937) elinizdeki bu kitab\u0131 \u00f6zg\u00fcn olarak ilk defa Oxford \u00dcniversitesi Yay\u0131nlar\u0131 taraf\u0131ndan yay\u0131mlanm\u0131\u015f ve yirmi dile \u00e7evrilmi\u015ftir.   Her \u015feyden \u00f6nce, kitap Sokrates\u2019in \u201csorgulanmam\u0131\u015f bir ya\u015fam\u201d dedi\u011fi \u015feye kar\u015f\u0131 dikkate de\u011fer bir meydan okuma i\u00e7eriyor ve felsefi sorgulaman\u0131n temel sorular\u0131 \u00fczerinde duruyor: Ger\u00e7ekten h\u00fcr iradeye sahip miyiz? Ni\u00e7in ahlakl\u0131 olmal\u0131y\u0131z? Nas\u0131l adil olabiliriz? Zihnimiz ile beynimiz aras\u0131ndaki ili\u015fki nedir? \u00d6l\u00fcm nedir? Ya\u015famlar\u0131m\u0131z\u0131n bir \u00f6nemi var m\u0131d\u0131r?   Sorgulayan zihinlere bir rehber olmas\u0131 bak\u0131m\u0131ndan ideal bir kitap olan Her \u015eey Ne Anlama Geliyor? okuyucuyu kendisi ve d\u00fcnya hakk\u0131nda d\u00fc\u015f\u00fcnmeye te\u015fvik ediyor. \u00dcstelik, kitab\u0131n felsefi konularda \u201cderinlik\u201d ve \u201ca\u00e7\u0131kl\u0131k\u201d gibi \u00e7o\u011fu zaman birbiriyle uzla\u015fmaz g\u00f6r\u00fcnen iki \u00f6zelli\u011fi bir arada i\u00e7ermesi de okuyucuya kendi ba\u015f\u0131na d\u00fc\u015f\u00fcnme konusunda yard\u0131mc\u0131 oluyor. <\/p>\n","protected":false},"excerpt":{"rendered":"<p>Belli ba\u015fl\u0131 ilgi alanlar\u0131 siyaset felsefesi, ahlak felsefesi, hukuk, bilgi felsefesi ve zihin felsefesi olan Thomas Nagel\u2019in (d. 1937) elinizdeki bu kitab\u0131 \u00f6zg\u00fcn olarak ilk defa<span class=\"excerpt-hellip\"> [\u2026]<\/span><\/p>\n","protected":false},"featured_media":0,"template":"","meta":{"_monsterinsights_skip_tracking":false,"_monsterinsights_sitenote_active":false,"_monsterinsights_sitenote_note":"","_monsterinsights_sitenote_category":0},"product_brand":[],"product_cat":[12389,12388],"product_tag":[],"class_list":{"0":"post-720033","1":"product","2":"type-product","3":"status-publish","5":"product_cat-diger-felsefe","6":"product_cat-felsefe","7":"pa_cilt-ciltsiz","8":"pa_tur-kitap","9":"pa_yayinevi-say-yayinlari","10":"pa_yazar-thomas-nagel","12":"first","13":"instock","14":"sale","15":"shipping-taxable","16":"purchasable","17":"product-type-simple"},"_links":{"self":[{"href":"https:\/\/roveyayinevi.com.tr\/index.php\/wp-json\/wp\/v2\/product\/720033","targetHints":{"allow":["GET"]}}],"collection":[{"href":"https:\/\/roveyayinevi.com.tr\/index.php\/wp-json\/wp\/v2\/product"}],"about":[{"href":"https:\/\/roveyayinevi.com.tr\/index.php\/wp-json\/wp\/v2\/types\/product"}],"wp:attachment":[{"href":"https:\/\/roveyayinevi.com.tr\/index.php\/wp-json\/wp\/v2\/media?parent=720033"}],"wp:term":[{"taxonomy":"product_brand","embeddable":true,"href":"https:\/\/roveyayinevi.com.tr\/index.php\/wp-json\/wp\/v2\/product_brand?post=720033"},{"taxonomy":"product_cat","embeddable":true,"href":"https:\/\/roveyayinevi.com.tr\/index.php\/wp-json\/wp\/v2\/product_cat?post=720033"},{"taxonomy":"product_tag","embeddable":true,"href":"https:\/\/roveyayinevi.com.tr\/index.php\/wp-json\/wp\/v2\/product_tag?post=720033"}],"curies":[{"name":"wp","href":"https:\/\/api.w.org\/{rel}","templated":true}]}}