{"id":720027,"date":"2025-08-27T18:30:24","date_gmt":"2025-08-27T15:30:24","guid":{"rendered":"https:\/\/roveyayinevi.com.tr\/index.php\/urun\/yasayan-oluler\/"},"modified":"2026-04-16T02:27:58","modified_gmt":"2026-04-15T23:27:58","slug":"yasayan-oluler","status":"publish","type":"product","link":"https:\/\/roveyayinevi.com.tr\/index.php\/urun\/yasayan-oluler\/","title":{"rendered":"Ya\u015fayan \u00d6l\u00fcler"},"content":{"rendered":"<p>\u201c\u2026Zombi, halen siyasal itibar\u0131n\u0131 kuram d\u00fczeyinde tam anlam\u0131yla kazanabilmi\u015f de\u011fil. \u0130rin ve iltihap dolu, yaral\u0131 bereli bedeni, \u00f6fkeden \u00e7arp\u0131lm\u0131\u015f y\u00fcz\u00fc ve dinmek bilmez nefretiyle siyasal potansiyelinin b\u00fct\u00fcn boyutlar\u0131yla ke\u015ffedilmesini bekliyor h\u00e2l\u00e2. \u0130\u015fin do\u011frusu, b\u00f6yle bir canavarl\u0131k alg\u0131s\u0131 kar\u015f\u0131s\u0131nda bu beklentiyi kar\u015f\u0131lamak zor ama zombiler hakk\u0131nda giderek b\u00fcy\u00fcyen literat\u00fcr bunun hem siyaset teorisi ve felsefesi hem de sinema \u00e7al\u0131\u015fmalar\u0131 a\u00e7\u0131s\u0131ndan ka\u00e7\u0131n\u0131lmaz bir g\u00f6rev oldu\u011funu g\u00f6steriyor. G\u00f6r\u00fcnen o ki zombiler, teoriye daha fazla bula\u015fmak i\u00e7in ellerinden geleni artlar\u0131na koymayacaklar. Kim bilir, belki de bu, siyaset teorisi i\u00e7in de, t\u0131pk\u0131 insan d\u00fcnyas\u0131 i\u00e7in oldu\u011fu gibi, bir k\u0131yamete de\u011fil de yeni bir ba\u015flang\u0131ca gebedir.\u201d\u0130\u00e7inde soluk al\u0131p verdi\u011fimiz, ne var ki anlam saptaman\u0131n giderek zorla\u015ft\u0131\u011f\u0131, k\u00fcresel ama \u201cd\u00fcnyas\u0131z\u201d bir toplumsal evrende, ya\u015fam ve \u00f6l\u00fcm aras\u0131ndaki gerilime odaklanan fig\u00fcrler \u00e7o\u011fal\u0131yor. \u0130\u015fte Onur Kartal, Ya\u015fayan \u00d6l\u00fcler: Sinema, Biyopolitika ve Felsefe\u2019de, \u201cbeyazperdenin en deh\u015fet verici anti-kahramanlar\u0131 s\u0131ralamas\u0131nda zirveye oynayan bir fig\u00fcr\u201d\u00fcn, son zamanlarda pop\u00fclerli\u011fi iyiden iyiye artan zombi fig\u00fcr\u00fcn\u00fcn muhtelif tezah\u00fcrlerini mercek alt\u0131na al\u0131yor.K\u00f6keni Haiti\u2019de yatan zombinin sinema alan\u0131nda Victor Halperin\u2019in White Zombie\u2019siyle ba\u015flay\u0131p George A. Romero\u2019nun filmlerine, The Walking Dead ve Game of Thrones gibi dizilere kadar uzanan tarihsel seyri, felsefe, antropoloji ve tarihi i\u00e7ine alan disiplinleraras\u0131 bir \u00e7er\u00e7evede ele al\u0131n\u0131yor burada. Zombi fig\u00fcr\u00fcn\u00fcn \u00f6zellikle son y\u00fczy\u0131lda ne gibi saikler etraf\u0131nda seyir ve tart\u0131\u015fma konusu edildi\u011fi, farkl\u0131 kuramsal bak\u0131\u015flar\u0131 diyalo\u011fa sokan dinamik bir yakla\u015f\u0131mla ortaya konuyor.<\/p>\n","protected":false},"excerpt":{"rendered":"<p>\u201c\u2026Zombi, halen siyasal itibar\u0131n\u0131 kuram d\u00fczeyinde tam anlam\u0131yla kazanabilmi\u015f de\u011fil. \u0130rin ve iltihap dolu, yaral\u0131 bereli bedeni, \u00f6fkeden \u00e7arp\u0131lm\u0131\u015f y\u00fcz\u00fc ve dinmek bilmez nefretiyle siyasal potansiyelinin<span class=\"excerpt-hellip\"> [\u2026]<\/span><\/p>\n","protected":false},"featured_media":0,"template":"","meta":{"_monsterinsights_skip_tracking":false,"_monsterinsights_sitenote_active":false,"_monsterinsights_sitenote_note":"","_monsterinsights_sitenote_category":0},"product_brand":[],"product_cat":[15499,13488],"product_tag":[],"class_list":{"0":"post-720027","1":"product","2":"type-product","3":"status-publish","5":"product_cat-antropoloji","6":"product_cat-toplum-ve-insan","7":"pa_cilt-ciltsiz","8":"pa_tur-kitap","9":"pa_yayinevi-ithaki-yayinlari","10":"pa_yazar-onur-kartal","12":"first","13":"instock","14":"sale","15":"shipping-taxable","16":"purchasable","17":"product-type-simple"},"_links":{"self":[{"href":"https:\/\/roveyayinevi.com.tr\/index.php\/wp-json\/wp\/v2\/product\/720027","targetHints":{"allow":["GET"]}}],"collection":[{"href":"https:\/\/roveyayinevi.com.tr\/index.php\/wp-json\/wp\/v2\/product"}],"about":[{"href":"https:\/\/roveyayinevi.com.tr\/index.php\/wp-json\/wp\/v2\/types\/product"}],"wp:attachment":[{"href":"https:\/\/roveyayinevi.com.tr\/index.php\/wp-json\/wp\/v2\/media?parent=720027"}],"wp:term":[{"taxonomy":"product_brand","embeddable":true,"href":"https:\/\/roveyayinevi.com.tr\/index.php\/wp-json\/wp\/v2\/product_brand?post=720027"},{"taxonomy":"product_cat","embeddable":true,"href":"https:\/\/roveyayinevi.com.tr\/index.php\/wp-json\/wp\/v2\/product_cat?post=720027"},{"taxonomy":"product_tag","embeddable":true,"href":"https:\/\/roveyayinevi.com.tr\/index.php\/wp-json\/wp\/v2\/product_tag?post=720027"}],"curies":[{"name":"wp","href":"https:\/\/api.w.org\/{rel}","templated":true}]}}