{"id":720018,"date":"2025-08-27T18:30:18","date_gmt":"2025-08-27T15:30:18","guid":{"rendered":"https:\/\/roveyayinevi.com.tr\/index.php\/urun\/salondaki-en-kotu-koltuk\/"},"modified":"2026-04-16T02:27:58","modified_gmt":"2026-04-15T23:27:58","slug":"salondaki-en-kotu-koltuk","status":"publish","type":"product","link":"https:\/\/roveyayinevi.com.tr\/index.php\/urun\/salondaki-en-kotu-koltuk\/","title":{"rendered":"Salondaki En K\u00f6t\u00fc Koltuk"},"content":{"rendered":"<p>Basketbol topunun T\u00fcrkiye s\u0131n\u0131rlar\u0131ndaki yolculu\u011funda, \u00fc\u00e7 ku\u015fa\u011f\u0131n m\u00fc\u015fterek haf\u0131zas\u0131na can veren bir ses Murat Murathano\u011flu\u2019nun sesi&#8230; Basketbolumuzun doksanl\u0131 y\u0131llardaki ilk zafer geceleri, Petar Naumoski\u2019yle ba\u015flayan Efes h\u00fccumlar\u0131 ya da 2010 yaz\u0131n\u0131n sonunda Kerem Tun\u00e7eri\u2019nin elinden \u00e7\u0131kan tarih\u00ee turnike, ak\u0131llara hep ayn\u0131 sesle m\u0131hland\u0131lar. Salondaki En K\u00f6t\u00fc Koltuk o sesin pe\u015finde, Chicago\u2019daki bir g\u00f6\u00e7men mahallesinden yola koyuluyor. Sayfalar ilerledik\u00e7e, bazen m\u00fcstesna bir ko\u00e7un yan\u0131 ba\u015f\u0131nda, bazen bir NBA y\u0131ld\u0131z\u0131n\u0131n ilk ad\u0131mlar\u0131nda tan\u0131d\u0131k salonlardan ge\u00e7iyor. Basketbolun perde arkas\u0131n\u0131 Salondaki En K\u00f6t\u00fc Koltuk\u2019tan izlemeye davetlisiniz. \u201cMurat\u2019\u0131n \u00e7evresindeki insanlara yayd\u0131\u011f\u0131 basketbol titre\u015fimlerini g\u00f6rmek, tan\u0131\u015fmam\u0131zdan yirmi y\u0131l sonra bile beni b\u00fcy\u00fclemeye devam ediyor.\u201d Maurizio Gherardini \u201cBasketbolumuzun son otuz y\u0131l\u0131na damga vuran en \u00f6zel spiker ve yorumculardan birinin ya\u015fad\u0131klar\u0131n\u0131 merak ve bazen de hayretle okuyacaks\u0131n\u0131z.\u201d Harun Erdenay   \u201cBu ola\u011fan\u00fcst\u00fc sporun T\u00fcrkiye\u2019deki ilk b\u00fcy\u00fck ad\u0131mlar\u0131na onunla birlikte ilham vermi\u015f oldu\u011fum i\u00e7in gururluyum.\u201d Petar Naumoski   \u201cHer zaman bir profesyonellik timsali olarak g\u00f6rd\u00fc\u011f\u00fcm Murat\u2019\u0131n hayat hik\u00e2yesini mutlaka okumal\u0131s\u0131n\u0131z.\u201d Kostas Sloukas   \u201cKendini spora adam\u0131\u015f, \u015fartlar ne olursa olsun \u00f6zverisini kaybetmeden basketbol i\u00e7in \u00e7al\u0131\u015fmaya devam etmi\u015f Murat Abi\u2019nin \u00f6zel hik\u00e2yesi.\u201d Furkan Korkmaz <\/p>\n","protected":false},"excerpt":{"rendered":"<p>Basketbol topunun T\u00fcrkiye s\u0131n\u0131rlar\u0131ndaki yolculu\u011funda, \u00fc\u00e7 ku\u015fa\u011f\u0131n m\u00fc\u015fterek haf\u0131zas\u0131na can veren bir ses Murat Murathano\u011flu\u2019nun sesi&#8230; Basketbolumuzun doksanl\u0131 y\u0131llardaki ilk zafer geceleri, Petar Naumoski\u2019yle ba\u015flayan Efes<span class=\"excerpt-hellip\"> [\u2026]<\/span><\/p>\n","protected":false},"featured_media":0,"template":"","meta":{"_monsterinsights_skip_tracking":false,"_monsterinsights_sitenote_active":false,"_monsterinsights_sitenote_note":"","_monsterinsights_sitenote_category":0},"product_brand":[],"product_cat":[14009,12291],"product_tag":[],"class_list":{"0":"post-720018","1":"product","2":"type-product","3":"status-publish","5":"product_cat-biyografi-otobiyografi-edebiyat","6":"product_cat-edebiyat","7":"pa_cilt-ciltsiz","8":"pa_tur-kitap","9":"pa_yayinevi-mundi","10":"pa_yazar-murat-murathanoglu","12":"first","13":"instock","14":"sale","15":"shipping-taxable","16":"purchasable","17":"product-type-simple"},"_links":{"self":[{"href":"https:\/\/roveyayinevi.com.tr\/index.php\/wp-json\/wp\/v2\/product\/720018","targetHints":{"allow":["GET"]}}],"collection":[{"href":"https:\/\/roveyayinevi.com.tr\/index.php\/wp-json\/wp\/v2\/product"}],"about":[{"href":"https:\/\/roveyayinevi.com.tr\/index.php\/wp-json\/wp\/v2\/types\/product"}],"wp:attachment":[{"href":"https:\/\/roveyayinevi.com.tr\/index.php\/wp-json\/wp\/v2\/media?parent=720018"}],"wp:term":[{"taxonomy":"product_brand","embeddable":true,"href":"https:\/\/roveyayinevi.com.tr\/index.php\/wp-json\/wp\/v2\/product_brand?post=720018"},{"taxonomy":"product_cat","embeddable":true,"href":"https:\/\/roveyayinevi.com.tr\/index.php\/wp-json\/wp\/v2\/product_cat?post=720018"},{"taxonomy":"product_tag","embeddable":true,"href":"https:\/\/roveyayinevi.com.tr\/index.php\/wp-json\/wp\/v2\/product_tag?post=720018"}],"curies":[{"name":"wp","href":"https:\/\/api.w.org\/{rel}","templated":true}]}}