{"id":720012,"date":"2025-08-27T18:30:13","date_gmt":"2025-08-27T15:30:13","guid":{"rendered":"https:\/\/roveyayinevi.com.tr\/index.php\/urun\/gerceklestir-hayalini\/"},"modified":"2026-04-05T02:33:33","modified_gmt":"2026-04-04T23:33:33","slug":"gerceklestir-hayalini","status":"publish","type":"product","link":"https:\/\/roveyayinevi.com.tr\/index.php\/urun\/gerceklestir-hayalini\/","title":{"rendered":"Ger\u00e7ekle\u015ftir Hayalini"},"content":{"rendered":"<p>Bu kitap kendini yan\u0131na al\u0131p hayallere yap\u0131lan yolculu\u011fun ve yolculuklar\u0131n hik\u00e2yesidir. Okul y\u0131llar\u0131nda defalarca deneyerek, kimi zaman duvarlara toslayarak, sonunda ilgin\u00e7 bir \u015fekilde yetene\u011fini ve hayalini bulan yazar; kendi hayalini ger\u00e7ekle\u015ftirme s\u00fcrecinde ya\u015fad\u0131\u011f\u0131 t\u00f6kezlemeleri ve \u00e7\u0131kard\u0131\u011f\u0131 dersleri, tan\u0131k oldu\u011fu ba\u015fka \u00f6rneklerle harmanlayarak yedi ba\u015fl\u0131k alt\u0131nda anlat\u0131yor.  Hayallerini ger\u00e7ekle\u015ftirmek isteyip harekete ge\u00e7emeyenler i\u00e7in bir ba\u015flang\u0131\u00e7 rehberi\u2026    <\/p>\n","protected":false},"excerpt":{"rendered":"<p>Bu kitap kendini yan\u0131na al\u0131p hayallere yap\u0131lan yolculu\u011fun ve yolculuklar\u0131n hik\u00e2yesidir. Okul y\u0131llar\u0131nda defalarca deneyerek, kimi zaman duvarlara toslayarak, sonunda ilgin\u00e7 bir \u015fekilde yetene\u011fini ve hayalini<span class=\"excerpt-hellip\"> [\u2026]<\/span><\/p>\n","protected":false},"featured_media":0,"template":"","meta":{"_monsterinsights_skip_tracking":false,"_monsterinsights_sitenote_active":false,"_monsterinsights_sitenote_note":"","_monsterinsights_sitenote_category":0},"product_brand":[],"product_cat":[12364,12376],"product_tag":[],"class_list":{"0":"post-720012","1":"product","2":"type-product","3":"status-publish","5":"product_cat-genel-konular","6":"product_cat-kisisel-gelisim","7":"pa_cilt-ciltsiz","8":"pa_tur-kitap","9":"pa_yayinevi-luna-yayinlari","10":"pa_yazar-asuman-korugan","12":"first","13":"instock","14":"sale","15":"shipping-taxable","16":"purchasable","17":"product-type-simple"},"_links":{"self":[{"href":"https:\/\/roveyayinevi.com.tr\/index.php\/wp-json\/wp\/v2\/product\/720012","targetHints":{"allow":["GET"]}}],"collection":[{"href":"https:\/\/roveyayinevi.com.tr\/index.php\/wp-json\/wp\/v2\/product"}],"about":[{"href":"https:\/\/roveyayinevi.com.tr\/index.php\/wp-json\/wp\/v2\/types\/product"}],"wp:attachment":[{"href":"https:\/\/roveyayinevi.com.tr\/index.php\/wp-json\/wp\/v2\/media?parent=720012"}],"wp:term":[{"taxonomy":"product_brand","embeddable":true,"href":"https:\/\/roveyayinevi.com.tr\/index.php\/wp-json\/wp\/v2\/product_brand?post=720012"},{"taxonomy":"product_cat","embeddable":true,"href":"https:\/\/roveyayinevi.com.tr\/index.php\/wp-json\/wp\/v2\/product_cat?post=720012"},{"taxonomy":"product_tag","embeddable":true,"href":"https:\/\/roveyayinevi.com.tr\/index.php\/wp-json\/wp\/v2\/product_tag?post=720012"}],"curies":[{"name":"wp","href":"https:\/\/api.w.org\/{rel}","templated":true}]}}