{"id":719992,"date":"2025-08-27T18:29:59","date_gmt":"2025-08-27T15:29:59","guid":{"rendered":"https:\/\/roveyayinevi.com.tr\/index.php\/urun\/munzevi-secme-oykuler-4\/"},"modified":"2026-04-16T02:27:58","modified_gmt":"2026-04-15T23:27:58","slug":"munzevi-secme-oykuler-4","status":"publish","type":"product","link":"https:\/\/roveyayinevi.com.tr\/index.php\/urun\/munzevi-secme-oykuler-4\/","title":{"rendered":"M\u00fcnzevi &#8211; Se\u00e7me \u00d6yk\u00fcler 4"},"content":{"rendered":"<p>Maksim Gorki b\u00fcy\u00fck bir yazardan \u00f6te bir yaz\u0131 i\u015f\u00e7isidir. Kelimelerden \u00e7ok eylemlere inanan, sesini, s\u00f6z\u00fcn\u00fc, \u00f6mr\u00fcn\u00fc, t\u00fcrk\u00fcs\u00fcn\u00fc ger\u00e7e\u011fe adayan bir sosyalisttir. T\u00fcm yaz\u0131n t\u00fcrlerinde verimi vard\u0131r \u00e7\u00fcnk\u00fc as\u0131l ere\u011fi ger\u00e7e\u011fi anlatmakt\u0131r.M\u00fcnzevi \u00f6zel bir se\u00e7ki. Maksim Gorki\u2019nin deneme, hik\u00e2ye, masal t\u00fcrlerinde yazd\u0131\u011f\u0131 \u00f6nemli \u00f6rneklerin bir araya getirildi\u011fi k\u0131ymetli bir eser. \u201c\u0130talya Hik\u00e2yeleri\u201d, \u201cAmerika\u201d gibi \u00e7ok bilinen, kendi t\u00fcrlerinde okunmas\u0131 elzem kabul edilen eserlerin yan\u0131 s\u0131ra, Gorki\u2019nin ya\u015fam\u0131n\u0131n son y\u0131llar\u0131nda yazd\u0131\u011f\u0131 ve T\u00fcrk\u00e7eye ilk kez \u00e7evrilen kimi \u00f6yk\u00fclerini de i\u00e7eriyor.Rusya\u2019n\u0131n, ancak ya\u015fayanlar\u0131n bildi\u011fi kuytular\u0131nda ge\u00e7en anlat\u0131lar \u201cBir \u0130nsan\u0131n Do\u011fumu\u201d, \u201cBo\u011fazda\u201d, \u201cMaviyle A\u00e7\u0131k Gri\u201d, \u201cKitap\u201d, \u201cM\u00fcnzevi\u201d Gorki\u2019nin hik\u00e2ye anlat\u0131c\u0131l\u0131\u011f\u0131ndaki ustal\u0131\u011f\u0131n\u0131n olgun \u00f6rneklerindendir. \u0130talya ve Amerika\u2019y\u0131 yazarken ise b\u00fcy\u00fck Rus yaz\u0131n gelene\u011finin Rus insan\u0131n\u0131 anlatmaktan ibaret olmad\u0131\u011f\u0131n\u0131 kan\u0131tlar gibidir Gorki. Ger\u00e7ek ile hayalin birbirine kar\u0131\u015ft\u0131\u011f\u0131, zaman\u0131 ve mek\u00e2n\u0131 kaybolmu\u015f anlat\u0131larda resmeder \u0130talyanlar\u0131; bir sosyalistin parlak \u0131\u015f\u0131klardan kama\u015fmam\u0131\u015f keskin g\u00f6zleriyle New York\u2019a bakar; \u0131\u015f\u0131\u011f\u0131n ard\u0131ndaki canavar\u0131 g\u00f6stermek i\u00e7in yazar.Gorki d\u00fcnyan\u0131n neresinde olursa olsun insan\u0131 yazar, insana dair yazar. O, t\u00fcm insanlar\u0131 kendi v\u00fccudu, kendini ise t\u00fcm insanlar\u0131n y\u00fcre\u011fi olarak g\u00f6rm\u00fc\u015ft\u00fcr \u00e7\u00fcnk\u00fc.\u0130nsan onurlu bir kelimedir.Maksim Gorki<\/p>\n","protected":false},"excerpt":{"rendered":"<p>Maksim Gorki b\u00fcy\u00fck bir yazardan \u00f6te bir yaz\u0131 i\u015f\u00e7isidir. Kelimelerden \u00e7ok eylemlere inanan, sesini, s\u00f6z\u00fcn\u00fc, \u00f6mr\u00fcn\u00fc, t\u00fcrk\u00fcs\u00fcn\u00fc ger\u00e7e\u011fe adayan bir sosyalisttir. T\u00fcm yaz\u0131n t\u00fcrlerinde verimi vard\u0131r<span class=\"excerpt-hellip\"> [\u2026]<\/span><\/p>\n","protected":false},"featured_media":0,"template":"","meta":{"_monsterinsights_skip_tracking":false,"_monsterinsights_sitenote_active":false,"_monsterinsights_sitenote_note":"","_monsterinsights_sitenote_category":0},"product_brand":[],"product_cat":[12291,13570],"product_tag":[],"class_list":{"0":"post-719992","1":"product","2":"type-product","3":"status-publish","5":"product_cat-edebiyat","6":"product_cat-rus-edebiyati","7":"pa_cilt-ciltsiz","8":"pa_tur-kitap","9":"pa_yayinevi-yordam-kitap","10":"pa_yazar-maksim-gorki","12":"first","13":"instock","14":"sale","15":"shipping-taxable","16":"purchasable","17":"product-type-simple"},"_links":{"self":[{"href":"https:\/\/roveyayinevi.com.tr\/index.php\/wp-json\/wp\/v2\/product\/719992","targetHints":{"allow":["GET"]}}],"collection":[{"href":"https:\/\/roveyayinevi.com.tr\/index.php\/wp-json\/wp\/v2\/product"}],"about":[{"href":"https:\/\/roveyayinevi.com.tr\/index.php\/wp-json\/wp\/v2\/types\/product"}],"wp:attachment":[{"href":"https:\/\/roveyayinevi.com.tr\/index.php\/wp-json\/wp\/v2\/media?parent=719992"}],"wp:term":[{"taxonomy":"product_brand","embeddable":true,"href":"https:\/\/roveyayinevi.com.tr\/index.php\/wp-json\/wp\/v2\/product_brand?post=719992"},{"taxonomy":"product_cat","embeddable":true,"href":"https:\/\/roveyayinevi.com.tr\/index.php\/wp-json\/wp\/v2\/product_cat?post=719992"},{"taxonomy":"product_tag","embeddable":true,"href":"https:\/\/roveyayinevi.com.tr\/index.php\/wp-json\/wp\/v2\/product_tag?post=719992"}],"curies":[{"name":"wp","href":"https:\/\/api.w.org\/{rel}","templated":true}]}}