{"id":719991,"date":"2025-08-27T18:29:58","date_gmt":"2025-08-27T15:29:58","guid":{"rendered":"https:\/\/roveyayinevi.com.tr\/index.php\/urun\/gorki-secme-oykuler-4-cilt-takim\/"},"modified":"2026-04-16T02:27:58","modified_gmt":"2026-04-15T23:27:58","slug":"gorki-secme-oykuler-4-cilt-takim","status":"publish","type":"product","link":"https:\/\/roveyayinevi.com.tr\/index.php\/urun\/gorki-secme-oykuler-4-cilt-takim\/","title":{"rendered":"Gorki Se\u00e7me \u00d6yk\u00fcler (4 Cilt Tak\u0131m)"},"content":{"rendered":"<p>D\u00fcnya ve Rus edebiyat\u0131n\u0131n b\u00fcy\u00fck kalemlerinden Maksim Gorki&#8217;nin kronolojik bir s\u0131ralamay\u0131 g\u00f6zeterek yay\u0131mlad\u0131\u011f\u0131m\u0131z d\u00f6rt ciltlik &#8220;Se\u00e7me \u00d6yk\u00fcler&#8221;ini, okurlar\u0131m\u0131za set halinde de sunuyoruz.B\u00fcy\u00fck \u00e7o\u011funlu\u011fu Ay\u015fe Hac\u0131hasano\u011flu taraf\u0131ndan dilimize kazand\u0131r\u0131lan, bir k\u0131sm\u0131 \u00e7evirinin duayen ismi Hasan \u00c2li Ediz&#8217;in imzas\u0131n\u0131 ta\u015f\u0131yan, bir b\u00f6l\u00fcm\u00fc T\u00fcrk\u00e7eye ilk defa kazand\u0131r\u0131lan bu e\u015fsiz \u00f6yk\u00fclerin 4 kitapl\u0131k maceras\u0131, Makar \u00c7udra&#8217;n\u0131n ba\u015f\u0131nda yer alan ve kitaba ad\u0131n\u0131 veren 1892 tarihli \u00f6yk\u00fc ile ba\u015fl\u0131yor ve \u00fc\u00e7\u00fcnc\u00fc kitap olan Buzlar\u0131n \u00c7\u00f6z\u00fcl\u00fc\u015f\u00fc&#8217;nde, 1935 tarihli &#8220;Kartal&#8221; \u00f6yk\u00fcs\u00fcne kadar uzan\u0131yor. Se\u00e7kimizin d\u00f6rd\u00fcnc\u00fc ve son kitab\u0131 olan M\u00fcnzevi, Gorki&#8217;nin \u0130talya ve Amerika gezilerinden hareketle yazd\u0131\u011f\u0131, \u0130talya ve \u0130talyanlar\u0131n masals\u0131 bir dille anlat\u0131l\u0131p Amerika\u2019da hen\u00fcz b\u00fcy\u00fcmekte olan kapitalizmin sert bir dille ele\u015ftirildi\u011fi notlar\u0131n\u0131 da i\u00e7eriyor.Maksim Gorki&#8217;nin \u00f6yk\u00fcc\u00fc kimli\u011fini derinlemesine tan\u0131mak, kitapl\u0131\u011f\u0131na benzersiz bir hazine kazand\u0131rmak isteyen okurlar i\u00e7in\u2026<\/p>\n","protected":false},"excerpt":{"rendered":"<p>D\u00fcnya ve Rus edebiyat\u0131n\u0131n b\u00fcy\u00fck kalemlerinden Maksim Gorki&#8217;nin kronolojik bir s\u0131ralamay\u0131 g\u00f6zeterek yay\u0131mlad\u0131\u011f\u0131m\u0131z d\u00f6rt ciltlik &#8220;Se\u00e7me \u00d6yk\u00fcler&#8221;ini, okurlar\u0131m\u0131za set halinde de sunuyoruz.B\u00fcy\u00fck \u00e7o\u011funlu\u011fu Ay\u015fe Hac\u0131hasano\u011flu taraf\u0131ndan<span class=\"excerpt-hellip\"> [\u2026]<\/span><\/p>\n","protected":false},"featured_media":0,"template":"","meta":{"_monsterinsights_skip_tracking":false,"_monsterinsights_sitenote_active":false,"_monsterinsights_sitenote_note":"","_monsterinsights_sitenote_category":0},"product_brand":[],"product_cat":[12291,13570],"product_tag":[],"class_list":{"0":"post-719991","1":"product","2":"type-product","3":"status-publish","5":"product_cat-edebiyat","6":"product_cat-rus-edebiyati","7":"pa_cilt-ciltsiz","8":"pa_tur-kitap","9":"pa_yayinevi-yordam-kitap","10":"pa_yazar-maksim-gorki","12":"first","13":"instock","14":"sale","15":"shipping-taxable","16":"purchasable","17":"product-type-simple"},"_links":{"self":[{"href":"https:\/\/roveyayinevi.com.tr\/index.php\/wp-json\/wp\/v2\/product\/719991","targetHints":{"allow":["GET"]}}],"collection":[{"href":"https:\/\/roveyayinevi.com.tr\/index.php\/wp-json\/wp\/v2\/product"}],"about":[{"href":"https:\/\/roveyayinevi.com.tr\/index.php\/wp-json\/wp\/v2\/types\/product"}],"wp:attachment":[{"href":"https:\/\/roveyayinevi.com.tr\/index.php\/wp-json\/wp\/v2\/media?parent=719991"}],"wp:term":[{"taxonomy":"product_brand","embeddable":true,"href":"https:\/\/roveyayinevi.com.tr\/index.php\/wp-json\/wp\/v2\/product_brand?post=719991"},{"taxonomy":"product_cat","embeddable":true,"href":"https:\/\/roveyayinevi.com.tr\/index.php\/wp-json\/wp\/v2\/product_cat?post=719991"},{"taxonomy":"product_tag","embeddable":true,"href":"https:\/\/roveyayinevi.com.tr\/index.php\/wp-json\/wp\/v2\/product_tag?post=719991"}],"curies":[{"name":"wp","href":"https:\/\/api.w.org\/{rel}","templated":true}]}}