{"id":719981,"date":"2025-08-27T18:29:50","date_gmt":"2025-08-27T15:29:50","guid":{"rendered":"https:\/\/roveyayinevi.com.tr\/index.php\/urun\/gecmisin-aynasinda\/"},"modified":"2026-03-02T02:42:44","modified_gmt":"2026-03-01T23:42:44","slug":"gecmisin-aynasinda","status":"publish","type":"product","link":"https:\/\/roveyayinevi.com.tr\/index.php\/urun\/gecmisin-aynasinda\/","title":{"rendered":"Ge\u00e7mi\u015fin Aynas\u0131nda"},"content":{"rendered":"<p>\u0130van \u0130llich\u2019in en ilgi \u00e7ekici \u00f6zelliklerinden birisi, \u00f6nemsiz g\u00f6r\u00fcnen kavramlar\u0131, tarihin derin dehlizlerinde \u00f6zenle ve farkl\u0131 dil, din ile k\u00fclt\u00fcrler \u00fczerinden takip ederek izini s\u00fcrmesidir. \u00d6nemsiz g\u00f6r\u00fcnen ancak \u00f6nemsiz olmayan kavramlar\u0131 kendi bak\u0131\u015f a\u00e7\u0131s\u0131yla farkl\u0131 bir \u015fekilde ortaya koyar. \u00d6rne\u011fin su, anadil, sa\u011fl\u0131k, haf\u0131za, \u00f6\u011frenmenin tarihi, mesken, bisiklet, e\u015fya, sokak, israf ve bu liste uzar gider. Okur, \u0130llich\u2019in k\u0131lavuzlu\u011funda bu yolculu\u011fa \u00e7\u0131kt\u0131\u011f\u0131nda, ba\u011flant\u0131lar\u0131n, k\u00fclt\u00fcrler aras\u0131 ge\u00e7i\u015flerin ve ili\u015fkilerin \u00e7e\u015fitlili\u011fi ve renklili\u011fine hayran olur. Kendi ana dilini, kendi belle\u011finden bulup \u00e7\u0131karamayan, pek \u00e7ok dili bir arada \u00f6\u011frenerek b\u00fcy\u00fcyen \u0130llich, tamamen h\u00e2kim oldu\u011fu yar\u0131m dil hazinesi sayesinde, art\u0131k pek \u00e7ok kimsenin okuyup anlayamad\u0131\u011f\u0131 metinlere hakimdir. \u00c7al\u0131\u015fkanl\u0131\u011f\u0131 ve bunu sosyal hayata harmanlama becerisi ile metinleri sokaktan hi\u00e7 kopmam\u0131\u015f, bu nedenle her yazd\u0131\u011f\u0131 \u00e7ok okunmu\u015f ve tart\u0131\u015fma yaratm\u0131\u015ft\u0131r. \u0130llich bu kitab\u0131nda ge\u00e7mi\u015fin ya da tarihin aynas\u0131nda 12. y\u00fczy\u0131la kadar uzan\u0131r. Hayal g\u00fcc\u00fc, alg\u0131, kavramlar ve imgelem ile ilgilenir. Bu okumalar\u0131n\u0131, \u00e7a\u011fda\u015f okuyucuya rapor verecekmi\u015f gibi g\u00fcncelle\u015ftirir ve sosyal hayat\u0131m\u0131z\u0131 saran hatta bo\u011fan meselelere ayna tutar. Bu ola\u011fan\u00fcst\u00fc yetene\u011fi sayesinde, metin asla s\u0131k\u0131c\u0131 olmaz ve okura yabanc\u0131la\u015fmaz. Onun yazd\u0131klar\u0131 kendi aram\u0131zdaki konu\u015fmalar\u0131m\u0131z gibi, g\u00fcnl\u00fck \u00e7eki\u015fme ve tart\u0131\u015fmalar\u0131m\u0131z tad\u0131nda ilerler. Bunu bilin\u00e7li olarak yapar; ancak ve ancak ge\u00e7mi\u015fin aynas\u0131ndan bakarsak, g\u00fcn\u00fcm\u00fcz\u00fcn dikkatinin s\u0131n\u0131rlar\u0131n\u0131n genellikle d\u0131\u015f\u0131nda olu\u015fmu\u015f varsay\u0131mlar\u0131n fark\u0131na var\u0131p y\u00fczy\u0131l\u0131m\u0131z\u0131n zihinsel \u00e7abalar\u0131n\u0131n fark\u0131n\u0131 g\u00f6zlemleyebilece\u011fimizi dile getirir. Kitab\u0131n birinci b\u00f6l\u00fcm\u00fcnde, bizim de g\u00f6zde g\u00fcndemimiz olan m\u00fc\u015ftereklerden ne anlad\u0131\u011f\u0131n\u0131 ve bunun geleneksel toplum ve k\u0131tl\u0131k alg\u0131s\u0131yla ilintisini yazarak ba\u015flayan \u0130llich, \u015eenlikli Toplum kitab\u0131ndan ba\u015flayarak kendi yazd\u0131klar\u0131na \u00f6zele\u015ftiri getirerek devam ediyor. \u0130van\u0130llich serimizin bu yeni kitab\u0131 ile okurlar\u0131 selamlamaktan \u00e7ok b\u00fcy\u00fck mutluluk duydu\u011fumuzu \u00f6zellikle belirtmek isteriz.  <\/p>\n","protected":false},"excerpt":{"rendered":"<p>\u0130van \u0130llich\u2019in en ilgi \u00e7ekici \u00f6zelliklerinden birisi, \u00f6nemsiz g\u00f6r\u00fcnen kavramlar\u0131, tarihin derin dehlizlerinde \u00f6zenle ve farkl\u0131 dil, din ile k\u00fclt\u00fcrler \u00fczerinden takip ederek izini s\u00fcrmesidir. \u00d6nemsiz<span class=\"excerpt-hellip\"> [\u2026]<\/span><\/p>\n","protected":false},"featured_media":0,"template":"","meta":{"_monsterinsights_skip_tracking":false,"_monsterinsights_sitenote_active":false,"_monsterinsights_sitenote_note":"","_monsterinsights_sitenote_category":0},"product_brand":[],"product_cat":[12370,12304],"product_tag":[],"class_list":{"0":"post-719981","1":"product","2":"type-product","3":"status-publish","5":"product_cat-arastirma-inceleme","6":"product_cat-tarih","7":"pa_cilt-ciltsiz","8":"pa_tur-kitap","9":"pa_yayinevi-yeni-insan-yayinlari","10":"pa_yazar-ivan-illich","12":"first","13":"instock","14":"sale","15":"shipping-taxable","16":"purchasable","17":"product-type-simple"},"_links":{"self":[{"href":"https:\/\/roveyayinevi.com.tr\/index.php\/wp-json\/wp\/v2\/product\/719981","targetHints":{"allow":["GET"]}}],"collection":[{"href":"https:\/\/roveyayinevi.com.tr\/index.php\/wp-json\/wp\/v2\/product"}],"about":[{"href":"https:\/\/roveyayinevi.com.tr\/index.php\/wp-json\/wp\/v2\/types\/product"}],"wp:attachment":[{"href":"https:\/\/roveyayinevi.com.tr\/index.php\/wp-json\/wp\/v2\/media?parent=719981"}],"wp:term":[{"taxonomy":"product_brand","embeddable":true,"href":"https:\/\/roveyayinevi.com.tr\/index.php\/wp-json\/wp\/v2\/product_brand?post=719981"},{"taxonomy":"product_cat","embeddable":true,"href":"https:\/\/roveyayinevi.com.tr\/index.php\/wp-json\/wp\/v2\/product_cat?post=719981"},{"taxonomy":"product_tag","embeddable":true,"href":"https:\/\/roveyayinevi.com.tr\/index.php\/wp-json\/wp\/v2\/product_tag?post=719981"}],"curies":[{"name":"wp","href":"https:\/\/api.w.org\/{rel}","templated":true}]}}