{"id":719980,"date":"2025-08-27T18:29:49","date_gmt":"2025-08-27T15:29:49","guid":{"rendered":"https:\/\/roveyayinevi.com.tr\/index.php\/urun\/siyah-beyaz\/"},"modified":"2026-04-16T02:27:57","modified_gmt":"2026-04-15T23:27:57","slug":"siyah-beyaz","status":"publish","type":"product","link":"https:\/\/roveyayinevi.com.tr\/index.php\/urun\/siyah-beyaz\/","title":{"rendered":"Siyah Beyaz"},"content":{"rendered":"<p>\u201cA\u015fk delirmekti, delili\u011fin kitab\u0131n\u0131 yazd\u0131lar,Siyah beyaz bir a\u015fk masal\u0131 oldu.\u201d \u0130nat\u00e7\u0131, deli dolu, g\u00fczeller g\u00fczeli bir k\u0131z, G\u00f6z\u00fc kara, ac\u0131mas\u0131z, bir o kadar romantik bir adam. Siyah ve beyaz\u0131n muhte\u015fem uyumu. \u0130ki deli \u00e2\u015f\u0131k, \u0130ki \u00e7\u0131lg\u0131n, Doludizgin, h\u0131r\u00e7\u0131n, tehlikeli, bir o kadar e\u011flenceli bir a\u015fk. A\u015fk delirmekti, delili\u011fin kitab\u0131n\u0131 yazd\u0131lar. Siyah beyaz bir a\u015fk masal\u0131 oldu&#8230; Karanl\u0131k bir d\u00fcnyan\u0131n ac\u0131mas\u0131zl\u0131\u011f\u0131nda kaybolmu\u015f bir adam, kimsesiz, yaral\u0131 bir kalbi iyile\u015ftirebilir miydi? Sevgisizli\u011fin ruhunda a\u00e7t\u0131\u011f\u0131 yaralar\u0131 g\u00fclen g\u00f6zlerinin ard\u0131na gizleyen gen\u00e7 bir k\u0131z, ans\u0131z\u0131n hayat\u0131na giren bir adama ne kadar g\u00fcvenebilirdi?\u00d6yle bir mucizeydi ki A\u015fk; t\u00fcm sorular gereksiz, t\u00fcm cevaplar anlams\u0131zd\u0131. Zeynep\u2019in g\u00fczel g\u00f6zlerinde A\u015fk\u2019\u0131 bulan Emir\u2019le, Emir\u2019in ko\u015fulsuz sevgisinde kendini bulan Zeynep\u2019in dolu dizgin ser\u00fcveninde her \u015fey m\u00fcmk\u00fcnd\u00fc&#8230; <\/p>\n","protected":false},"excerpt":{"rendered":"<p>\u201cA\u015fk delirmekti, delili\u011fin kitab\u0131n\u0131 yazd\u0131lar,Siyah beyaz bir a\u015fk masal\u0131 oldu.\u201d \u0130nat\u00e7\u0131, deli dolu, g\u00fczeller g\u00fczeli bir k\u0131z, G\u00f6z\u00fc kara, ac\u0131mas\u0131z, bir o kadar romantik bir adam.<span class=\"excerpt-hellip\"> [\u2026]<\/span><\/p>\n","protected":false},"featured_media":0,"template":"","meta":{"_monsterinsights_skip_tracking":false,"_monsterinsights_sitenote_active":false,"_monsterinsights_sitenote_note":"","_monsterinsights_sitenote_category":0},"product_brand":[],"product_cat":[12291,12711],"product_tag":[],"class_list":{"0":"post-719980","1":"product","2":"type-product","3":"status-publish","5":"product_cat-edebiyat","6":"product_cat-roman-oyku","7":"pa_cilt-ciltsiz","8":"pa_tur-kitap","9":"pa_yayinevi-epsilon-yayinlari","10":"pa_yazar-cennet-bozkurt","12":"first","13":"instock","14":"sale","15":"shipping-taxable","16":"purchasable","17":"product-type-simple"},"_links":{"self":[{"href":"https:\/\/roveyayinevi.com.tr\/index.php\/wp-json\/wp\/v2\/product\/719980","targetHints":{"allow":["GET"]}}],"collection":[{"href":"https:\/\/roveyayinevi.com.tr\/index.php\/wp-json\/wp\/v2\/product"}],"about":[{"href":"https:\/\/roveyayinevi.com.tr\/index.php\/wp-json\/wp\/v2\/types\/product"}],"wp:attachment":[{"href":"https:\/\/roveyayinevi.com.tr\/index.php\/wp-json\/wp\/v2\/media?parent=719980"}],"wp:term":[{"taxonomy":"product_brand","embeddable":true,"href":"https:\/\/roveyayinevi.com.tr\/index.php\/wp-json\/wp\/v2\/product_brand?post=719980"},{"taxonomy":"product_cat","embeddable":true,"href":"https:\/\/roveyayinevi.com.tr\/index.php\/wp-json\/wp\/v2\/product_cat?post=719980"},{"taxonomy":"product_tag","embeddable":true,"href":"https:\/\/roveyayinevi.com.tr\/index.php\/wp-json\/wp\/v2\/product_tag?post=719980"}],"curies":[{"name":"wp","href":"https:\/\/api.w.org\/{rel}","templated":true}]}}