{"id":719969,"date":"2025-08-27T18:29:43","date_gmt":"2025-08-27T15:29:43","guid":{"rendered":"https:\/\/roveyayinevi.com.tr\/index.php\/urun\/dikkat-zeka-2-sinif-seti-8-yas-7-kitap-takim\/"},"modified":"2026-04-08T02:35:09","modified_gmt":"2026-04-07T23:35:09","slug":"dikkat-zeka-2-sinif-seti-8-yas-7-kitap-takim","status":"publish","type":"product","link":"https:\/\/roveyayinevi.com.tr\/index.php\/urun\/dikkat-zeka-2-sinif-seti-8-yas-7-kitap-takim\/","title":{"rendered":"Dikkat Zeka 2. S\u0131n\u0131f Seti &#8211; 8 Ya\u015f (7 Kitap Tak\u0131m)"},"content":{"rendered":"<p>Disiplinleraras\u0131 ba\u011flant\u0131 sistemini etkin bir \u015fekilde \u00e7al\u0131\u015ft\u0131ran Dikkat Zeka setiyle okulda ve g\u00fcnl\u00fck hayatta daha ba\u015far\u0131l\u0131 ve \u00fcretken \u00e7ocuklar\u0131n yeti\u015ftirilmesine yard\u0131mc\u0131 olmak hedefleniyor. Dikkat Zeka seti scamper, alt\u0131 \u015fapkal\u0131 e\u011fitim metodu  gibi uluslararas\u0131 kabul g\u00f6rm\u00fc\u015f tekniklerden faydalanarak, ak\u0131lc\u0131l\u0131k, esneklik, \u00f6zg\u00fcnl\u00fck ve zenginle\u015ftirme gibi \u00fcretkenli\u011fin d\u00f6rt temel boyutunu esas alarak \u00f6\u011frencilerin e\u011flenerek, zevkli aktiviteler e\u015fli\u011finde kazan\u0131mlar sa\u011flamas\u0131na yard\u0131mc\u0131 olacak etkinliklerle donat\u0131ld\u0131.Bu kazan\u0131mlardan baz\u0131lar\u0131 a\u015fa\u011f\u0131daki gibidir:Dikkat geli\u015ftirme, Odaklanma, G\u00f6rsel Alg\u0131, \u0130\u015fitsel alg\u0131, duydu\u011funu anlama ve anlamland\u0131rma, Dikkatini s\u00fcrd\u00fcrme, D\u00fc\u015f\u00fcnme becerilerini geli\u015ftirme, Ele\u015ftirel d\u00fc\u015f\u00fcnce becerisi, \u00dcretkenlik, Bilgileri birlikte kullanabilme, Planlama, Organize olma, K\u0131sa s\u00fcreli ve uzun s\u00fcreli haf\u0131za, \u00dc\u00e7 boyutlu alg\u0131, Hayal g\u00fcc\u00fcn\u00fc geli\u015ftirme, Y\u00f6nerge izleme, Temel kodlama becerisi, Mant\u0131k y\u00fcr\u00fctme, Analiz etme, Sonuca varma, Yarg\u0131lama ve karar verme, Farkl\u0131 y\u00f6nlerden problem \u00e7\u00f6zme, \u0130li\u015fki kurma, Benzerlikler, farkl\u0131l\u0131klar, abs\u00fcrtl\u00fckler, Iraksak d\u00fc\u015f\u00fcnme, Tek ba\u015f\u0131na d\u00fc\u015f\u00fcnebilme ve hareket edebilme.<\/p>\n","protected":false},"excerpt":{"rendered":"<p>Disiplinleraras\u0131 ba\u011flant\u0131 sistemini etkin bir \u015fekilde \u00e7al\u0131\u015ft\u0131ran Dikkat Zeka setiyle okulda ve g\u00fcnl\u00fck hayatta daha ba\u015far\u0131l\u0131 ve \u00fcretken \u00e7ocuklar\u0131n yeti\u015ftirilmesine yard\u0131mc\u0131 olmak hedefleniyor. Dikkat Zeka seti<span class=\"excerpt-hellip\"> [\u2026]<\/span><\/p>\n","protected":false},"featured_media":0,"template":"","meta":{"_monsterinsights_skip_tracking":false,"_monsterinsights_sitenote_active":false,"_monsterinsights_sitenote_note":"","_monsterinsights_sitenote_category":0},"product_brand":[],"product_cat":[12274,24599],"product_tag":[],"class_list":{"0":"post-719969","1":"product","2":"type-product","3":"status-publish","5":"product_cat-cocuk-ve-genclik-kitaplari","6":"product_cat-zeka-gelisimi","7":"pa_cilt-ciltsiz","8":"pa_tur-kitap","9":"pa_yayinevi-dikkat-ve-zeka-akademisi-yayinlari","10":"pa_yazar-mehmet-turkdogan-savas-ozdemir","12":"first","13":"instock","14":"sale","15":"shipping-taxable","16":"purchasable","17":"product-type-simple"},"_links":{"self":[{"href":"https:\/\/roveyayinevi.com.tr\/index.php\/wp-json\/wp\/v2\/product\/719969","targetHints":{"allow":["GET"]}}],"collection":[{"href":"https:\/\/roveyayinevi.com.tr\/index.php\/wp-json\/wp\/v2\/product"}],"about":[{"href":"https:\/\/roveyayinevi.com.tr\/index.php\/wp-json\/wp\/v2\/types\/product"}],"wp:attachment":[{"href":"https:\/\/roveyayinevi.com.tr\/index.php\/wp-json\/wp\/v2\/media?parent=719969"}],"wp:term":[{"taxonomy":"product_brand","embeddable":true,"href":"https:\/\/roveyayinevi.com.tr\/index.php\/wp-json\/wp\/v2\/product_brand?post=719969"},{"taxonomy":"product_cat","embeddable":true,"href":"https:\/\/roveyayinevi.com.tr\/index.php\/wp-json\/wp\/v2\/product_cat?post=719969"},{"taxonomy":"product_tag","embeddable":true,"href":"https:\/\/roveyayinevi.com.tr\/index.php\/wp-json\/wp\/v2\/product_tag?post=719969"}],"curies":[{"name":"wp","href":"https:\/\/api.w.org\/{rel}","templated":true}]}}